{"id":125,"date":"2016-02-23T12:11:21","date_gmt":"2016-02-23T18:11:21","guid":{"rendered":"http:\/\/memoriasdehacienda.colmex.mx\/mhwp\/?page_id=125"},"modified":"2023-03-16T12:50:26","modified_gmt":"2023-03-16T18:50:26","slug":"1820-2","status":"publish","type":"page","link":"https:\/\/memoriasdehacienda.institutomora.edu.mx\/?page_id=125","title":{"rendered":"{:es}1820{:}{:en}1820{:}"},"content":{"rendered":"<p>{:es}<\/p>\n<table style=\"text-align: left; border-color: #ffffff;\" border=\"0\" width=\"800\" cellspacing=\"6\" cellpadding=\"0\">\n<tbody>\n<tr style=\"height: 24px;\">\n<td style=\"height: 24px; border-color: #ffffff; width: 591px; text-align: justify;\" valign=\"top\" width=\"591\"><span style=\"font-size: 12pt; color: #000000;\"><span style=\"font-size: 13pt;\">1.-<\/span> <a href=\"https:\/\/memoriasdehacienda.institutomora.edu.mx\/?page_id=549\"><span style=\"color: #0000ff;\">Memoria que el Ministro de Hacienda presenta al Soberano Congreso sobre el estado del erario, 1822<\/span>.<\/a><\/span><\/td>\n<\/tr>\n<tr style=\"height: 24px; text-align: justify;\">\n<td style=\"height: 24px; border-color: #ffffff; width: 591px;\" valign=\"top\" width=\"591\"><span style=\"font-size: 12pt; color: #000000;\"><span style=\"font-size: 13pt;\">2.- <a href=\"https:\/\/memoriasdehacienda.institutomora.edu.mx\/?page_id=551\"><span style=\"color: #0000ff;\">Exposici\u00f3n al Soberano Congreso mexicano sobre el estado de la Hacienda P\u00fablica y conducta del ciudadano Antonio de Medina en el tiempo que fue a su cargo el ministerio, 1823<\/span>.<\/a><\/span><\/span><\/td>\n<\/tr>\n<tr style=\"height: 48px; text-align: justify;\">\n<td style=\"height: 24px; border-color: #ffffff; width: 591px;\" valign=\"top\" width=\"591\"><span style=\"font-size: 12pt; color: #000000;\"><span style=\"font-size: 13pt;\">3.- <a href=\"https:\/\/memoriasdehacienda.institutomora.edu.mx\/?page_id=553\"><span style=\"color: #0000ff;\">Memoria provisional, presentada al Soberano Congreso por el Ministerio de Hacienda en 2 de junio de 1823.<\/span><\/a><\/span><\/span><\/td>\n<\/tr>\n<tr style=\"height: 72px; text-align: justify;\">\n<td style=\"height: 24px; border-color: #ffffff; width: 591px;\" valign=\"top\" width=\"591\"><span style=\"font-size: 12pt; color: #000000;\"><span style=\"font-size: 13pt;\">4.- <\/span><a href=\"https:\/\/memoriasdehacienda.institutomora.edu.mx\/?page_id=555\"><span style=\"color: #0000ff;\">Memoria que el Secretario del Estado y del Despacho de Hacienda present\u00f3 al Soberano Congreso Constituyente sobre los ramos del Ministerio a su cargo, le\u00edda en la sesi\u00f3n del 12 de noviembre de 1823<\/span>.<\/a><\/span><\/td>\n<\/tr>\n<tr style=\"height: 72px; text-align: justify;\">\n<td style=\"height: 24px; border-color: #ffffff; width: 591px;\" valign=\"top\" width=\"591\"><span style=\"font-size: 12pt; color: #000000;\"><span style=\"font-size: 13pt;\">5.-<\/span><a href=\"https:\/\/memoriasdehacienda.institutomora.edu.mx\/?page_id=557\"><span style=\"color: #0000ff;\">Memoria sobre el estado de la Hacienda P\u00fablica, le\u00edda en la C\u00e1mara de Diputados y en la de Senadores por el Ministro del Ramo. En cumplimiento del Art\u00edculo 120 de la Constituci\u00f3n federal de los Estados Unidos Mexicanos a 4 de enero de 1825.<\/span><\/a><\/span><\/td>\n<\/tr>\n<tr style=\"height: 48px; text-align: justify;\">\n<td style=\"height: 24px; border-color: #ffffff; width: 591px;\" valign=\"top\" width=\"591\"><span style=\"font-size: 12pt; color: #000000;\"><span style=\"font-size: 13pt;\">6.- <\/span><a href=\"https:\/\/memoriasdehacienda.institutomora.edu.mx\/?page_id=559\"><span style=\"color: #0000ff;\">Memoria del ramo de Hacienda Federal de los Estados Unidos Mexicanos, le\u00edda en la c\u00e1mara de Diputados el 13 de enero, y en la Senadores el 16 del mismo, por el Ministro respectivo. A\u00f1o de 1826.<\/span><\/a><\/span><\/td>\n<\/tr>\n<tr style=\"height: 48px; text-align: justify;\">\n<td style=\"height: 24px; border-color: #ffffff; width: 591px;\" valign=\"top\" width=\"591\"><span style=\"font-size: 12pt; color: #000000;\"><span style=\"font-size: 13pt;\">7.- <\/span><a href=\"https:\/\/memoriasdehacienda.institutomora.edu.mx\/?page_id=561\"><span style=\"color: #0000ff;\">Memoria del ramo de la Hacienda Federal de los Estados Unidos Mexicanos, le\u00edda en la C\u00e1mara de diputados por el Ministro respectivo el d\u00eda 3 y en la de senadores el 4 de enero de 1827.<\/span><\/a><\/span><\/td>\n<\/tr>\n<tr style=\"height: 48px; text-align: justify;\">\n<td style=\"height: 24px; border-color: #ffffff; width: 591px;\" valign=\"top\" width=\"591\"><span style=\"font-size: 12pt; color: #000000;\"><span style=\"font-size: 13pt;\">8.- <\/span><a href=\"https:\/\/memoriasdehacienda.institutomora.edu.mx\/?page_id=474\"><span style=\"color: #0000ff;\">Memoria del ramo de la Hacienda Federal de los Estados Unidos Mexicanos, le\u00edda por el encargado del Ministerio respectivo en la C\u00e1mara de Senadores el d\u00eda 1\u00b0 y en la de Diputados el 7 de febrero de 1828.<\/span><\/a><\/span><\/td>\n<\/tr>\n<tr style=\"height: 48px; text-align: justify;\">\n<td style=\"height: 24px; border-color: #ffffff; width: 591px;\" valign=\"top\" width=\"591\"><span style=\"font-size: 12pt; color: #000000;\"><span style=\"font-size: 13pt;\">9.- <\/span><a href=\"https:\/\/memoriasdehacienda.institutomora.edu.mx\/?page_id=563\"><span style=\"color: #0000ff;\">Memoria del ramo de la Hacienda Federal de los Estados Unidos Mexicanos, le\u00edda en la C\u00e1mara de Diputados, por el Ministro respectivo, el d\u00eda 3, y en la de Senadores el 7 de enero de 1829.<\/span><\/a><\/span><\/td>\n<\/tr>\n<tr style=\"height: 48px;text-align: justify;\">\n<td style=\"height: 24px; border-color: #ffffff; width: 591px;\" width=\"591\"><span style=\"font-size: 12pt; color: #000000;\"><span style=\"font-size: 13pt;\">10.- <\/span><a href=\"https:\/\/memoriasdehacienda.institutomora.edu.mx\/?page_id=565\"><span style=\"color: #0000ff;\">Memoria de la Secretar\u00eda del despacho de Hacienda. Le\u00edda por el Ministro del ramo en la C\u00e1mara de Senadores el d\u00eda 5 de abril de 1830, y en la de Diputados el d\u00eda 7 del mismo<\/span><\/a><\/span><\/td>\n<\/tr>\n<\/tbody>\n<\/table>\n<p>{:}{:en}Hi{:}<\/p>\n","protected":false},"excerpt":{"rendered":"<p>{:es} 1.- Memoria que el Ministro de Hacienda presenta al Soberano Congreso sobre el estado del erario, 1822. 2.- Exposici\u00f3n al Soberano Congreso mexicano sobre el estado de la Hacienda P\u00fablica y conducta del ciudadano Antonio de Medina en el tiempo que fue a su cargo el ministerio, 1823. 3.- Memoria provisional, presentada al Soberano<\/p>\n<p><a href=\"https:\/\/memoriasdehacienda.institutomora.edu.mx\/?page_id=125\" class=\"more-link themebutton\">Read More<\/a><\/p>\n","protected":false},"author":2,"featured_media":0,"parent":0,"menu_order":0,"comment_status":"closed","ping_status":"closed","template":"","meta":[],"_links":{"self":[{"href":"https:\/\/memoriasdehacienda.institutomora.edu.mx\/index.php?rest_route=\/wp\/v2\/pages\/125"}],"collection":[{"href":"https:\/\/memoriasdehacienda.institutomora.edu.mx\/index.php?rest_route=\/wp\/v2\/pages"}],"about":[{"href":"https:\/\/memoriasdehacienda.institutomora.edu.mx\/index.php?rest_route=\/wp\/v2\/types\/page"}],"author":[{"embeddable":true,"href":"https:\/\/memoriasdehacienda.institutomora.edu.mx\/index.php?rest_route=\/wp\/v2\/users\/2"}],"replies":[{"embeddable":true,"href":"https:\/\/memoriasdehacienda.institutomora.edu.mx\/index.php?rest_route=%2Fwp%2Fv2%2Fcomments&post=125"}],"version-history":[{"count":100,"href":"https:\/\/memoriasdehacienda.institutomora.edu.mx\/index.php?rest_route=\/wp\/v2\/pages\/125\/revisions"}],"predecessor-version":[{"id":8623,"href":"https:\/\/memoriasdehacienda.institutomora.edu.mx\/index.php?rest_route=\/wp\/v2\/pages\/125\/revisions\/8623"}],"wp:attachment":[{"href":"https:\/\/memoriasdehacienda.institutomora.edu.mx\/index.php?rest_route=%2Fwp%2Fv2%2Fmedia&parent=125"}],"curies":[{"name":"wp","href":"https:\/\/api.w.org\/{rel}","templated":true}]}}

<p>{:es}</p>
<table style="text-align: left; border-color: #ffffff;" border="0" width="800" cellspacing="6" cellpadding="0">
<tbody>
<tr style="height: 24px;">
<td style="height: 24px; border-color: #ffffff; width: 591px; text-align: justify;" valign="top" width="591"><span style="font-size: 12pt; color: #000000;"><span style="font-size: 13pt;">1.-</span> <a href="https://memoriasdehacienda.institutomora.edu.mx/?page_id=549"><span style="color: #0000ff;">Memoria que el Ministro de Hacienda presenta al Soberano Congreso sobre el estado del erario, 1822</span>.</a></span></td>
</tr>
<tr style="height: 24px; text-align: justify;">
<td style="height: 24px; border-color: #ffffff; width: 591px;" valign="top" width="591"><span style="font-size: 12pt; color: #000000;"><span style="font-size: 13pt;">2.- <a href="https://memoriasdehacienda.institutomora.edu.mx/?page_id=551"><span style="color: #0000ff;">Exposición al Soberano Congreso mexicano sobre el estado de la Hacienda Pública y conducta del ciudadano Antonio de Medina en el tiempo que fue a su cargo el ministerio, 1823</span>.</a></span></span></td>
</tr>
<tr style="height: 48px; text-align: justify;">
<td style="height: 24px; border-color: #ffffff; width: 591px;" valign="top" width="591"><span style="font-size: 12pt; color: #000000;"><span style="font-size: 13pt;">3.- <a href="https://memoriasdehacienda.institutomora.edu.mx/?page_id=553"><span style="color: #0000ff;">Memoria provisional, presentada al Soberano Congreso por el Ministerio de Hacienda en 2 de junio de 1823.</span></a></span></span></td>
</tr>
<tr style="height: 72px; text-align: justify;">
<td style="height: 24px; border-color: #ffffff; width: 591px;" valign="top" width="591"><span style="font-size: 12pt; color: #000000;"><span style="font-size: 13pt;">4.- </span><a href="https://memoriasdehacienda.institutomora.edu.mx/?page_id=555"><span style="color: #0000ff;">Memoria que el Secretario del Estado y del Despacho de Hacienda presentó al Soberano Congreso Constituyente sobre los ramos del Ministerio a su cargo, leída en la sesión del 12 de noviembre de 1823</span>.</a></span></td>
</tr>
<tr style="height: 72px; text-align: justify;">
<td style="height: 24px; border-color: #ffffff; width: 591px;" valign="top" width="591"><span style="font-size: 12pt; color: #000000;"><span style="font-size: 13pt;">5.-</span><a href="https://memoriasdehacienda.institutomora.edu.mx/?page_id=557"><span style="color: #0000ff;">Memoria sobre el estado de la Hacienda Pública, leída en la Cámara de Diputados y en la de Senadores por el Ministro del Ramo. En cumplimiento del Artículo 120 de la Constitución federal de los Estados Unidos Mexicanos a 4 de enero de 1825.</span></a></span></td>
</tr>
<tr style="height: 48px; text-align: justify;">
<td style="height: 24px; border-color: #ffffff; width: 591px;" valign="top" width="591"><span style="font-size: 12pt; color: #000000;"><span style="font-size: 13pt;">6.- </span><a href="https://memoriasdehacienda.institutomora.edu.mx/?page_id=559"><span style="color: #0000ff;">Memoria del ramo de Hacienda Federal de los Estados Unidos Mexicanos, leída en la cámara de Diputados el 13 de enero, y en la Senadores el 16 del mismo, por el Ministro respectivo. Año de 1826.</span></a></span></td>
</tr>
<tr style="height: 48px; text-align: justify;">
<td style="height: 24px; border-color: #ffffff; width: 591px;" valign="top" width="591"><span style="font-size: 12pt; color: #000000;"><span style="font-size: 13pt;">7.- </span><a href="https://memoriasdehacienda.institutomora.edu.mx/?page_id=561"><span style="color: #0000ff;">Memoria del ramo de la Hacienda Federal de los Estados Unidos Mexicanos, leída en la Cámara de diputados por el Ministro respectivo el día 3 y en la de senadores el 4 de enero de 1827.</span></a></span></td>
</tr>
<tr style="height: 48px; text-align: justify;">
<td style="height: 24px; border-color: #ffffff; width: 591px;" valign="top" width="591"><span style="font-size: 12pt; color: #000000;"><span style="font-size: 13pt;">8.- </span><a href="https://memoriasdehacienda.institutomora.edu.mx/?page_id=474"><span style="color: #0000ff;">Memoria del ramo de la Hacienda Federal de los Estados Unidos Mexicanos, leída por el encargado del Ministerio respectivo en la Cámara de Senadores el día 1° y en la de Diputados el 7 de febrero de 1828.</span></a></span></td>
</tr>
<tr style="height: 48px; text-align: justify;">
<td style="height: 24px; border-color: #ffffff; width: 591px;" valign="top" width="591"><span style="font-size: 12pt; color: #000000;"><span style="font-size: 13pt;">9.- </span><a href="https://memoriasdehacienda.institutomora.edu.mx/?page_id=563"><span style="color: #0000ff;">Memoria del ramo de la Hacienda Federal de los Estados Unidos Mexicanos, leída en la Cámara de Diputados, por el Ministro respectivo, el día 3, y en la de Senadores el 7 de enero de 1829.</span></a></span></td>
</tr>
<tr style="height: 48px;text-align: justify;">
<td style="height: 24px; border-color: #ffffff; width: 591px;" width="591"><span style="font-size: 12pt; color: #000000;"><span style="font-size: 13pt;">10.- </span><a href="https://memoriasdehacienda.institutomora.edu.mx/?page_id=565"><span style="color: #0000ff;">Memoria de la Secretaría del despacho de Hacienda. Leída por el Ministro del ramo en la Cámara de Senadores el día 5 de abril de 1830, y en la de Diputados el día 7 del mismo</span></a></span></td>
</tr>
</tbody>
</table>
<p>{:}{:en}Hi{:}</p>

<p>{:es} 1.- Memoria que el Ministro de Hacienda presenta al Soberano Congreso sobre el estado del erario, 1822. 2.- Exposición al Soberano Congreso mexicano sobre el estado de la Hacienda Pública y conducta del ciudadano Antonio de Medina en el tiempo que fue a su cargo el ministerio, 1823. 3.- Memoria provisional, presentada al Soberano</p>
<p><a href="https://memoriasdehacienda.institutomora.edu.mx/?page_id=125" class="more-link themebutton">Read More</a></p>
