{"id":141,"date":"2016-02-23T12:19:19","date_gmt":"2016-02-23T18:19:19","guid":{"rendered":"http:\/\/memoriasdehacienda.colmex.mx\/mhwp\/?page_id=141"},"modified":"2023-03-16T12:58:26","modified_gmt":"2023-03-16T18:58:26","slug":"1870-2","status":"publish","type":"page","link":"https:\/\/memoriasdehacienda.institutomora.edu.mx\/?page_id=141","title":{"rendered":"1870"},"content":{"rendered":"<table style=\"text-align: left; border-color: #ffffff;\" border=\"0\" width=\"800\" cellspacing=\"6\" cellpadding=\"0\">\n<tbody>\n<tr style=\"height: 24px;\">\n<td style=\"height: 24px; border-color: #ffffff; width: 591px; text-align: justify;\" valign=\"top\" width=\"591\"><span style=\"font-size: 13pt;\"><span style=\"font-size: 13pt;\"><span style=\"color: #000000;\">50.-<\/span> <a href=\"https:\/\/memoriasdehacienda.institutomora.edu.mx\/?page_id=645\"><span style=\"color: #0000ff;\">Exposici\u00f3n que el ejecutivo dirige al Congreso de la Uni\u00f3n, dando cuenta del uso que hizo de las facultades que le concedi\u00f3 el art\u00edculo 11 de la ley de 17 de enero de 1870 y del estado que guarda la Hacienda Federal.<\/span><\/a><\/span><\/span><\/td>\n<\/tr>\n<tr style=\"height: 24px; text-align: justify;\">\n<td style=\"height: 24px; border-color: #ffffff; width: 591px;\" valign=\"top\" width=\"591\"><span style=\"font-size: 13pt;\"><span style=\"font-size: 13pt;\"><span style=\"color: #000000;\">51.- <a href=\"https:\/\/memoriasdehacienda.institutomora.edu.mx\/?page_id=647\"><span style=\"color: #0000ff;\">Memoria de Hacienda y Cr\u00e9dito P\u00fablico correspondiente al cuadrag\u00e9simo quinto a\u00f1o econ\u00f3mico. Presentada por el Secretario de Hacienda al Congresos de la Uni\u00f3n el 16 de septiembre de 1870.<\/span><\/a><\/span><\/span><\/span><\/td>\n<\/tr>\n<tr style=\"height: 24px; text-align: justify;\">\n<td style=\"height: 24px; border-color: #ffffff; width: 591px;\" valign=\"top\" width=\"591\"><span style=\"font-size: 13pt;\"><span style=\"font-size: 13pt;\"><span style=\"color: #000000;\">51(A).- <a href=\"https:\/\/memoriasdehacienda.institutomora.edu.mx\/?page_id=2926\"><span style=\"color: #0000ff;\">Cuenta General del Erario de la federaci\u00f3n correspondiente al cuadrag\u00e9simo quinto a\u00f1o econ\u00f3mico de 1\u00b0 de julio de 1869 a 30 de junio de 1870 y estad\u00edstica fiscal correspondiente al mismo a\u00f1o, formada por la secci\u00f3n quinta de la Secretar\u00eda de Hacienda con un ap\u00e9ndice que contiene la cuenta de la Tesorer\u00eda, correspondiente al mismo a\u00f1o econ\u00f3mico. Segundo cuaderno anexo a la memoria de hacienda de 16 de septiembre de 1870.<\/span><\/a><\/span><\/span><\/span><\/td>\n<\/tr>\n<tr style=\"height: 48px; text-align: justify;\">\n<td style=\"height: 24px; border-color: #ffffff; width: 591px; background-color: ebe8e8;\" valign=\"top\" width=\"591\"><span style=\"font-size: 12pt;\"><span style=\"font-size: 13pt;\"><span style=\"color: #000000;\">52.- <\/span><a href=\"https:\/\/memoriasdehacienda.institutomora.edu.mx\/?page_id=649\"><span style=\"color: #0000ff;\">Memoria de Hacienda y Cr\u00e9dito P\u00fablico correspondiente al cuadrag\u00e9simo sexto a\u00f1o econ\u00f3mico, transcurrido de 1\u00b0 de julio de 1870 a 30 de junio de 1871. Presentada por el secretario de Hacienda al sexto Congreso de la Uni\u00f3n el 16 de septiembre de 1871.<\/span><\/a><\/span><\/span><\/td>\n<\/tr>\n<tr style=\"height: 72px; text-align: justify;\">\n<td style=\"height: 24px; border-color: #ffffff; width: 591px;\" valign=\"top\" width=\"591\"><span style=\"font-size: 12pt;\"><span style=\"font-size: 13pt;\"><span style=\"color: #000000;\">53.- <\/span><a href=\"https:\/\/memoriasdehacienda.institutomora.edu.mx\/?page_id=651\"><span style=\"color: #0000ff;\">Exposici\u00f3n que el ejecutivo federal dirige al congreso de la uni\u00f3n, dando cuenta del uso que ha hecho de las facultades que le concedi\u00f3 el art\u00edculo 3\u00b0 de la ley de 1\u00b0 de diciembre de 1871 y estado que guarda la Hacienda federal en 1\u00b0 de abril de 1872.<\/span><\/a><\/span><\/span><\/td>\n<\/tr>\n<tr style=\"height: 72px; text-align: justify;\">\n<td style=\"height: 24px; border-color: #ffffff; width: 591px;\" valign=\"top\" width=\"591\"><span style=\"font-size: 12pt;\"><span style=\"font-size: 13pt;\"><span style=\"color: #000000;\">54.- <\/span><a href=\"https:\/\/memoriasdehacienda.institutomora.edu.mx\/?page_id=653\"><span style=\"color: #0000ff;\">Memoria que el secretario de Estado y del despacho de Hacienda y Cr\u00e9dito P\u00fablico presenta al Congreso de la Uni\u00f3n en cumplimiento del precepto constitucional.<\/span><\/a><\/span><\/span><\/td>\n<\/tr>\n<tr style=\"height: 48px; text-align: justify;\">\n<td style=\"height: 24px; border-color: #ffffff; width: 591px;\" valign=\"top\" width=\"591\"><span style=\"font-size: 12pt;\"><span style=\"font-size: 13pt;\"><span style=\"color: #000000;\">55.- <\/span><a href=\"https:\/\/memoriasdehacienda.institutomora.edu.mx\/?page_id=655\"><span style=\"color: #0000ff;\">Informe presentado al Congreso de la Uni\u00f3n el 16 de septiembre de 1873, en cumplimiento del precepto constitucional por el c. Francisco Mej\u00eda, secretario de Estado y del despacho de Hacienda y Cr\u00e9dito P\u00fablico de los estados-Unidos Mexicanos. 1872-1873.<\/span><\/a><\/span><\/span><\/td>\n<\/tr>\n<tr style=\"height: 48px; text-align: justify;\">\n<td style=\"height: 24px; border-color: #ffffff; width: 591px;\" valign=\"top\" width=\"591\"><span style=\"font-size: 12pt;\"><span style=\"font-size: 13pt;\"><span style=\"color: #000000;\">56.- <\/span><a href=\"https:\/\/memoriasdehacienda.institutomora.edu.mx\/?page_id=657\"><span style=\"color: #0000ff;\">Informe presentado al Congreso de la Uni\u00f3n el 16 de septiembre de 1874, en cumplimiento del precepto constitucional por el c. Francisco Mej\u00eda, secretario de Estado y del despacho de Hacienda y Cr\u00e9dito p\u00fablico de los Estados-Unidos Mexicanos. 1873-1874.<\/span><\/a><\/span><\/span><\/td>\n<\/tr>\n<tr style=\"height: 48px; text-align: justify;\">\n<td style=\"height: 24px; border-color: #ffffff; width: 591px;\" valign=\"top\" width=\"591\"><span style=\"font-size: 12pt;\"><span style=\"font-size: 13pt;\"><span style=\"color: #000000;\">57.- <\/span><a href=\"https:\/\/memoriasdehacienda.institutomora.edu.mx\/?page_id=659\"><span style=\"color: #0000ff;\">Informe presentado al Congreso de la Uni\u00f3n el 16 de septiembre de 1875, en cumplimiento del precepto constitucional por el c. Francisco Mej\u00eda, secretario de Estado y del despacho de Hacienda y Cr\u00e9dito P\u00fablico de los Estados-Unidos Mexicanos. 1874-1875.<\/span><\/a><\/span><\/span><\/td>\n<\/tr>\n<tr style=\"height: 24px; text-align: justify;\">\n<td style=\"height: 24px; border-color: #ffffff; width: 591px;\" valign=\"top\" width=\"591\"><span style=\"font-size: 13pt;\"><span style=\"font-size: 13pt;\"><span style=\"color: #000000;\">57(A).- <a href=\"https:\/\/memoriasdehacienda.institutomora.edu.mx\/?page_id=2939\"><span style=\"color: #0000ff;\">Ap\u00e9ndice al Informe (Memoria) de Hacienda de 16 septiembre 1875.<\/span><\/a><\/span><\/span><\/span><\/td>\n<\/tr>\n<tr style=\"height: 48px; text-align: justify;\">\n<td style=\"height: 24px; border-color: #ffffff; width: 591px;\" valign=\"top\" width=\"591\"><span style=\"font-size: 12pt;\"><span style=\"font-size: 13pt;\"><span style=\"color: #000000;\">58.- <\/span><a href=\"https:\/\/memoriasdehacienda.institutomora.edu.mx\/?page_id=661\"><span style=\"color: #0000ff;\">Memoria de Hacienda y Cr\u00e9dito P\u00fablico correspondiente al quincuag\u00e9simo segundo a\u00f1o econ\u00f3mico transcurrido del 1\u00b0 de julio de 1876 a 30 de junio de 1877, presentada por el secretario de Hacienda y Cr\u00e9dito P\u00fablico al Congreso de la Uni\u00f3n el 10 de diciembre de 1877.<\/span><\/a><\/span><\/span><\/td>\n<\/tr>\n<tr style=\"height: 48px; text-align: justify;\">\n<td style=\"height: 24px; border-color: #ffffff; width: 591px;\" valign=\"top\" width=\"591\"><span style=\"font-size: 12pt;\"><span style=\"font-size: 13pt;\"><span style=\"color: #000000;\">59.- <\/span><a href=\"https:\/\/memoriasdehacienda.institutomora.edu.mx\/?page_id=663\"><span style=\"color: #0000ff;\">Memoria de Hacienda y Cr\u00e9dito P\u00fablico correspondiente al quincuag\u00e9simo tercer a\u00f1o econ\u00f3mico transcurrido del 1\u00b0 de julio de 1877 a 30 de junio de 1878 presentada por el secretario del estado y el despacho de Hacienda y Cr\u00e9dito P\u00fablico al Congreso de la Uni\u00f3n el 16 de septiembre de 1878.<\/span><\/a><\/span><\/span><\/td>\n<\/tr>\n<tr style=\"height: 48px;\">\n<td style=\"height: 24px; border-color: #ffffff; width: 591px; text-align: justify;\" valign=\"top\" width=\"591\"><span style=\"font-size: 12pt;\"><span style=\"font-size: 13pt;\"><span style=\"color: #000000;\">60.- <\/span><a href=\"https:\/\/memoriasdehacienda.institutomora.edu.mx\/?page_id=665\"><span style=\"color: #0000ff;\">Memoria de Hacienda y Cr\u00e9dito P\u00fablico correspondiente al quincuag\u00e9simo cuarto a\u00f1o econ\u00f3mico transcurrido del 1\u00b0 de julio de 1878 a 30 de junio de 1879. Presentada por el Secretario de Estado y Despacho de Hacienda y Cr\u00e9dito P\u00fablico, Trinidad Garc\u00eda, al Congreso de la Uni\u00f3n el 16 de septiembre de 1879.<\/span><\/a><\/span><\/span><\/td>\n<\/tr>\n<\/tbody>\n<\/table>\n","protected":false},"excerpt":{"rendered":"<p>50.- Exposici\u00f3n que el ejecutivo dirige al Congreso de la Uni\u00f3n, dando cuenta del uso que hizo de las facultades que le concedi\u00f3 el art\u00edculo 11 de la ley de 17 de enero de 1870 y del estado que guarda la Hacienda Federal. 51.- Memoria de Hacienda y Cr\u00e9dito P\u00fablico correspondiente al cuadrag\u00e9simo quinto a\u00f1o<\/p>\n<p><a href=\"https:\/\/memoriasdehacienda.institutomora.edu.mx\/?page_id=141\" class=\"more-link themebutton\">Read More<\/a><\/p>\n","protected":false},"author":2,"featured_media":0,"parent":0,"menu_order":0,"comment_status":"closed","ping_status":"closed","template":"","meta":[],"_links":{"self":[{"href":"https:\/\/memoriasdehacienda.institutomora.edu.mx\/index.php?rest_route=\/wp\/v2\/pages\/141"}],"collection":[{"href":"https:\/\/memoriasdehacienda.institutomora.edu.mx\/index.php?rest_route=\/wp\/v2\/pages"}],"about":[{"href":"https:\/\/memoriasdehacienda.institutomora.edu.mx\/index.php?rest_route=\/wp\/v2\/types\/page"}],"author":[{"embeddable":true,"href":"https:\/\/memoriasdehacienda.institutomora.edu.mx\/index.php?rest_route=\/wp\/v2\/users\/2"}],"replies":[{"embeddable":true,"href":"https:\/\/memoriasdehacienda.institutomora.edu.mx\/index.php?rest_route=%2Fwp%2Fv2%2Fcomments&post=141"}],"version-history":[{"count":9,"href":"https:\/\/memoriasdehacienda.institutomora.edu.mx\/index.php?rest_route=\/wp\/v2\/pages\/141\/revisions"}],"predecessor-version":[{"id":8632,"href":"https:\/\/memoriasdehacienda.institutomora.edu.mx\/index.php?rest_route=\/wp\/v2\/pages\/141\/revisions\/8632"}],"wp:attachment":[{"href":"https:\/\/memoriasdehacienda.institutomora.edu.mx\/index.php?rest_route=%2Fwp%2Fv2%2Fmedia&parent=141"}],"curies":[{"name":"wp","href":"https:\/\/api.w.org\/{rel}","templated":true}]}}

<table style="text-align: left; border-color: #ffffff;" border="0" width="800" cellspacing="6" cellpadding="0">
<tbody>
<tr style="height: 24px;">
<td style="height: 24px; border-color: #ffffff; width: 591px; text-align: justify;" valign="top" width="591"><span style="font-size: 13pt;"><span style="font-size: 13pt;"><span style="color: #000000;">50.-</span> <a href="https://memoriasdehacienda.institutomora.edu.mx/?page_id=645"><span style="color: #0000ff;">Exposición que el ejecutivo dirige al Congreso de la Unión, dando cuenta del uso que hizo de las facultades que le concedió el artículo 11 de la ley de 17 de enero de 1870 y del estado que guarda la Hacienda Federal.</span></a></span></span></td>
</tr>
<tr style="height: 24px; text-align: justify;">
<td style="height: 24px; border-color: #ffffff; width: 591px;" valign="top" width="591"><span style="font-size: 13pt;"><span style="font-size: 13pt;"><span style="color: #000000;">51.- <a href="https://memoriasdehacienda.institutomora.edu.mx/?page_id=647"><span style="color: #0000ff;">Memoria de Hacienda y Crédito Público correspondiente al cuadragésimo quinto año económico. Presentada por el Secretario de Hacienda al Congresos de la Unión el 16 de septiembre de 1870.</span></a></span></span></span></td>
</tr>
<tr style="height: 24px; text-align: justify;">
<td style="height: 24px; border-color: #ffffff; width: 591px;" valign="top" width="591"><span style="font-size: 13pt;"><span style="font-size: 13pt;"><span style="color: #000000;">51(A).- <a href="https://memoriasdehacienda.institutomora.edu.mx/?page_id=2926"><span style="color: #0000ff;">Cuenta General del Erario de la federación correspondiente al cuadragésimo quinto año económico de 1° de julio de 1869 a 30 de junio de 1870 y estadística fiscal correspondiente al mismo año, formada por la sección quinta de la Secretaría de Hacienda con un apéndice que contiene la cuenta de la Tesorería, correspondiente al mismo año económico. Segundo cuaderno anexo a la memoria de hacienda de 16 de septiembre de 1870.</span></a></span></span></span></td>
</tr>
<tr style="height: 48px; text-align: justify;">
<td style="height: 24px; border-color: #ffffff; width: 591px; background-color: ebe8e8;" valign="top" width="591"><span style="font-size: 12pt;"><span style="font-size: 13pt;"><span style="color: #000000;">52.- </span><a href="https://memoriasdehacienda.institutomora.edu.mx/?page_id=649"><span style="color: #0000ff;">Memoria de Hacienda y Crédito Público correspondiente al cuadragésimo sexto año económico, transcurrido de 1° de julio de 1870 a 30 de junio de 1871. Presentada por el secretario de Hacienda al sexto Congreso de la Unión el 16 de septiembre de 1871.</span></a></span></span></td>
</tr>
<tr style="height: 72px; text-align: justify;">
<td style="height: 24px; border-color: #ffffff; width: 591px;" valign="top" width="591"><span style="font-size: 12pt;"><span style="font-size: 13pt;"><span style="color: #000000;">53.- </span><a href="https://memoriasdehacienda.institutomora.edu.mx/?page_id=651"><span style="color: #0000ff;">Exposición que el ejecutivo federal dirige al congreso de la unión, dando cuenta del uso que ha hecho de las facultades que le concedió el artículo 3° de la ley de 1° de diciembre de 1871 y estado que guarda la Hacienda federal en 1° de abril de 1872.</span></a></span></span></td>
</tr>
<tr style="height: 72px; text-align: justify;">
<td style="height: 24px; border-color: #ffffff; width: 591px;" valign="top" width="591"><span style="font-size: 12pt;"><span style="font-size: 13pt;"><span style="color: #000000;">54.- </span><a href="https://memoriasdehacienda.institutomora.edu.mx/?page_id=653"><span style="color: #0000ff;">Memoria que el secretario de Estado y del despacho de Hacienda y Crédito Público presenta al Congreso de la Unión en cumplimiento del precepto constitucional.</span></a></span></span></td>
</tr>
<tr style="height: 48px; text-align: justify;">
<td style="height: 24px; border-color: #ffffff; width: 591px;" valign="top" width="591"><span style="font-size: 12pt;"><span style="font-size: 13pt;"><span style="color: #000000;">55.- </span><a href="https://memoriasdehacienda.institutomora.edu.mx/?page_id=655"><span style="color: #0000ff;">Informe presentado al Congreso de la Unión el 16 de septiembre de 1873, en cumplimiento del precepto constitucional por el c. Francisco Mejía, secretario de Estado y del despacho de Hacienda y Crédito Público de los estados-Unidos Mexicanos. 1872-1873.</span></a></span></span></td>
</tr>
<tr style="height: 48px; text-align: justify;">
<td style="height: 24px; border-color: #ffffff; width: 591px;" valign="top" width="591"><span style="font-size: 12pt;"><span style="font-size: 13pt;"><span style="color: #000000;">56.- </span><a href="https://memoriasdehacienda.institutomora.edu.mx/?page_id=657"><span style="color: #0000ff;">Informe presentado al Congreso de la Unión el 16 de septiembre de 1874, en cumplimiento del precepto constitucional por el c. Francisco Mejía, secretario de Estado y del despacho de Hacienda y Crédito público de los Estados-Unidos Mexicanos. 1873-1874.</span></a></span></span></td>
</tr>
<tr style="height: 48px; text-align: justify;">
<td style="height: 24px; border-color: #ffffff; width: 591px;" valign="top" width="591"><span style="font-size: 12pt;"><span style="font-size: 13pt;"><span style="color: #000000;">57.- </span><a href="https://memoriasdehacienda.institutomora.edu.mx/?page_id=659"><span style="color: #0000ff;">Informe presentado al Congreso de la Unión el 16 de septiembre de 1875, en cumplimiento del precepto constitucional por el c. Francisco Mejía, secretario de Estado y del despacho de Hacienda y Crédito Público de los Estados-Unidos Mexicanos. 1874-1875.</span></a></span></span></td>
</tr>
<tr style="height: 24px; text-align: justify;">
<td style="height: 24px; border-color: #ffffff; width: 591px;" valign="top" width="591"><span style="font-size: 13pt;"><span style="font-size: 13pt;"><span style="color: #000000;">57(A).- <a href="https://memoriasdehacienda.institutomora.edu.mx/?page_id=2939"><span style="color: #0000ff;">Apéndice al Informe (Memoria) de Hacienda de 16 septiembre 1875.</span></a></span></span></span></td>
</tr>
<tr style="height: 48px; text-align: justify;">
<td style="height: 24px; border-color: #ffffff; width: 591px;" valign="top" width="591"><span style="font-size: 12pt;"><span style="font-size: 13pt;"><span style="color: #000000;">58.- </span><a href="https://memoriasdehacienda.institutomora.edu.mx/?page_id=661"><span style="color: #0000ff;">Memoria de Hacienda y Crédito Público correspondiente al quincuagésimo segundo año económico transcurrido del 1° de julio de 1876 a 30 de junio de 1877, presentada por el secretario de Hacienda y Crédito Público al Congreso de la Unión el 10 de diciembre de 1877.</span></a></span></span></td>
</tr>
<tr style="height: 48px; text-align: justify;">
<td style="height: 24px; border-color: #ffffff; width: 591px;" valign="top" width="591"><span style="font-size: 12pt;"><span style="font-size: 13pt;"><span style="color: #000000;">59.- </span><a href="https://memoriasdehacienda.institutomora.edu.mx/?page_id=663"><span style="color: #0000ff;">Memoria de Hacienda y Crédito Público correspondiente al quincuagésimo tercer año económico transcurrido del 1° de julio de 1877 a 30 de junio de 1878 presentada por el secretario del estado y el despacho de Hacienda y Crédito Público al Congreso de la Unión el 16 de septiembre de 1878.</span></a></span></span></td>
</tr>
<tr style="height: 48px;">
<td style="height: 24px; border-color: #ffffff; width: 591px; text-align: justify;" valign="top" width="591"><span style="font-size: 12pt;"><span style="font-size: 13pt;"><span style="color: #000000;">60.- </span><a href="https://memoriasdehacienda.institutomora.edu.mx/?page_id=665"><span style="color: #0000ff;">Memoria de Hacienda y Crédito Público correspondiente al quincuagésimo cuarto año económico transcurrido del 1° de julio de 1878 a 30 de junio de 1879. Presentada por el Secretario de Estado y Despacho de Hacienda y Crédito Público, Trinidad García, al Congreso de la Unión el 16 de septiembre de 1879.</span></a></span></span></td>
</tr>
</tbody>
</table>

<p>50.- Exposición que el ejecutivo dirige al Congreso de la Unión, dando cuenta del uso que hizo de las facultades que le concedió el artículo 11 de la ley de 17 de enero de 1870 y del estado que guarda la Hacienda Federal. 51.- Memoria de Hacienda y Crédito Público correspondiente al cuadragésimo quinto año</p>
<p><a href="https://memoriasdehacienda.institutomora.edu.mx/?page_id=141" class="more-link themebutton">Read More</a></p>
