{"id":144,"date":"2016-02-23T12:21:28","date_gmt":"2016-02-23T18:21:28","guid":{"rendered":"http:\/\/memoriasdehacienda.colmex.mx\/mhwp\/?page_id=144"},"modified":"2023-03-16T12:59:23","modified_gmt":"2023-03-16T18:59:23","slug":"1880-2","status":"publish","type":"page","link":"https:\/\/memoriasdehacienda.institutomora.edu.mx\/?page_id=144","title":{"rendered":"1880"},"content":{"rendered":"<table style=\"text-align: left; border-color: #ffffff;\" border=\"0\" width=\"800\" cellspacing=\"6\" cellpadding=\"0\">\n<tbody>\n<tr style=\"height: 24px; text-align: justify;\">\n<td style=\"height: 24px; border-color: #ffffff; width: 591px;\" valign=\"top\" width=\"591\"><span style=\"font-size: 13pt;\"><span style=\"font-size: 13pt;\"><span style=\"color: #000000;\">61.-<\/span> <a href=\"https:\/\/memoriasdehacienda.institutomora.edu.mx\/?page_id=2991\"><span style=\"color: #0000ff;\">Memoria de Hacienda y Cr\u00e9dito P\u00fablico correspondiente al a\u00f1o econ\u00f3mico quincuag\u00e9simo quinto, transcurrido de 1\u00b0 de julio de 1879 a 30 de junio de 1880; presentada por el secretario del ramo al Congreso de la Uni\u00f3n el 16 de septiembre de 1880.<\/span><\/a><\/span><\/span><\/td>\n<\/tr>\n<tr style=\"height: 24px; text-align: justify;\">\n<td style=\"height: 24px; border-color: #ffffff; width: 591px;\" valign=\"top\" width=\"591\"><span style=\"font-size: 13pt;\"><span style=\"font-size: 13pt;\"><span style=\"color: #000000;\">62.- <a href=\"https:\/\/memoriasdehacienda.institutomora.edu.mx\/?page_id=2993\"><span style=\"color: #0000ff;\">Memoria de la Secretar\u00eda de Hacienda correspondiente al a\u00f1o fiscal de 1880 a 1881.<\/span><\/a><\/span><\/span><\/span><\/td>\n<\/tr>\n<tr style=\"height: 48px; text-align: justify;\">\n<td style=\"height: 24px; border-color: #ffffff; width: 591px; background-color: ebe8e8;\" valign=\"top\" width=\"591\"><span style=\"font-size: 12pt;\"><span style=\"font-size: 13pt;\"><span style=\"color: #000000;\">62(A).- <\/span><a href=\"https:\/\/memoriasdehacienda.institutomora.edu.mx\/?page_id=2995\"><span style=\"color: #0000ff;\">Memoria de la Secretar\u00eda de Hacienda correspondiente al a\u00f1o fiscal de 1880 a 1881. Parte Segunda Documentos. Cuaderno I.<\/span><\/a><\/span><\/span><\/td>\n<\/tr>\n<tr style=\"height: 72px; text-align: justify;\">\n<td style=\"height: 24px; border-color: #ffffff; width: 591px;\" valign=\"top\" width=\"591\"><span style=\"font-size: 12pt;\"><span style=\"font-size: 13pt;\"><span style=\"color: #000000;\">63.- <\/span><a href=\"https:\/\/memoriasdehacienda.institutomora.edu.mx\/?page_id=2997\"><span style=\"color: #0000ff;\">Memoria de Hacienda y Cr\u00e9dito P\u00fablico correspondiente al a\u00f1o fiscal transcurrido de 1\u00b0 de julio de 1883 a 30 de junio de 1884, presentada por el secretario de estado y el despacho de Hacienda y Cr\u00e9dito Publico, general Miguel de la Pe\u00f1a, al Congreso de la Uni\u00f3n el 30 de septiembre de 1884. Primer cuaderno. Parte expositiva y disposiciones dictadas en el a\u00f1o fiscal.<\/span><\/a><\/span><\/span><\/td>\n<\/tr>\n<tr style=\"height: 72px; text-align: justify;\">\n<td style=\"height: 24px; border-color: #ffffff; width: 591px;\" valign=\"top\" width=\"591\"><span style=\"font-size: 12pt;\"><span style=\"font-size: 13pt;\"><span style=\"color: #000000;\">64.- <\/span><a href=\"https:\/\/memoriasdehacienda.institutomora.edu.mx\/?page_id=2999\"><span style=\"color: #0000ff;\">Memoria de la Secretar\u00eda de Hacienda correspondiente al ejercicio fiscal de 1884 a 1885 presentada al Congreso de la Uni\u00f3n por el ministro del ramo, lic. Manuel Dubl\u00e1n.<\/span><\/a><\/span><\/span><\/td>\n<\/tr>\n<tr style=\"height: 48px; text-align: justify;\">\n<td style=\"height: 24px; border-color: #ffffff; width: 591px;\" valign=\"top\" width=\"591\"><span style=\"font-size: 12pt;\"><span style=\"font-size: 13pt;\"><span style=\"color: #000000;\">65.- <\/span><a href=\"https:\/\/memoriasdehacienda.institutomora.edu.mx\/?page_id=3001\"><span style=\"color: #0000ff;\">Memoria de la Secretar\u00eda de Hacienda correspondiente al ejercicio fiscal de 1885 a 1886 presentada al Congreso de la Uni\u00f3n por el ministro del ramo lic. Manuel Dubl\u00e1n.<\/span><\/a><\/span><\/span><\/td>\n<\/tr>\n<tr style=\"height: 48px; text-align: justify;\">\n<td style=\"height: 24px; border-color: #ffffff; width: 591px;\" valign=\"top\" width=\"591\"><span style=\"font-size: 12pt;\"><span style=\"font-size: 13pt;\"><span style=\"color: #000000;\">66.- <\/span><a href=\"https:\/\/memoriasdehacienda.institutomora.edu.mx\/?page_id=3003\"><span style=\"color: #0000ff;\">Memoria de la Secretar\u00eda de Hacienda correspondiente al ejercicio fiscal de 1886 a 1887 presentada al Congreso de la Uni\u00f3n por el ministro del ramo lic. Manuel Dubl\u00e1n.<\/span><\/a><\/span><\/span><\/td>\n<\/tr>\n<tr style=\"height: 48px; text-align: justify;\">\n<td style=\"height: 24px; border-color: #ffffff; width: 591px;\" valign=\"top\" width=\"591\"><span style=\"font-size: 12pt;\"><span style=\"font-size: 13pt;\"><span style=\"color: #000000;\">67.- <\/span><a href=\"https:\/\/memoriasdehacienda.institutomora.edu.mx\/?page_id=3005\"><span style=\"color: #0000ff;\">Memoria de la Secretaria de Hacienda correspondiente al ejercicio fiscal de 1887-1888 presentada al Congreso de la Uni\u00f3n por el secretario de estado y del despacho de Hacienda y Cr\u00e9dito P\u00fablico lic. Manuel Dubl\u00e1n.<\/span><\/a><\/span><\/span><\/td>\n<\/tr>\n<tr style=\"height: 48px; text-align: justify;\">\n<td style=\"height: 24px; border-color: #ffffff; width: 591px;\" valign=\"top\" width=\"591\"><span style=\"font-size: 12pt;\"><span style=\"font-size: 13pt;\"><span style=\"color: #000000;\">68.- <\/span><a href=\"https:\/\/memoriasdehacienda.institutomora.edu.mx\/?page_id=3007\"><span style=\"color: #0000ff;\">Memoria de Hacienda y Cr\u00e9dito P\u00fablico correspondiente al a\u00f1o econ\u00f3mico 1888 a 1889 presentada por el secretario del ramo lic. Manuel Dubl\u00e1n al Congreso de la Uni\u00f3n.<\/span><\/a><\/span><\/span><\/td>\n<\/tr>\n<tr style=\"height: 48px;\">\n<td style=\"height: 24px; border-color: #ffffff; width: 591px; text-align: justify;\" valign=\"top\" width=\"591\"><span style=\"font-size: 12pt;\"><span style=\"font-size: 13pt;\"><span style=\"color: #000000;\">69.- <\/span><a href=\"https:\/\/memoriasdehacienda.institutomora.edu.mx\/?page_id=3009\"><span style=\"color: #0000ff;\">Memoria de Hacienda y Cr\u00e9dito P\u00fablico correspondiente al a\u00f1o econ\u00f3mico 1889 a 1890 presentada por el secretario del ramo lic. Manuel Dubl\u00e1n al Congreso de la Uni\u00f3n.<\/span><\/a><\/span><\/span><\/td>\n<\/tr>\n<\/tbody>\n<\/table>\n","protected":false},"excerpt":{"rendered":"<p>61.- Memoria de Hacienda y Cr\u00e9dito P\u00fablico correspondiente al a\u00f1o econ\u00f3mico quincuag\u00e9simo quinto, transcurrido de 1\u00b0 de julio de 1879 a 30 de junio de 1880; presentada por el secretario del ramo al Congreso de la Uni\u00f3n el 16 de septiembre de 1880. 62.- Memoria de la Secretar\u00eda de Hacienda correspondiente al a\u00f1o fiscal de<\/p>\n<p><a href=\"https:\/\/memoriasdehacienda.institutomora.edu.mx\/?page_id=144\" class=\"more-link themebutton\">Read More<\/a><\/p>\n","protected":false},"author":2,"featured_media":0,"parent":0,"menu_order":0,"comment_status":"closed","ping_status":"closed","template":"","meta":[],"_links":{"self":[{"href":"https:\/\/memoriasdehacienda.institutomora.edu.mx\/index.php?rest_route=\/wp\/v2\/pages\/144"}],"collection":[{"href":"https:\/\/memoriasdehacienda.institutomora.edu.mx\/index.php?rest_route=\/wp\/v2\/pages"}],"about":[{"href":"https:\/\/memoriasdehacienda.institutomora.edu.mx\/index.php?rest_route=\/wp\/v2\/types\/page"}],"author":[{"embeddable":true,"href":"https:\/\/memoriasdehacienda.institutomora.edu.mx\/index.php?rest_route=\/wp\/v2\/users\/2"}],"replies":[{"embeddable":true,"href":"https:\/\/memoriasdehacienda.institutomora.edu.mx\/index.php?rest_route=%2Fwp%2Fv2%2Fcomments&post=144"}],"version-history":[{"count":8,"href":"https:\/\/memoriasdehacienda.institutomora.edu.mx\/index.php?rest_route=\/wp\/v2\/pages\/144\/revisions"}],"predecessor-version":[{"id":8633,"href":"https:\/\/memoriasdehacienda.institutomora.edu.mx\/index.php?rest_route=\/wp\/v2\/pages\/144\/revisions\/8633"}],"wp:attachment":[{"href":"https:\/\/memoriasdehacienda.institutomora.edu.mx\/index.php?rest_route=%2Fwp%2Fv2%2Fmedia&parent=144"}],"curies":[{"name":"wp","href":"https:\/\/api.w.org\/{rel}","templated":true}]}}