{"id":549,"date":"2016-04-07T12:12:37","date_gmt":"2016-04-07T18:12:37","guid":{"rendered":"http:\/\/memoriasdehacienda.colmex.mx\/mhwp\/?page_id=549"},"modified":"2017-07-27T16:13:40","modified_gmt":"2017-07-27T22:13:40","slug":"memoria-1","status":"publish","type":"page","link":"https:\/\/memoriasdehacienda.institutomora.edu.mx\/?page_id=549","title":{"rendered":"Memoria 1 (28 de febrero de 1822)."},"content":{"rendered":"<p><strong><span style=\"font-size: 11pt;\"><span style=\"color: #ff6600;\">(1) Memoria que el Ministro de Hacienda presenta al Soberano Congreso sobre el estado del erario. M\u00e9xico, en la Oficina de D. Alejandro Vald\u00e9s, Impresor de C\u00e1mara del Imperio, 1822, 22 pp.<\/span><\/span><\/strong><\/p>\n<p><span style=\"font-size: 11pt; color: #000000;\"><br \/>\nFirmada por Rafael P\u00e9rez Maldonado<\/span><\/p>\n<p><span style=\"font-size: 11pt; color: #000000;\">Per\u00edodo: 1821-1822.<\/span><\/p>\n<p><span style=\"font-size: 11pt; color: #000000;\">Se localiza: <span class=\"tooltips \" style=\"\" title=\"Biblioteca &quot;Miguel Lerdo de Tejada&quot;, Secretar\u00eda de Hacienda y Cr\u00e9dito P\u00fablico.\"> BH<\/span>,\u00a0<span style=\"color: #000000;\"><span class=\"tooltips \" style=\"\" title=\"Biblioteca Nacional de M\u00e9xico-Colecci\u00f3n Lafragua, Fondo Reservado, UNAM.\">BNCL<\/span><\/span>, <span class=\"tooltips \" style=\"\" title=\"Biblioteca  Nacional de M\u00e9xico-Colecci\u00f3n de Libros Raros y Curiosos, Fondo Reservado, UNAM.\">BNLR<\/span>.<\/span><\/p>\n<p><strong><span style=\"color: #000000; font-size: 11pt;\">No tiene anexos ni cuadros.<\/span><\/strong><\/p>\n<p style=\"text-align: justify;\"><strong><span style=\"font-size: 11pt; color: #000000;\">S\u00edntesis del contenido<\/span><\/strong><\/p>\n<p style=\"text-align: justify;\"><span style=\"font-size: 11pt; color: #000000;\">Esta memoria -la primera del M\u00e9xico independiente- nos ofrece en forma resumida los datos referidos a las reformas que realiz\u00f3 la Junta Provisional del gobierno a partir del 5 de octubre de 1821 hasta el 23 de febrero de 1822, fecha en que ces\u00f3 en sus funciones, pero menciona tambi\u00e9n los decretos emitidos por la Regencia Gobernadora. El Ministro se queja de la falta de informaci\u00f3n que requiere para realizar el informe y para adoptar algunas medidas econ\u00f3micas. Propone que para aumentar los ingresos del estado se debe restituir el estanco del tabaco, fomentar la miner\u00eda, y dar protecci\u00f3n a la agricultura y las artes.<\/span><\/p>\n","protected":false},"excerpt":{"rendered":"<p>(1) Memoria que el Ministro de Hacienda presenta al Soberano Congreso sobre el estado del erario. M\u00e9xico, en la Oficina de D. Alejandro Vald\u00e9s, Impresor de C\u00e1mara del Imperio, 1822, 22 pp. Firmada por Rafael P\u00e9rez Maldonado Per\u00edodo: 1821-1822. Se localiza: ,\u00a0, . No tiene anexos ni cuadros. S\u00edntesis del contenido Esta memoria -la primera<\/p>\n<p><a href=\"https:\/\/memoriasdehacienda.institutomora.edu.mx\/?page_id=549\" class=\"more-link themebutton\">Read More<\/a><\/p>\n","protected":false},"author":2,"featured_media":0,"parent":0,"menu_order":0,"comment_status":"closed","ping_status":"closed","template":"","meta":[],"_links":{"self":[{"href":"https:\/\/memoriasdehacienda.institutomora.edu.mx\/index.php?rest_route=\/wp\/v2\/pages\/549"}],"collection":[{"href":"https:\/\/memoriasdehacienda.institutomora.edu.mx\/index.php?rest_route=\/wp\/v2\/pages"}],"about":[{"href":"https:\/\/memoriasdehacienda.institutomora.edu.mx\/index.php?rest_route=\/wp\/v2\/types\/page"}],"author":[{"embeddable":true,"href":"https:\/\/memoriasdehacienda.institutomora.edu.mx\/index.php?rest_route=\/wp\/v2\/users\/2"}],"replies":[{"embeddable":true,"href":"https:\/\/memoriasdehacienda.institutomora.edu.mx\/index.php?rest_route=%2Fwp%2Fv2%2Fcomments&post=549"}],"version-history":[{"count":44,"href":"https:\/\/memoriasdehacienda.institutomora.edu.mx\/index.php?rest_route=\/wp\/v2\/pages\/549\/revisions"}],"predecessor-version":[{"id":8099,"href":"https:\/\/memoriasdehacienda.institutomora.edu.mx\/index.php?rest_route=\/wp\/v2\/pages\/549\/revisions\/8099"}],"wp:attachment":[{"href":"https:\/\/memoriasdehacienda.institutomora.edu.mx\/index.php?rest_route=%2Fwp%2Fv2%2Fmedia&parent=549"}],"curies":[{"name":"wp","href":"https:\/\/api.w.org\/{rel}","templated":true}]}}

<p><strong><span style="font-size: 11pt;"><span style="color: #ff6600;">(1) Memoria que el Ministro de Hacienda presenta al Soberano Congreso sobre el estado del erario. México, en la Oficina de D. Alejandro Valdés, Impresor de Cámara del Imperio, 1822, 22 pp.</span></span></strong></p>
<p><span style="font-size: 11pt; color: #000000;"><br />
Firmada por Rafael Pérez Maldonado</span></p>
<p><span style="font-size: 11pt; color: #000000;">Período: 1821-1822.</span></p>
<p><span style="font-size: 11pt; color: #000000;">Se localiza: <span class="tooltips " style="" title="Biblioteca &quot;Miguel Lerdo de Tejada&quot;, Secretaría de Hacienda y Crédito Público."> BH</span>, <span style="color: #000000;"><span class="tooltips " style="" title="Biblioteca Nacional de México-Colección Lafragua, Fondo Reservado, UNAM.">BNCL</span></span>, <span class="tooltips " style="" title="Biblioteca  Nacional de México-Colección de Libros Raros y Curiosos, Fondo Reservado, UNAM.">BNLR</span>.</span></p>
<p><strong><span style="color: #000000; font-size: 11pt;">No tiene anexos ni cuadros.</span></strong></p>
<p style="text-align: justify;"><strong><span style="font-size: 11pt; color: #000000;">Síntesis del contenido</span></strong></p>
<p style="text-align: justify;"><span style="font-size: 11pt; color: #000000;">Esta memoria -la primera del México independiente- nos ofrece en forma resumida los datos referidos a las reformas que realizó la Junta Provisional del gobierno a partir del 5 de octubre de 1821 hasta el 23 de febrero de 1822, fecha en que cesó en sus funciones, pero menciona también los decretos emitidos por la Regencia Gobernadora. El Ministro se queja de la falta de información que requiere para realizar el informe y para adoptar algunas medidas económicas. Propone que para aumentar los ingresos del estado se debe restituir el estanco del tabaco, fomentar la minería, y dar protección a la agricultura y las artes.</span></p>

<p>(1) Memoria que el Ministro de Hacienda presenta al Soberano Congreso sobre el estado del erario. México, en la Oficina de D. Alejandro Valdés, Impresor de Cámara del Imperio, 1822, 22 pp. Firmada por Rafael Pérez Maldonado Período: 1821-1822. Se localiza: , , . No tiene anexos ni cuadros. Síntesis del contenido Esta memoria -la primera</p>
<p><a href="https://memoriasdehacienda.institutomora.edu.mx/?page_id=549" class="more-link themebutton">Read More</a></p>
