{"id":597,"date":"2016-04-07T12:25:03","date_gmt":"2016-04-07T18:25:03","guid":{"rendered":"http:\/\/memoriasdehacienda.colmex.mx\/mhwp\/?page_id=597"},"modified":"2017-07-31T17:40:40","modified_gmt":"2017-07-31T23:40:40","slug":"memoria-26","status":"publish","type":"page","link":"https:\/\/memoriasdehacienda.institutomora.edu.mx\/?page_id=597","title":{"rendered":"Memoria 26 (1841-1849)"},"content":{"rendered":"<p style=\"text-align: justify;\"><span style=\"font-size: 11pt; color: #ff6600;\"><strong>(26) Exposici\u00f3n con que el Excelent\u00edsimo Sr. ministro de Hacienda present\u00f3 a la C\u00e1mara de Diputados de la naci\u00f3n el d\u00eda 2 de enero de 1849, el presupuesto general de gastos para el mismo a\u00f1o. M\u00e9xico, Imprenta de Vicente G. Torres, 1849, 112 pp. (los anexos inician a partir de la p.8).<\/strong><\/span><\/p>\n<p><span style=\"color: #000000;\">Firmada por Manuel Pi\u00f1a y Cuevas.<\/span><\/p>\n<p><span style=\"color: #000000;\">Per\u00edodo: 1841-1849.<\/span><\/p>\n<p><span style=\"color: #000000;\">Se localiza:\u00a0<span class=\"tooltips \" style=\"\" title=\"Biblioteca &quot;Miguel Lerdo de Tejada&quot;, Secretar\u00eda de Hacienda y Cr\u00e9dito P\u00fablico.\">BH<\/span>,\u00a0<span class=\"tooltips \" style=\"\" title=\"Biblioteca del Instituto de Investigaciones &quot;Dr. Jos\u00e9 Mar\u00eda Luis Mora&quot; (material en micropel\u00edcula)(en el listado del Mora indica 19 de enero de 1849, rollo 3, verificar.\">BIM-Mfilm<\/span>.<\/span><\/p>\n<p><strong><span style=\"color: #000000;\">Tiene anexos.<\/span><\/strong><\/p>\n<p style=\"text-align: justify;\"><strong><span style=\"color: #000000;\">S\u00edntesis del contenido:<\/span><\/strong><\/p>\n<p style=\"text-align: justify;\"><span style=\"color: #000000;\">En esta memoria se le da mucha importancia a la formulaci\u00f3n del presupuesto para el a\u00f1o 1849, el cual se elabor\u00f3 en base al quinquenio de 1841 a 1845, fijando as\u00ed tambi\u00e9n los c\u00e1lculos para las dem\u00e1s rentas nacionales. El presupuesto para 1849 tiene- en principio- un d\u00e9ficit previsto de 6,742,280 pesos, pero con posibilidades de reducirlo a cuatro millones.<\/span><\/p>\n<p style=\"text-align: justify;\"><span style=\"color: #000000;\">El ministro se\u00f1ala que con la idea de equilibrar los gastos con los ingresos, se reorganizaron los ramos del erario, se regul\u00f3 la distribuci\u00f3n de caudales, e institucionaliz\u00f3 el Banco Nacional, y, finalmente, se aprovecharon los fondos de la indemnizaci\u00f3n.<\/span><\/p>\n<p style=\"text-align: justify;\"><span style=\"color: #000000;\">Entre sus proposiciones se destaca el establecimiento de un Banco de dep\u00f3sitos, descuentos y circulaci\u00f3n cuyo objetivo sea la conversi\u00f3n en un solo fondo de toda la deuda exterior e interior. Asimismo propone el establecimiento de una contribuci\u00f3n general para apoyar a los ingresos.<\/span>[read more=&#8221;Ver anexos estad\u00edsticos&#8221; less=&#8221;ver menos&#8221;]<\/p>\n<p><strong><span style=\"color: #0000ff;\">Anexos<\/span><\/strong><\/p>\n<p>Presupuestos, Resumen General de presupuestos de los gastos [de las secretar\u00edas], 1849, p. 8, Doc. [1] (26)<\/p>\n<p>Presupuesto de gastos, Ministerio de Relaciones Interiores y Exteriores, 1849, pp. 9-20, Doc. [2] (26)<\/p>\n<p>Presupuesto de gastos, Ministerio de Justicia y Negocios Eclesi\u00e1sticos, 1849, pp. 21-38, Doc. [3] (26)<\/p>\n<p>Presupuesto de gastos, Secretar\u00eda de Hacienda, 1849, pp. 39-68, Doc. [4] (26)<\/p>\n<p>Presupuesto de gastos, Ministerio de Guerra y Marina, 1849, pp. 69-110, Doc. [5] (26)<\/p>\n<p>Presupuesto, Nota aclarativa sobre el presupuesto de gastos para el a\u00f1o 1849, pp. 111-112, Doc. [6] (26)<\/p>\n<p>[\/read]<\/p>\n<div><\/div>\n","protected":false},"excerpt":{"rendered":"<p>(26) Exposici\u00f3n con que el Excelent\u00edsimo Sr. ministro de Hacienda present\u00f3 a la C\u00e1mara de Diputados de la naci\u00f3n el d\u00eda 2 de enero de 1849, el presupuesto general de gastos para el mismo a\u00f1o. M\u00e9xico, Imprenta de Vicente G. Torres, 1849, 112 pp. (los anexos inician a partir de la p.8). Firmada por Manuel<\/p>\n<p><a href=\"https:\/\/memoriasdehacienda.institutomora.edu.mx\/?page_id=597\" class=\"more-link themebutton\">Read More<\/a><\/p>\n","protected":false},"author":2,"featured_media":0,"parent":0,"menu_order":0,"comment_status":"closed","ping_status":"closed","template":"","meta":[],"_links":{"self":[{"href":"https:\/\/memoriasdehacienda.institutomora.edu.mx\/index.php?rest_route=\/wp\/v2\/pages\/597"}],"collection":[{"href":"https:\/\/memoriasdehacienda.institutomora.edu.mx\/index.php?rest_route=\/wp\/v2\/pages"}],"about":[{"href":"https:\/\/memoriasdehacienda.institutomora.edu.mx\/index.php?rest_route=\/wp\/v2\/types\/page"}],"author":[{"embeddable":true,"href":"https:\/\/memoriasdehacienda.institutomora.edu.mx\/index.php?rest_route=\/wp\/v2\/users\/2"}],"replies":[{"embeddable":true,"href":"https:\/\/memoriasdehacienda.institutomora.edu.mx\/index.php?rest_route=%2Fwp%2Fv2%2Fcomments&post=597"}],"version-history":[{"count":6,"href":"https:\/\/memoriasdehacienda.institutomora.edu.mx\/index.php?rest_route=\/wp\/v2\/pages\/597\/revisions"}],"predecessor-version":[{"id":8199,"href":"https:\/\/memoriasdehacienda.institutomora.edu.mx\/index.php?rest_route=\/wp\/v2\/pages\/597\/revisions\/8199"}],"wp:attachment":[{"href":"https:\/\/memoriasdehacienda.institutomora.edu.mx\/index.php?rest_route=%2Fwp%2Fv2%2Fmedia&parent=597"}],"curies":[{"name":"wp","href":"https:\/\/api.w.org\/{rel}","templated":true}]}}