{"id":657,"date":"2016-04-07T13:26:03","date_gmt":"2016-04-07T19:26:03","guid":{"rendered":"http:\/\/memoriasdehacienda.colmex.mx\/mhwp\/?page_id=657"},"modified":"2017-08-07T14:43:21","modified_gmt":"2017-08-07T20:43:21","slug":"memoria-56","status":"publish","type":"page","link":"https:\/\/memoriasdehacienda.institutomora.edu.mx\/?page_id=657","title":{"rendered":"Memoria 56 (16 de septiembre de 1874)"},"content":{"rendered":"<p style=\"text-align: justify;\"><strong><span style=\"font-size: 11pt; color: #ff6600;\">(56) Informe presentado al Congreso de la Uni\u00f3n el 16 de septiembre de 1874, en cumplimiento del precepto constitucional por el c. Francisco Mej\u00eda, secretario de Estado y del despacho de Hacienda y Cr\u00e9dito p\u00fablico de los Estados-Unidos Mexicanos. 1873-1874. M\u00e9xico, Imprenta del Gobierno, en Palacio, 1874, ccxciii+379 pp., cuadros, tablas, mapas.<\/span><\/strong><\/p>\n<p style=\"text-align: justify;\"><span style=\"color: #000000;\">Firmada por Francisco Mej\u00eda.<\/span><\/p>\n<p style=\"text-align: justify;\"><span style=\"color: #000000;\">Per\u00edodo: julio de 1873-junio de 1874.<\/span><\/p>\n<p style=\"text-align: justify;\"><span style=\"color: #000000;\">Se localiza: <span class=\"tooltips \" style=\"\" title=\"Biblioteca &quot;Miguel Lerdo de Tejada&quot;, Secretar\u00eda de Hacienda y Cr\u00e9dito P\u00fablico.\">BH<\/span>, <span class=\"tooltips \" style=\"\" title=\"Biblioteca del Archivo General de la Naci\u00f3n, M\u00e9xico.\">BAGN<\/span>, <span class=\"tooltips \" style=\"\" title=\"Biblioteca del Instituto de Investigaciones &quot;Dr. Jos\u00e9 Mar\u00eda Luis Mora&quot; (material en micropel\u00edcula).\">BIM-Mfilm<\/span>, <span class=\"tooltips \" style=\"\" title=\"Biblioteca &quot;Daniel Cos\u00edo Villegas&quot;, El Colegio de M\u00e9xico (material en micropel\u00edcula).\">BColmex-Mfilm<\/span>. <\/span><\/p>\n<p style=\"text-align: justify;\"><strong><span style=\"color: #000000;\">Tiene anexos, cuadros y tablas.<\/span><\/strong><\/p>\n<p style=\"text-align: justify;\"><strong><span style=\"color: #000000;\">S\u00edntesis del contenido:<\/span><\/strong><\/p>\n<p style=\"text-align: justify;\"><span style=\"color: #000000;\">Esta memoria de Francisco Mej\u00eda tambi\u00e9n proporciona informaci\u00f3n pormenorizada de las operaciones realizadas en las siete secciones de la Secretar\u00eda,<a style=\"color: #000000;\" title=\"\" href=\"http:\/\/memoriasdehacienda.colmex.mx\/index.php\/84#_ftn1\">[1]<\/a> lo que permite apreciar la continuidad de las operaciones hacend\u00edsticas entre 1871 y 1874 debido a que los tres informes est\u00e1n presentados siguiendo un mismo esquema.<\/span><\/p>\n<p style=\"text-align: justify;\"><span style=\"color: #000000;\">Los t\u00f3picos que se destacan en esta memoria son los siguientes: el establecimiento de un departamento que se ocupara exclusivamente de la revisi\u00f3n de ajustes de las importaciones ya que \u00e9stas prove\u00edan casi la mitad de los ingresos federales; la importancia del papel sellado como una de las fuentes m\u00e1s abundantes de los ingresos federales; y el hecho notable de que se hubiera logrado tener al corriente los sueldos de los servidos civiles y militares, logrando contar con su fidelidad y honradez. Adem\u00e1s, en esta memoria se incluyen datos sobre la hacienda p\u00fablica de los Estados correspondientes a los tres \u00faltimos ejercicios fiscales: en estos casos los a\u00f1os fiscales var\u00edan para cada entidad, en algunos casos coincidiendo con los a\u00f1os civiles pero en otros no. Los rubros que se destacan son los presupuestos de ingresos y egresos, y el movimiento de los caudales p\u00fablicos.<\/span>[read more=&#8221;Ver anexos estad\u00edsticos&#8221; less=&#8221;ver menos&#8221;]<\/p>\n<p>&nbsp;<\/p>\n<p><strong><span style=\"color: #0000ff;\">Cuadros incluidos en la parte expositiva:<\/span><\/strong><\/p>\n<p>&nbsp;<\/p>\n<p>Noticia de los expedientes de comiso por aduanas, jul. 1873-jun. 1874, p. XI, (<strong>56<\/strong>)<\/p>\n<p>Contribuciones Directas, Cuadro comparativo del producto de, jul. 1872-jun. 1873 y jul 1873-jun. 1874, p. L, (<strong>56<\/strong>)<\/p>\n<p>Loter\u00edas, Cuadro de lo productos habidos en los Estados por el impuesto del 10% sobre premios de, jul. 1873-jun. 1874, p. LXIV, (<strong>56<\/strong>)<\/p>\n<p>Cuenta erario del p\u00fablica, (Cuadro comparativo del egreso del erario nacional), jul. 1873-jun. 1874 y jul. 1874-jun. 1875, p. XCVIII, (<strong>56<\/strong>)<\/p>\n<p>Presupuesto de ingresos, jul. 1874-jun. 1875, p. C, (<strong>56<\/strong>)<\/p>\n<p>Ramos menores, jul. 1873-jun. 1874 y jul. 1874-jun. 1875, p. CIV, (<strong>56<\/strong>)<\/p>\n<p>Presupuesto, Cuadro comparativo de los ramos de egresos del, jul. 1872-jun. 1873 y jul. 1873-jun. 1874, p. CIX, (<strong>56<\/strong>)<\/p>\n<p>Rectificaci\u00f3n de la cuenta de ingresos, jul. 1872-jun. 1873:<\/p>\n<p>Aduanas mar\u00edtimas y fronterizas, Resumen de los productos de las, hechas las deducciones y comprendidos los rezagos, jul. 1872-jun. 1873, p. CXI, (<strong>56<\/strong>)<\/p>\n<p>Rentas de la federales, Administraci\u00f3n Principal de Rentas, comprendiendo los rezagos, jul. 1872-jun. 1873, p. CXII, (<strong>56<\/strong>)<\/p>\n<p>Papel sellado, Administraci\u00f3n principal, jul. 1872-jun. 1873, p. CXII, (<strong>56<\/strong>)<\/p>\n<p>Contribuciones directas del Distrito, comparados los rezagos y las deducciones, jul. 1872-jun. 1873, p. CXII, (<strong>56<\/strong>)<\/p>\n<p>Bienes Nacionales, jul. 1872-jun. 1873, p. CXIII, (<strong>56<\/strong>)<\/p>\n<p>Derechos de fundici\u00f3n, amonedaci\u00f3n y ensaye, jul. 1872-jun. 1873, p. CXIII, (<strong>56<\/strong>)<\/p>\n<p>Productos de Instrucci\u00f3n P\u00fablica, jul. 1872-jun. 1873, p. CXIII, (<strong>56<\/strong>)<\/p>\n<p>Impuesto sobre carruajes, jul. 1872-jun. 1873, p. CXIII, (<strong>56<\/strong>)<\/p>\n<p>Correos, Productos de, jul. 1872-jun. 1873, p. CXIV, (<strong>56<\/strong>)<\/p>\n<p>Ramos Menores, jul. 1872-jun. 1873, p. CXV, (<strong>56<\/strong>)<\/p>\n<p>Cuenta del erario federal, Resumen general ingresos, jul. 1872-jun. 1873, p. CXV, (<strong>56<\/strong>)<\/p>\n<p>Aduanas mar\u00edtimas y fronterizas, Productos pormenorizados de las, jul. 1872-jun. 1873, p. CXV, (<strong>56<\/strong>)<\/p>\n<p>Estados, Estad\u00edstica fiscal de los, 1872-1875, p. CXXIX, (<strong>56<\/strong>)<\/p>\n<p><strong>Documentos anexos<\/strong>:<\/p>\n<p>Secci\u00f3n primera<\/p>\n<p>Decretos, \u00f3rdenes y circulares de la Secci\u00f3n primera y el Departamento de Ajustes, Doc. 1 (<strong>56<\/strong>)<\/p>\n<p>Aduanas mar\u00edtimas, seis cartas geogr\u00e1ficas, (1874) Doc. 2 (<strong>56<\/strong>)<\/p>\n<p>Aduanas fronterizas y contra resguardo, estudios geogr\u00e1ficos, (1872), Doc. 3-4 (<strong>56<\/strong>)<\/p>\n<p>Aduanas mar\u00edtimas, reglas sobre manifiestos y facturas de los capitanes de buques, (1869), Doc. 5 (<strong>56<\/strong>)<\/p>\n<p>Aduanas mar\u00edtimas, sobre las mercanc\u00edas procedentes de Panam\u00e1, (1873), Doc. 6 (<strong>56<\/strong>)<\/p>\n<p>Aduanas mar\u00edtimas, reglas para los transbordos, (1873), Doc. 7 (<strong>56<\/strong>)<\/p>\n<p>Deuda p\u00fablica, Propuesta de los tenedores de bonos para el arreglo de la deuda en Londres, (1874), Doc. 8 (<strong>56<\/strong>)<\/p>\n<p>Secci\u00f3n segunda<\/p>\n<p>Noticia de los cr\u00e9ditos adeudados a mexicanos por los Estados Unidos, (1868), Doc. 9 (<strong>56<\/strong>)<\/p>\n<p>Deuda p\u00fablica, Noticia de los cr\u00e9ditos reconocidos a ciudadanos norteamericanos por el gobierno mexicano, (jul. 1873-jun. 1874), Doc. 10 (<strong>56<\/strong>)<\/p>\n<p>Deuda interna, Noticia de las cantidades recaudadas en las aduanas mar\u00edtimas para el pago de la deuda interna, (1874), Doc. 11 (<strong>56<\/strong>)<\/p>\n<p>Ministerio de Guerra, N\u00f3minas de las clases pasivas y militares, (1874), Doc. 12 (<strong>56<\/strong>)<\/p>\n<p>Inventario del Tesoro federal, (1873), Doc. 13 (<strong>56<\/strong>)<\/p>\n<p>Secci\u00f3n tercera<\/p>\n<p>Reglamento del catastro del Distrito Federal, (1874), Doc. 14 (<strong>56<\/strong>)<\/p>\n<p>Capitales en favor del erario (Instrucci\u00f3n P\u00fablica), (jul. 1873-jun. 1874), Doc. 15<\/p>\n<p>Herencias transversales, (jul. 1873-jun. 1874), Doc. 16 (<strong>56<\/strong>)<\/p>\n<p>Jefaturas de Hacienda, movimiento de caudales por Estados, (jul. 1873-jun. 1874), Doc. 17 (<strong>56<\/strong>)<\/p>\n<p>Loter\u00edas, Noticia de las loter\u00edas que existen en M\u00e9xico, (jul. 1873-jun. 1874), Doc. 18 (<strong>56<\/strong>)<\/p>\n<p>Secci\u00f3n cuarta<\/p>\n<p>Deuda p\u00fablica interna, pago a acreedores, jul. 1872-jun. 1873 y jul. 1873-jun. 1874, Doc. 19 (<strong>56<\/strong>)<\/p>\n<p>Secci\u00f3n quinta<\/p>\n<p>Cuenta del erario federal, Estado general de ingresos y egresos, jul. 1873-jun. 1874, Doc. 20 (<strong>56<\/strong>)<\/p>\n<p>Acu\u00f1aci\u00f3n, Casas de Moneda, jul. 1872-jun. 1873 y jul. 1873-jun. 1874, Doc. 21 (<strong>56<\/strong>)<\/p>\n<p>Bienes nacionalizados, jul. 1873-jun. 1874, Doc. 22 (<strong>56<\/strong>)<\/p>\n<p>Escribanos, Noticia de los funcionarios que tienen protocolos corrientes, poblaciones de ubicaci\u00f3n y encargados de los oficios de hipotecas y n\u00famero de protocolos por Estado, (1874) Doc. 23 (<strong>56<\/strong>)<\/p>\n<p>Escribanos, Noticia en orden alfab\u00e9tico, corregida y adicionada, de los escribanos que han formado protocolos, (1525-1874), Doc. 24 (<strong>56<\/strong>)<\/p>\n<p>Desamortizaci\u00f3n, Noticia de los conventos que existen en la rep\u00fablica mexicana y su destino por Estados, Doc. 25-26 (<strong>56<\/strong>)<\/p>\n<p>Desamortizaci\u00f3n, Relaci\u00f3n de las iglesias, capillas, conventos y establecimientos de instrucci\u00f3n y beneficencia que existen en el Distrito Federal a cargo de las corporaciones antes y despu\u00e9s de las leyes de Reforma, Doc. 27 (<strong>56<\/strong>)<\/p>\n<div>\n<p>&nbsp;<\/p>\n<hr size=\"1\" width=\"33%\" \/>\n<div>\n<p class=\"Textodenotaalpie\">\u00a0\u00a0\u00a0\u00a0[1]\u00a0\u00a0 Las siete secciones eran: Aduanas Mar\u00edtimas y Fronterizas,\u00a0 Cr\u00e9dito P\u00fablico, Contribuciones, Presupuestos, Estad\u00edstica y Contabilidad, Bienes Nacionalizados, y Archivo.<\/p>\n<\/div>\n<\/div>\n<p>[\/read]<\/p>\n<div><\/div>\n","protected":false},"excerpt":{"rendered":"<p>(56) Informe presentado al Congreso de la Uni\u00f3n el 16 de septiembre de 1874, en cumplimiento del precepto constitucional por el c. Francisco Mej\u00eda, secretario de Estado y del despacho de Hacienda y Cr\u00e9dito p\u00fablico de los Estados-Unidos Mexicanos. 1873-1874. M\u00e9xico, Imprenta del Gobierno, en Palacio, 1874, ccxciii+379 pp., cuadros, tablas, mapas. Firmada por Francisco<\/p>\n<p><a href=\"https:\/\/memoriasdehacienda.institutomora.edu.mx\/?page_id=657\" class=\"more-link themebutton\">Read More<\/a><\/p>\n","protected":false},"author":2,"featured_media":0,"parent":0,"menu_order":0,"comment_status":"closed","ping_status":"closed","template":"","meta":[],"_links":{"self":[{"href":"https:\/\/memoriasdehacienda.institutomora.edu.mx\/index.php?rest_route=\/wp\/v2\/pages\/657"}],"collection":[{"href":"https:\/\/memoriasdehacienda.institutomora.edu.mx\/index.php?rest_route=\/wp\/v2\/pages"}],"about":[{"href":"https:\/\/memoriasdehacienda.institutomora.edu.mx\/index.php?rest_route=\/wp\/v2\/types\/page"}],"author":[{"embeddable":true,"href":"https:\/\/memoriasdehacienda.institutomora.edu.mx\/index.php?rest_route=\/wp\/v2\/users\/2"}],"replies":[{"embeddable":true,"href":"https:\/\/memoriasdehacienda.institutomora.edu.mx\/index.php?rest_route=%2Fwp%2Fv2%2Fcomments&post=657"}],"version-history":[{"count":5,"href":"https:\/\/memoriasdehacienda.institutomora.edu.mx\/index.php?rest_route=\/wp\/v2\/pages\/657\/revisions"}],"predecessor-version":[{"id":8286,"href":"https:\/\/memoriasdehacienda.institutomora.edu.mx\/index.php?rest_route=\/wp\/v2\/pages\/657\/revisions\/8286"}],"wp:attachment":[{"href":"https:\/\/memoriasdehacienda.institutomora.edu.mx\/index.php?rest_route=%2Fwp%2Fv2%2Fmedia&parent=657"}],"curies":[{"name":"wp","href":"https:\/\/api.w.org\/{rel}","templated":true}]}}