{"id":659,"date":"2016-04-07T13:26:34","date_gmt":"2016-04-07T19:26:34","guid":{"rendered":"http:\/\/memoriasdehacienda.colmex.mx\/mhwp\/?page_id=659"},"modified":"2017-08-08T11:36:34","modified_gmt":"2017-08-08T17:36:34","slug":"memoria-57","status":"publish","type":"page","link":"https:\/\/memoriasdehacienda.institutomora.edu.mx\/?page_id=659","title":{"rendered":"Memoria 57 (16 de septiembre de 1875)"},"content":{"rendered":"<p style=\"text-align: justify;\"><span style=\"font-size: 11pt; color: #ff6600;\"><strong>(57) \u00a0Informe presentado al Congreso de la Uni\u00f3n el 16 de septiembre de 1875, en cumplimiento del precepto constitucional por el c. Francisco Mej\u00eda, secretario de Estado y del despacho de Hacienda y Cr\u00e9dito P\u00fablico de los Estados-Unidos Mexicanos. 1874-1875. M\u00e9xico, Impreso por C. Velasco e Hijos, 1875, 314+ccclxxv pp., cuadros, tablas.<\/strong><\/span><\/p>\n<p style=\"text-align: justify;\"><span style=\"color: #000000;\">Firmada por Francisco Mej\u00eda .<\/span><\/p>\n<p style=\"text-align: justify;\"><span style=\"color: #000000;\">Per\u00edodo: julio de 1874-junio de 1875.<\/span><\/p>\n<p style=\"text-align: justify;\"><span style=\"color: #000000;\">Se localiza: <span class=\"tooltips \" style=\"\" title=\"Biblioteca &quot;Miguel Lerdo de Tejada&quot;, Secretar\u00eda de Hacienda y Cr\u00e9dito P\u00fablico.\">BH<\/span>, <span class=\"tooltips \" style=\"\" title=\"Biblioteca del Archivo General de la Naci\u00f3n, M\u00e9xico.\">BAGN<\/span>, <span class=\"tooltips \" style=\"\" title=\"Biblioteca del Instituto de Investigaciones &quot;Dr. Jos\u00e9 Mar\u00eda Luis Mora&quot; (material en micropel\u00edcula).\">BIM-Mfilm<\/span>, <span class=\"tooltips \" style=\"\" title=\"Biblioteca &quot;Daniel Cos\u00edo Villegas&quot;, El Colegio de M\u00e9xico (material en micropel\u00edcula).\">BColmex-Mfilm<\/span>. <\/span><\/p>\n<p style=\"text-align: justify;\"><span style=\"color: #000000;\"><strong>Tiene anexos, cuadros y tablas.<\/strong><\/span><\/p>\n<p style=\"text-align: justify;\"><span style=\"color: #000000;\"><strong>S\u00edntesis del contenido:<\/strong><\/span><\/p>\n<p style=\"text-align: justify;\"><span style=\"color: #000000;\">Destaca que el ramo m\u00e1s importante de la hacienda p\u00fablica era el ramo de Aduanas, base fundamental de la organizaci\u00f3n fiscal y parte trascendental de la pol\u00edtica. No obstante, agrega el ministro, que durante 1874-75 se realizaron diversos esfuerzas para una apertura controlada del comercio exterior que impulsara el desarrollo agr\u00edcola, industrial y minero, intentando que ello perjudicara lo menos posible los ingresos aduanales. Subraya la falta de personal pero a\u00f1ade que durante dicho a\u00f1o se logr\u00f3 una mayor vigilancia y se crearon nuevos establecimientos.<\/span><\/p>\n<p style=\"text-align: justify;\"><span style=\"color: #000000;\">La aduana m\u00e1s importante del pa\u00eds era la de Veracruz que recaudaba por concepto de derechos de importaci\u00f3n un monto superior a los seis millones de pesos. Luego le segu\u00edan Guaymas, Manzanillo, Mazatl\u00e1n, Matamoros, Progreso, Acapulco y Tampico, que alcanzaban una recaudaci\u00f3n por impuestos a la importaci\u00f3n de entre 600 mil a 200 mil pesos. Las dem\u00e1s aduanas presentaban ingresos m\u00e1s bajos que las mencionadas. En todas las aduanas se impuls\u00f3 la funci\u00f3n de los contraresguardos para eliminar el contrabando, a la vez que se trataba de reformar el arancel y uniformar todo el sistema nacional de acuerdo a las normas vigentes en Veracruz. Los derechos de algunas aduanas se destinaron al pago de las subvenciones para los ferrocarriles.<\/span><\/p>\n<p style=\"text-align: justify;\"><span style=\"color: #000000;\">Otro ramo importante era el de la deuda. La deuda exterior estaba en parcial moratoria ya que no se hab\u00eda logrado un acuerdo con los tenedores de bonos, especialmente ingleses y espa\u00f1oles. En cambio, la deuda con Estados Unidos estaba siendo liquidada. En lo que se refer\u00eda a la deuda interior se hizo un recuento de los cr\u00e9ditos reconocidos mediante el plazo se\u00f1alado por las leyes de noviembre de 1867 y 1868, mismas que hab\u00edan quedado pendientes hasta diciembre de 1871. No se admitieron reclamaciones posteriores.<\/span><\/p>\n<p style=\"text-align: justify;\"><span style=\"color: #000000;\">Por lo que toca a la recaudaci\u00f3n de impuestos, esta Memoria destaca la expedici\u00f3n del impuesto de la renta del timbre, que sustitu\u00eda al del papel sellado. La Ley del Timbre se aprob\u00f3 en diciembre de 1874 y empez\u00f3 a funcionar en enero siguiente. Fue adoptada en forma gradual por los estados, aunque algunos manifestaron cierta oposici\u00f3n por considerarla lesiva al federalismo. Adem\u00e1s, el cobro de la contribuci\u00f3n directa iba siendo practic\u00e1ndose con regularidad, pero como \u00e9sta segu\u00eda siendo objeto de fraudes y desigualdades de cobro, el ministro propon\u00eda tres medidas: 1) separaci\u00f3n absoluta de las operaciones denominadas de Asiento respecto de las simples de recaudaci\u00f3n; 2) formaci\u00f3n del catastro del Distrito Federal; 3) supresi\u00f3n de la contribuci\u00f3n profesional uniforme, sustituy\u00e9ndola por otra que se basara en un porcentaje m\u00ednimo de los sueldos de las profesiones.<\/span><\/p>\n<p style=\"text-align: justify;\"><span style=\"color: #000000;\">Otras medidas de trascendencia fueron: eliminar los contratos con particulares para los juegos de loter\u00eda, dejando vigente solamente la loter\u00eda del gobierno cuyos ingresos se destinar\u00edan a la construcci\u00f3n de ferrocarriles; recobrar en definitiva las casas de Moneda, quedando s\u00f3lo en arrendamiento la de la capital del pa\u00eds, misma que deb\u00eda volver a manos del gobierno en abril de 1877; subvencionar cuatro l\u00edneas de vapores para el comercio y el transporte; arrendar las salinas; continuar con el incremento de v\u00edas de comunicaci\u00f3n, sobre todo en tel\u00e9grafos, caminos y puentes.<\/span><\/p>\n<p style=\"text-align: justify;\"><span style=\"color: #000000;\">El ministro conclu\u00eda que en cuanto se vigilara el cumplimiento y la puesta en pr\u00e1ctica de estas disposiciones, habr\u00eda esperanzas en torno al futuro nacional.<\/span>[read more=&#8221;Ver anexos estad\u00edsticos&#8221; less=&#8221;ver menos&#8221;]<\/p>\n<p>&nbsp;<\/p>\n<p><strong><span style=\"color: #0000ff;\">Cuadros incluidos en la parte expositiva:<\/span><\/strong><\/p>\n<p>&nbsp;<\/p>\n<p>Aduanas Mar\u00edtimas y Fronterizas, Productos pormenorizados de las, jul. 1872-jun. 1873 y jul. 1873-jun. 1874, p. 21, (<strong>57<\/strong>)<\/p>\n<p>Aduanas Mar\u00edtimas y Fronterizas, Resumen de los productos ingresados por las, jul. 1872-jun. 1873 y jul. 1873-jun. 1874, p. 28, (<strong>57<\/strong>)<\/p>\n<p>Aduanas Mar\u00edtimas y Fronterizas, Resultado obtenido de observaciones hechas a las aduanas mar\u00edtimas y fronterizas por el Departamento de revisi\u00f3n de ajustes, jun. 1874 y jul. 1874-jun. 1875, p. 58, (<strong>57<\/strong>)<\/p>\n<p>Contribuciones del Distrito, Estado comparativo de los leg\u00edtimos productos que por ramos federales y municipales, de cuenta corriente y rezagos, tuvo la Direcci\u00f3n de, jul. 1873-jun. 1874 y jul. 1874-jun. 1875, p. 101, (<strong>57<\/strong>)<\/p>\n<p>Loter\u00edas, Productos de loter\u00edas de los Estados, p. jul. 1873-jun. 1874, p. 159, (<strong>57<\/strong>)<\/p>\n<p>Presupuesto de ingresos, jul 1875-jun. 1876, p. 183, (<strong>57<\/strong>)<\/p>\n<p>Presupuesto de egresos, jul 1875-jun. 1876, p. 188, (<strong>57<\/strong>)<\/p>\n<p>Cuenta del erario federal, Estado general de los ingresos y egresos de la federaci\u00f3n, jul. 1873-jun. 1874, p. 215, (<strong>57<\/strong>)<\/p>\n<p>Acu\u00f1aci\u00f3n de moneda, (1821-1873, jul. 1873-jun. 1874 y jul. 1874-jun. 1875)<\/p>\n<p><strong>Documentos anexos al informe presentado &#8230; el 16 de septiembre de 1875<\/strong>:<\/p>\n<p>Empleados, (1875), Doc. 1 (<strong>57<\/strong>)<\/p>\n<p>Empleados, Ministerio de Hacienda, (1875), Doc. 1 (<strong>57<\/strong>)<\/p>\n<p>Empleados, Tesorer\u00eda General de la Naci\u00f3n, (1875), Doc. 1 (<strong>57<\/strong>)<\/p>\n<p>Empleados, Administraciones Principales de Rentas, (1875), Doc. 1 (<strong>57<\/strong>)<\/p>\n<p>Empleados, Direcci\u00f3n de Contribuciones Directas, (1875), Doc. 1 (<strong>57<\/strong>)<\/p>\n<p>Empleados, Administraci\u00f3n General de la Renta del Timbre, (1875), Doc. 1 (<strong>57<\/strong>)<\/p>\n<p>Empleados, Oficina de Impresi\u00f3n de Estampillas, (1875), Doc. 1 (<strong>57<\/strong>)<\/p>\n<p>Informe del Visitador C. Manuel Sevilla sobre el Departamento de Soconusco (Chiapas, Secci\u00f3n Primera. Visitador de Aduanas, (1875) Doc. 2 (<strong>57<\/strong>)<\/p>\n<p>Franquicias concedidas al Comercio de la Frontera del Sur, jul. 1874-jun. 1875, Doc. 3 (<strong>57<\/strong>)<\/p>\n<p>Aduana de Mazatl\u00e1n en contra de los se\u00f1ores Quintana y Compa\u00f1\u00eda, (1875) Doc. 4 (<strong>57<\/strong>)<\/p>\n<p>Planta y n\u00f3mina de las Aduanas Mar\u00edtimas y Fronterizas, Secci\u00f3n Primera, (1875) Doc. 5 (<strong>57<\/strong>)<\/p>\n<p>Aduana Fronteriza de Frontera del Norte, Ingresos por multas aduanales en la Frontera del Norte, jul. 1874-jun. 1875, Doc. 6 (<strong>57<\/strong>)<\/p>\n<p>Aduana Fronteriza de Frontera del Norte, Noticia de las cantidades remitidas a la Jefatura de Hacienda, jul. 1873-jun. 1874 y jul. 1874-jun. 1875, (Doc. 6) (<strong>57<\/strong>)<\/p>\n<p>Rentas del Distrito Federal, Administraci\u00f3n Principal de las Rentas del Distrito Federal, Seis estados que manifiestan el pormenor de cantidades habidas, jul. 1874-jun. 1875, Doc. 7 (<strong>57<\/strong>)<\/p>\n<p>Importaci\u00f3n, Noticia estad\u00edstica de los efectos nacionales consumidos en el Distrito Federal, jul. 1874-jun. 1875, Doc. 8 (<strong>57<\/strong>)<\/p>\n<p>C\u00e1mara de Comercio de M\u00e9xico, 1875, Doc. 9 (<strong>57<\/strong>)<\/p>\n<p>Aduanas y comercio, circulares y decretos, jul. 1874-jun. 1875, Doc. 10 (<strong>57<\/strong>)<\/p>\n<p>Circulares expedidas por el Departamento de Revisi\u00f3n de Ajustes, jul. 1874-jun. 1875, Doc. 11 (<strong>57<\/strong>)<\/p>\n<p>Comercio exterior, Informe relativo a los buques extranjeros, jul. 1874-jun. 1875, Doc. 12 (<strong>57<\/strong>)<\/p>\n<p>Dos decretos expedidos del arancel de aduanas, (1874), Doc. 13 (<strong>57<\/strong>)<\/p>\n<p>Art\u00edculo del Diario Oficial relativo al Departamento de Revisi\u00f3n de Ajustes, (1875), Doc. 14 (<strong>57<\/strong>)<\/p>\n<p>Renuncia que los empleados del Departamento de ajustes hicieron de las multas que les correspond\u00edan, p. CLXIX, Doc. 15<\/p>\n<p>Deuda externa, Reclamaciones de los ciudadanos americanos reconocidas por la comisi\u00f3n mixta de Washington, (1875), Doc. 16 (<strong>57<\/strong>)<\/p>\n<p>Reclamaciones de los ciudadanos mexicanos reconocidas por la comisi\u00f3n mixta de Washington, (1875), Doc. 17 (<strong>57<\/strong>)<\/p>\n<p>Deuda p\u00fablica, Operaciones practicadas por la Secci\u00f3n Liquidataria Provisional, jul. 1874-jun. 1875, Doc. 18 (<strong>57<\/strong>)<\/p>\n<p>Deuda p\u00fablica, Bonos registrados en la Tesorer\u00eda general de la naci\u00f3n, jul. 1874-jun. 1875, Doc. 19 (<strong>57<\/strong>)<\/p>\n<p>Pensiones, Relaci\u00f3n de los pensionistas civiles y militares del erario federal, jul. 1874-jun. 1875, Doc. 20 (<strong>57<\/strong>)<\/p>\n<p>Moneda de cobre, amortizaci\u00f3n en Sinaloa, jul. 1874-jun. 1875, Doc. 21 (<strong>57<\/strong>)<\/p>\n<p>Contribuciones Directas, Estado general de los ingresos y egresos que ha tenido la Direcci\u00f3n de, jul. 1874-jun. 1875, Doc. 22 (<strong>57<\/strong>)<\/p>\n<p>Modelos para los c\u00e1lculos del catastro para el Distrito Federal, (1875), Doc. 23 (<strong>57<\/strong>)<\/p>\n<p>Municipalidades que comprenden el Distrito Federal, (1875), Doc, 24 (<strong>57<\/strong>)<\/p>\n<p>Contribuciones directas del Distrito Federal, Propiedades valuadas por la secci\u00f3n de catastro, jul. 1874-jun. 1875, Doc. 25 (<strong>57<\/strong>)<\/p>\n<p>Instrucciones para la contabilidad que debe llevarse en las administraciones principales de la renta del timbre, (1875), Doc. 26 (<strong>57<\/strong>)<\/p>\n<p>Papel sellado, Cuatro estados que contienen los ingresos y egresos de las oficinas de la renta del, jul. 1874-jun. 1875, Doc, 27 (<strong>57<\/strong>)<\/p>\n<p>Personal de la administraciones principales del timbre en los Estados, (1875), Doc. 28 (<strong>57<\/strong>)<\/p>\n<p>Timbre (renta del), dos estados Ingresos y egreso, jul. 1874-jun. 1875, Doc. 29 (<strong>57<\/strong>)<\/p>\n<p>Resoluciones a las diversas consultas sobre la ejecuci\u00f3n de la ley del Timbre hasta 4 de marzo de 1875, Doc. 30 (<strong>57<\/strong>)<\/p>\n<p>Informe de la comisi\u00f3n nombrada para iniciar la reforma de la ley del timbre, (1875), Doc. 31 (<strong>57<\/strong>)<\/p>\n<p>Oficina de impresi\u00f3n de estampillas, Movimiento de efectos y caudales en la, jul. 1874-jun. 1875, Doc. 32 (<strong>57<\/strong>)<\/p>\n<p>Deuda p\u00fablica, Capitales que se reconocen (Instrucci\u00f3n P\u00fablica) en la Tesorer\u00eda general de la naci\u00f3n, jul. 1874-jun. 1875, Doc. 33 (<strong>57<\/strong>)<\/p>\n<p>Herencias transversales y manadas para la Biblioteca Nacional, jul. 1874-jun. 1875, Doc. 34 (<strong>57<\/strong>)<\/p>\n<p>Personal de las Jefaturas de Hacienda, (1875), Doc. 35 (<strong>57<\/strong>)<\/p>\n<p>Jefaturas de Hacienda, Ingresos y egresos de las, jul. 1874-jun. 1875, Doc. 36 (<strong>57<\/strong>)<\/p>\n<p>Loter\u00edas que existen en la ciudad de M\u00e9xico, producto del 10%, jul. 1874-jun. 1875, Doc. 37 (<strong>57<\/strong>)<\/p>\n<p>Informe del codificador de las leyes de Hacienda, Lic. Eufemio Mendoza, (1875), Doc. 38 (<strong>57<\/strong>)<\/p>\n<p>Informe de Juli\u00e1n Montiel y Duarte sobre codificaci\u00f3n de las leyes de Hacienda, (1875), Doc. 39 (<strong>57<\/strong>)<\/p>\n<p>Ley de 18 de noviembre de 1873 relativa a la formaci\u00f3n del presupuesto de ingresos y cuenta de egresos, (1875), Doc. 40 (<strong>57<\/strong>)<\/p>\n<p>No existe Doc. 41 (<strong>57<\/strong>)<\/p>\n<p>Acu\u00f1aci\u00f3n habida en las Casas de Moneda, jul. 1874-jun. 1875, Doc. 42 (<strong>57<\/strong>)<\/p>\n<p>Amonedaci\u00f3n habida en las Casas de Moneda, jul. 1874-jun. 1875, Doc. 43 (<strong>57<\/strong>)<\/p>\n<p>Bienes Nacionalizados, jul. 1874-jun. 1875, Doc. 44 (<strong>57<\/strong>)<\/p>\n<p>Noticia de los caballos y mulas comprados, jul. 1874-jun. 1875, Doc. 45 (<strong>57<\/strong>)<\/p>\n<p>Aduanas, Productos de los derechos aduanales, jul. 1874-jun. 1875, Doc. 46 (<strong>57<\/strong>)<\/p>\n<p>[\/read]<\/p>\n<div><\/div>\n","protected":false},"excerpt":{"rendered":"<p>(57) \u00a0Informe presentado al Congreso de la Uni\u00f3n el 16 de septiembre de 1875, en cumplimiento del precepto constitucional por el c. Francisco Mej\u00eda, secretario de Estado y del despacho de Hacienda y Cr\u00e9dito P\u00fablico de los Estados-Unidos Mexicanos. 1874-1875. M\u00e9xico, Impreso por C. Velasco e Hijos, 1875, 314+ccclxxv pp., cuadros, tablas. Firmada por Francisco<\/p>\n<p><a href=\"https:\/\/memoriasdehacienda.institutomora.edu.mx\/?page_id=659\" class=\"more-link themebutton\">Read More<\/a><\/p>\n","protected":false},"author":2,"featured_media":0,"parent":0,"menu_order":0,"comment_status":"closed","ping_status":"closed","template":"","meta":[],"_links":{"self":[{"href":"https:\/\/memoriasdehacienda.institutomora.edu.mx\/index.php?rest_route=\/wp\/v2\/pages\/659"}],"collection":[{"href":"https:\/\/memoriasdehacienda.institutomora.edu.mx\/index.php?rest_route=\/wp\/v2\/pages"}],"about":[{"href":"https:\/\/memoriasdehacienda.institutomora.edu.mx\/index.php?rest_route=\/wp\/v2\/types\/page"}],"author":[{"embeddable":true,"href":"https:\/\/memoriasdehacienda.institutomora.edu.mx\/index.php?rest_route=\/wp\/v2\/users\/2"}],"replies":[{"embeddable":true,"href":"https:\/\/memoriasdehacienda.institutomora.edu.mx\/index.php?rest_route=%2Fwp%2Fv2%2Fcomments&post=659"}],"version-history":[{"count":6,"href":"https:\/\/memoriasdehacienda.institutomora.edu.mx\/index.php?rest_route=\/wp\/v2\/pages\/659\/revisions"}],"predecessor-version":[{"id":8287,"href":"https:\/\/memoriasdehacienda.institutomora.edu.mx\/index.php?rest_route=\/wp\/v2\/pages\/659\/revisions\/8287"}],"wp:attachment":[{"href":"https:\/\/memoriasdehacienda.institutomora.edu.mx\/index.php?rest_route=%2Fwp%2Fv2%2Fmedia&parent=659"}],"curies":[{"name":"wp","href":"https:\/\/api.w.org\/{rel}","templated":true}]}}