{"id":7491,"date":"2016-12-14T15:47:09","date_gmt":"2016-12-14T21:47:09","guid":{"rendered":"http:\/\/memoriasdehacienda.colmex.mx\/mhwp\/?page_id=7491"},"modified":"2016-12-14T15:47:58","modified_gmt":"2016-12-14T21:47:58","slug":"aguirre-jose-maria-1788-1852","status":"publish","type":"page","link":"https:\/\/memoriasdehacienda.institutomora.edu.mx\/?page_id=7491","title":{"rendered":"Aguirre, Jos\u00e9 Mar\u00eda (1788-1852)"},"content":{"rendered":"<p>Encargado de Hacienda:<\/p>\n<p>Del 29 de marzo al 28 de abril de 1851.<\/p>\n<p>&nbsp;<\/p>\n<p>Jurisconsulto y eclesi\u00e1stico, naci\u00f3 en la capital de M\u00e9xico en el a\u00f1o de 1788, de Isidro Aguirre. abogado, y de Mar\u00eda Josefa Casela. Estudio en el Colegio de Abogados y en 1802, ante la Real Audiencia, obtuvo el t\u00edtulo respectivo, dos a\u00f1os m\u00e1s tarde recibi\u00f3 el grado de Doctor en Derecho Civil. Despu\u00e9s de ocupar varios cargos dentro de la Iglesia novohispana, en 1817 visti\u00f3 los h\u00e1bitos eclesi\u00e1sticos para desempe\u00f1ar todas las funciones del sacerdocio.<\/p>\n<p>Simpatizante del movimiento insurgente, consumada la emancipaci\u00f3n de M\u00e9xico, form\u00f3 parte de la Asamblea de Notables, contribuy\u00f3 a la formaci\u00f3n de las Bases Org\u00e1nicas, m\u00e1s tarde fue electo &#8220;Senador&#8221;.[1]<\/p>\n<p>Cuando ocup\u00f3 el cargo de ministro de Hacienda bajo la presidencia federalista de Mariano Arista, enfrent\u00f3 una grave crisis fiscal, Aguirre propuso mejorar la situaci\u00f3n hacendaria introduciendo un nuevo impuesto sobre exportaciones pero fracas\u00f3 debido a la oposici\u00f3n de los Conservadores y la falta de apoyo en el Congreso. Tambi\u00e9n propuso que se hipotecaran las propiedades de la Iglesia para obtener ingresos para el gobierno (siguiendo en esto a su antecesor Jos\u00e9 Ignacio Esteva y Gonz\u00e1lez). Al mismo tiempo, intent\u00f3 que se suspendieran los pagos sobre la deuda interna lo que provoc\u00f3 conflictos con la comunidad de acreedores. Falleci\u00f3 en 1852<\/p>\n<div>\n<p>&nbsp;<\/p>\n<hr size=\"1\" width=\"33%\" \/>\n<div>\n<p class=\"Textodenotaalpie\">\u00a0\u00a0\u00a0\u00a0[1]\u00a0\u00a0\u00a0 M\u00e9xico a trav\u00e9s de los siglos. Diccionario, A-J, p.18<\/p>\n<p class=\"Textodenotaalpie\">\u00a0\u00a0\u00a0\u00a0\u00a0\u00a0\u00a0\u00a0\u00a0\u00a0\u00a0 \u00a0\u00a0\u00a0\u00a0\u00a0 Diccionario universal de Historia y geograf\u00eda, T. I, 1853. pp. 86 y 87.<\/p>\n<\/div>\n<\/div>\n","protected":false},"excerpt":{"rendered":"<p>Encargado de Hacienda: Del 29 de marzo al 28 de abril de 1851. &nbsp; Jurisconsulto y eclesi\u00e1stico, naci\u00f3 en la capital de M\u00e9xico en el a\u00f1o de 1788, de Isidro Aguirre. abogado, y de Mar\u00eda Josefa Casela. Estudio en el Colegio de Abogados y en 1802, ante la Real Audiencia, obtuvo el t\u00edtulo respectivo, dos<\/p>\n<p><a href=\"https:\/\/memoriasdehacienda.institutomora.edu.mx\/?page_id=7491\" class=\"more-link themebutton\">Read More<\/a><\/p>\n","protected":false},"author":1,"featured_media":0,"parent":0,"menu_order":0,"comment_status":"closed","ping_status":"closed","template":"","meta":[],"_links":{"self":[{"href":"https:\/\/memoriasdehacienda.institutomora.edu.mx\/index.php?rest_route=\/wp\/v2\/pages\/7491"}],"collection":[{"href":"https:\/\/memoriasdehacienda.institutomora.edu.mx\/index.php?rest_route=\/wp\/v2\/pages"}],"about":[{"href":"https:\/\/memoriasdehacienda.institutomora.edu.mx\/index.php?rest_route=\/wp\/v2\/types\/page"}],"author":[{"embeddable":true,"href":"https:\/\/memoriasdehacienda.institutomora.edu.mx\/index.php?rest_route=\/wp\/v2\/users\/1"}],"replies":[{"embeddable":true,"href":"https:\/\/memoriasdehacienda.institutomora.edu.mx\/index.php?rest_route=%2Fwp%2Fv2%2Fcomments&post=7491"}],"version-history":[{"count":3,"href":"https:\/\/memoriasdehacienda.institutomora.edu.mx\/index.php?rest_route=\/wp\/v2\/pages\/7491\/revisions"}],"predecessor-version":[{"id":7494,"href":"https:\/\/memoriasdehacienda.institutomora.edu.mx\/index.php?rest_route=\/wp\/v2\/pages\/7491\/revisions\/7494"}],"wp:attachment":[{"href":"https:\/\/memoriasdehacienda.institutomora.edu.mx\/index.php?rest_route=%2Fwp%2Fv2%2Fmedia&parent=7491"}],"curies":[{"name":"wp","href":"https:\/\/api.w.org\/{rel}","templated":true}]}}

Aguirre, José María (1788-1852)

<p>Encargado de Hacienda:</p>
<p>Del 29 de marzo al 28 de abril de 1851.</p>
<p>&nbsp;</p>
<p>Jurisconsulto y eclesiástico, nació en la capital de México en el año de 1788, de Isidro Aguirre. abogado, y de María Josefa Casela. Estudio en el Colegio de Abogados y en 1802, ante la Real Audiencia, obtuvo el título respectivo, dos años más tarde recibió el grado de Doctor en Derecho Civil. Después de ocupar varios cargos dentro de la Iglesia novohispana, en 1817 vistió los hábitos eclesiásticos para desempeñar todas las funciones del sacerdocio.</p>
<p>Simpatizante del movimiento insurgente, consumada la emancipación de México, formó parte de la Asamblea de Notables, contribuyó a la formación de las Bases Orgánicas, más tarde fue electo &#8220;Senador&#8221;.[1]</p>
<p>Cuando ocupó el cargo de ministro de Hacienda bajo la presidencia federalista de Mariano Arista, enfrentó una grave crisis fiscal, Aguirre propuso mejorar la situación hacendaria introduciendo un nuevo impuesto sobre exportaciones pero fracasó debido a la oposición de los Conservadores y la falta de apoyo en el Congreso. También propuso que se hipotecaran las propiedades de la Iglesia para obtener ingresos para el gobierno (siguiendo en esto a su antecesor José Ignacio Esteva y González). Al mismo tiempo, intentó que se suspendieran los pagos sobre la deuda interna lo que provocó conflictos con la comunidad de acreedores. Falleció en 1852</p>
<div>
<p>&nbsp;</p>
<hr size="1" width="33%" />
<div>
<p class="Textodenotaalpie">    [1]    México a través de los siglos. Diccionario, A-J, p.18</p>
<p class="Textodenotaalpie">                  Diccionario universal de Historia y geografía, T. I, 1853. pp. 86 y 87.</p>
</div>
</div>

<p>Encargado de Hacienda: Del 29 de marzo al 28 de abril de 1851. &nbsp; Jurisconsulto y eclesiástico, nació en la capital de México en el año de 1788, de Isidro Aguirre. abogado, y de María Josefa Casela. Estudio en el Colegio de Abogados y en 1802, ante la Real Audiencia, obtuvo el título respectivo, dos</p>
<p><a href="https://memoriasdehacienda.institutomora.edu.mx/?page_id=7491" class="more-link themebutton">Read More</a></p>
