{"id":7531,"date":"2017-02-15T12:41:13","date_gmt":"2017-02-15T18:41:13","guid":{"rendered":"http:\/\/memoriasdehacienda.colmex.mx\/mhwp\/?page_id=7531"},"modified":"2017-02-15T13:03:21","modified_gmt":"2017-02-15T19:03:21","slug":"arrangoiz-y-berzabal-francisco-de-paula-1812-1889","status":"publish","type":"page","link":"https:\/\/memoriasdehacienda.institutomora.edu.mx\/?page_id=7531","title":{"rendered":"Arrangoiz y Berzabal, Francisco de Paula (1812?-1889)"},"content":{"rendered":"<p>Ministro de Hacienda:<\/p>\n<p><img loading=\"lazy\" class=\"size-full wp-image-7541 alignright\" src=\"https:\/\/memoriasdehacienda.institutomora.edu.mx\/wp-content\/uploads\/depaula.jpg\" alt=\"depaula\" width=\"171\" height=\"230\" srcset=\"https:\/\/memoriasdehacienda.institutomora.edu.mx\/wp-content\/uploads\/depaula.jpg 171w, https:\/\/memoriasdehacienda.institutomora.edu.mx\/wp-content\/uploads\/depaula-112x150.jpg 112w\" sizes=\"(max-width: 171px) 100vw, 171px\" \/>Del 24 de marzo al 14 de julio de 1849.<\/p>\n<p>Originario de Jalapa, Veracruz, fue miembro del partido conservador.[1] Perteneciente a una familia aristocr\u00e1tica, en 1845 desempe\u00f1\u00f3 el puesto de agente consular de M\u00e9xico en Nueva Orleans, como tal mantuvo informado a Luis G. Cuevas, ministro de Relaciones Exteriores, acerca de los acontecimientos de Texas. En 1849 se le nombr\u00f3 secretario de Hacienda, como tal concert\u00f3 con William Parish Roberston, representante de los tenedores de bonos mexicanos, un convenio para el arreglo de la deuda exterior, el acuerdo fue criticado por las concesiones que otorg\u00f3, por lo que en julio de ese a\u00f1o dej\u00f3 su cargo en el Ministerio. Antes de abandonar su cargo, Arrangoiz hab\u00eda depositado los fondos recibidos en bancos de Nueva York a cuenta del gobierno mexicano. De acuerdo con un estudio m\u00e1s de 80% de dichos fondos acabaron en manos de seis prestamistas mexicanos, entre ellos los Escand\u00f3n y los Mart\u00ednez del R\u00edo. En 1854 repite como c\u00f3nsul de nuestro pa\u00eds en Nueva Orleans; entonces se niega a proteger a algunos exilados mexicanos residentes en tal ciudad -entre ellos Melchor Ocampo, Benito Ju\u00e1rez, Jos\u00e9 Mar\u00eda Mata-, a quienes se acusa de efectuar acciones filibusteras. En ese mismo a\u00f1o se le dio la comisi\u00f3n para cobrar en Washington los 7 millones de pesos que restaban de los 10 millones en que se vendi\u00f3 La Mesilla. Por su parte, \u00e9l tom\u00f3 68 mil pesos como compensaci\u00f3n por las negociaciones que efectu\u00f3. &#8220;Ante el disgusto que produce su actitud, en 1855 publica una Manifestaci\u00f3n en la cual trata de justificarse, alegando que la cuota del 1% es m\u00f3dica, puesto que la acostumbrada para este tipo de operaciones es del 2%&#8221;.<\/p>\n<p>Era del grupo de los conservadores que deseaba el establecimiento de la monarqu\u00eda en M\u00e9xico, fue comisionado para conocer la opini\u00f3n inglesa sobre el proyecto y form\u00f3 parte de la comisi\u00f3n que en Miramar entreg\u00f3 la corona a Maximiliano. Ante el fracaso del imperio reproch\u00f3 a Maximiliano la falta de cumplimiento de sus promesas. Escribi\u00f3 Apuntes para la historia del segundo imperio y M\u00e9xico desde 1808 hasta 1867. Muri\u00f3 en Madrid, Espa\u00f1a.[2]<\/p>\n<p>[1] M\u00e9xico a trav\u00e9s de los siglos. Diccionario, A-J, p. 55.<\/p>\n<p>[2] C\u00e1rdenas de la Pe\u00f1a, p. 111.<\/p>\n","protected":false},"excerpt":{"rendered":"<p>Ministro de Hacienda: Del 24 de marzo al 14 de julio de 1849. Originario de Jalapa, Veracruz, fue miembro del partido conservador.[1] Perteneciente a una familia aristocr\u00e1tica, en 1845 desempe\u00f1\u00f3 el puesto de agente consular de M\u00e9xico en Nueva Orleans, como tal mantuvo informado a Luis G. Cuevas, ministro de Relaciones Exteriores, acerca de los<\/p>\n<p><a href=\"https:\/\/memoriasdehacienda.institutomora.edu.mx\/?page_id=7531\" class=\"more-link themebutton\">Read More<\/a><\/p>\n","protected":false},"author":1,"featured_media":0,"parent":0,"menu_order":0,"comment_status":"closed","ping_status":"closed","template":"","meta":[],"_links":{"self":[{"href":"https:\/\/memoriasdehacienda.institutomora.edu.mx\/index.php?rest_route=\/wp\/v2\/pages\/7531"}],"collection":[{"href":"https:\/\/memoriasdehacienda.institutomora.edu.mx\/index.php?rest_route=\/wp\/v2\/pages"}],"about":[{"href":"https:\/\/memoriasdehacienda.institutomora.edu.mx\/index.php?rest_route=\/wp\/v2\/types\/page"}],"author":[{"embeddable":true,"href":"https:\/\/memoriasdehacienda.institutomora.edu.mx\/index.php?rest_route=\/wp\/v2\/users\/1"}],"replies":[{"embeddable":true,"href":"https:\/\/memoriasdehacienda.institutomora.edu.mx\/index.php?rest_route=%2Fwp%2Fv2%2Fcomments&post=7531"}],"version-history":[{"count":2,"href":"https:\/\/memoriasdehacienda.institutomora.edu.mx\/index.php?rest_route=\/wp\/v2\/pages\/7531\/revisions"}],"predecessor-version":[{"id":7542,"href":"https:\/\/memoriasdehacienda.institutomora.edu.mx\/index.php?rest_route=\/wp\/v2\/pages\/7531\/revisions\/7542"}],"wp:attachment":[{"href":"https:\/\/memoriasdehacienda.institutomora.edu.mx\/index.php?rest_route=%2Fwp%2Fv2%2Fmedia&parent=7531"}],"curies":[{"name":"wp","href":"https:\/\/api.w.org\/{rel}","templated":true}]}}