{"id":7543,"date":"2017-02-15T13:14:54","date_gmt":"2017-02-15T19:14:54","guid":{"rendered":"http:\/\/memoriasdehacienda.colmex.mx\/mhwp\/?page_id=7543"},"modified":"2017-02-15T13:15:13","modified_gmt":"2017-02-15T19:15:13","slug":"benitez-justo-1834-1900","status":"publish","type":"page","link":"https:\/\/memoriasdehacienda.institutomora.edu.mx\/?page_id=7543","title":{"rendered":"Ben\u00edtez, Justo (1834?-1900)"},"content":{"rendered":"<div class=\"mainmiddle-wrapper-m\">\n<div class=\"contentleft-bg\">\n<div class=\"contentright-bg\">\n<div id=\"mainmiddle\">\n<div id=\"mainmiddle-expand\">\n<div id=\"content\">\n<div id=\"content-shift\">\n<div class=\"content-wrapper\">\n<div class=\"floatbox\">\n<div id=\"system\" class=\"\">\n<div class=\"item\">\n<div class=\"content\">\n<p>Ministro de Hacienda:<\/p>\n<p><img loading=\"lazy\" class=\"size-full wp-image-7545 alignright\" src=\"https:\/\/memoriasdehacienda.institutomora.edu.mx\/wp-content\/uploads\/justo.jpg\" alt=\"justo\" width=\"171\" height=\"190\" srcset=\"https:\/\/memoriasdehacienda.institutomora.edu.mx\/wp-content\/uploads\/justo.jpg 171w, https:\/\/memoriasdehacienda.institutomora.edu.mx\/wp-content\/uploads\/justo-135x150.jpg 135w\" sizes=\"(max-width: 171px) 100vw, 171px\" \/>Del 6 de diciembre de 1876 al 11 de mayo de 1877.<\/p>\n<p>&nbsp;<\/p>\n<p>Naci\u00f3 en el Estado de Oaxaca. Hu\u00e9rfano a temprana edad fue educado por un sacerdote, de quien tom\u00f3 el apellido. Inicialmente, Ben\u00edtez estudi\u00f3 para cura pero cambio su decisi\u00f3n y se recibi\u00f3 de abogado. Benito Ju\u00e1rez, gobernador de Oaxaca, le nombr\u00f3 Oficial Mayor de su gobierno; fue de los primeros en impulsar la desamortizaci\u00f3n de los bienes del clero en Oaxaca y particip\u00f3 en la Guerra de los Tres A\u00f1os, as\u00ed como en la Intervenci\u00f3n en donde se distingui\u00f3 por su lealtad a la causa republicana. Desempe\u00f1\u00f3 un corto tiempo la Secretar\u00eda de Hacienda y despu\u00e9s march\u00f3 a Europa. Aunque en 1884 se le mencion\u00f3 como posible candidato a la presidencia no volvi\u00f3 a ocupar ning\u00fan cargo p\u00fablico y vivi\u00f3 alejado de la pol\u00edtica.<a title=\"\" href=\"http:\/\/memoriasdehacienda.colmex.mx\/index.php\/114#_ftn1\">[1]<\/a><\/p>\n<div>\n<p>&nbsp;<\/p>\n<hr size=\"1\" width=\"33%\" \/>\n<div>\n<p class=\"Textodenotaalpie\">\u00a0\u00a0\u00a0\u00a0[1]\u00a0\u00a0\u00a0\u00a0\u00a0\u00a0\u00a0\u00a0M\u00e9xico a trav\u00e9s de los siglos. Diccionario, A-J, p. 95.<\/p>\n<\/div>\n<\/div>\n<\/div>\n<\/div>\n<\/div>\n<\/div>\n<\/div>\n<\/div>\n<\/div>\n<\/div>\n<\/div>\n<\/div>\n<\/div>\n<\/div>\n<div class=\"mainmiddle-wrapper-bl\"><\/div>\n","protected":false},"excerpt":{"rendered":"<p>Ministro de Hacienda: Del 6 de diciembre de 1876 al 11 de mayo de 1877. &nbsp; Naci\u00f3 en el Estado de Oaxaca. Hu\u00e9rfano a temprana edad fue educado por un sacerdote, de quien tom\u00f3 el apellido. Inicialmente, Ben\u00edtez estudi\u00f3 para cura pero cambio su decisi\u00f3n y se recibi\u00f3 de abogado. Benito Ju\u00e1rez, gobernador de Oaxaca,<\/p>\n<p><a href=\"https:\/\/memoriasdehacienda.institutomora.edu.mx\/?page_id=7543\" class=\"more-link themebutton\">Read More<\/a><\/p>\n","protected":false},"author":1,"featured_media":0,"parent":0,"menu_order":0,"comment_status":"closed","ping_status":"closed","template":"","meta":[],"_links":{"self":[{"href":"https:\/\/memoriasdehacienda.institutomora.edu.mx\/index.php?rest_route=\/wp\/v2\/pages\/7543"}],"collection":[{"href":"https:\/\/memoriasdehacienda.institutomora.edu.mx\/index.php?rest_route=\/wp\/v2\/pages"}],"about":[{"href":"https:\/\/memoriasdehacienda.institutomora.edu.mx\/index.php?rest_route=\/wp\/v2\/types\/page"}],"author":[{"embeddable":true,"href":"https:\/\/memoriasdehacienda.institutomora.edu.mx\/index.php?rest_route=\/wp\/v2\/users\/1"}],"replies":[{"embeddable":true,"href":"https:\/\/memoriasdehacienda.institutomora.edu.mx\/index.php?rest_route=%2Fwp%2Fv2%2Fcomments&post=7543"}],"version-history":[{"count":2,"href":"https:\/\/memoriasdehacienda.institutomora.edu.mx\/index.php?rest_route=\/wp\/v2\/pages\/7543\/revisions"}],"predecessor-version":[{"id":7546,"href":"https:\/\/memoriasdehacienda.institutomora.edu.mx\/index.php?rest_route=\/wp\/v2\/pages\/7543\/revisions\/7546"}],"wp:attachment":[{"href":"https:\/\/memoriasdehacienda.institutomora.edu.mx\/index.php?rest_route=%2Fwp%2Fv2%2Fmedia&parent=7543"}],"curies":[{"name":"wp","href":"https:\/\/api.w.org\/{rel}","templated":true}]}}

Benítez, Justo (1834?-1900)

<div class="mainmiddle-wrapper-m">
<div class="contentleft-bg">
<div class="contentright-bg">
<div id="mainmiddle">
<div id="mainmiddle-expand">
<div id="content">
<div id="content-shift">
<div class="content-wrapper">
<div class="floatbox">
<div id="system" class="">
<div class="item">
<div class="content">
<p>Ministro de Hacienda:</p>
<p><img loading="lazy" class="size-full wp-image-7545 alignright" src="https://memoriasdehacienda.institutomora.edu.mx/wp-content/uploads/justo.jpg" alt="justo" width="171" height="190" srcset="https://memoriasdehacienda.institutomora.edu.mx/wp-content/uploads/justo.jpg 171w, https://memoriasdehacienda.institutomora.edu.mx/wp-content/uploads/justo-135x150.jpg 135w" sizes="(max-width: 171px) 100vw, 171px" />Del 6 de diciembre de 1876 al 11 de mayo de 1877.</p>
<p>&nbsp;</p>
<p>Nació en el Estado de Oaxaca. Huérfano a temprana edad fue educado por un sacerdote, de quien tomó el apellido. Inicialmente, Benítez estudió para cura pero cambio su decisión y se recibió de abogado. Benito Juárez, gobernador de Oaxaca, le nombró Oficial Mayor de su gobierno; fue de los primeros en impulsar la desamortización de los bienes del clero en Oaxaca y participó en la Guerra de los Tres Años, así como en la Intervención en donde se distinguió por su lealtad a la causa republicana. Desempeñó un corto tiempo la Secretaría de Hacienda y después marchó a Europa. Aunque en 1884 se le mencionó como posible candidato a la presidencia no volvió a ocupar ningún cargo público y vivió alejado de la política.<a title="" href="http://memoriasdehacienda.colmex.mx/index.php/114#_ftn1">[1]</a></p>
<div>
<p>&nbsp;</p>
<hr size="1" width="33%" />
<div>
<p class="Textodenotaalpie">    [1]        México a través de los siglos. Diccionario, A-J, p. 95.</p>
</div>
</div>
</div>
</div>
</div>
</div>
</div>
</div>
</div>
</div>
</div>
</div>
</div>
</div>
<div class="mainmiddle-wrapper-bl"></div>

<p>Ministro de Hacienda: Del 6 de diciembre de 1876 al 11 de mayo de 1877. &nbsp; Nació en el Estado de Oaxaca. Huérfano a temprana edad fue educado por un sacerdote, de quien tomó el apellido. Inicialmente, Benítez estudió para cura pero cambio su decisión y se recibió de abogado. Benito Juárez, gobernador de Oaxaca,</p>
<p><a href="https://memoriasdehacienda.institutomora.edu.mx/?page_id=7543" class="more-link themebutton">Read More</a></p>
