{"id":7549,"date":"2017-02-15T13:22:33","date_gmt":"2017-02-15T19:22:33","guid":{"rendered":"http:\/\/memoriasdehacienda.colmex.mx\/mhwp\/?page_id=7549"},"modified":"2017-02-15T13:22:33","modified_gmt":"2017-02-15T19:22:33","slug":"bocanegra-jose-maria-1787-1867","status":"publish","type":"page","link":"https:\/\/memoriasdehacienda.institutomora.edu.mx\/?page_id=7549","title":{"rendered":"Bocanegra, Jos\u00e9 Mar\u00eda (1787-1867)"},"content":{"rendered":"<p>Ministro de Hacienda:<\/p>\n<p><img loading=\"lazy\" class=\"size-full wp-image-7550 alignright\" src=\"https:\/\/memoriasdehacienda.institutomora.edu.mx\/wp-content\/uploads\/bocanegra.jpg\" alt=\"bocanegra\" width=\"171\" height=\"214\" srcset=\"https:\/\/memoriasdehacienda.institutomora.edu.mx\/wp-content\/uploads\/bocanegra.jpg 171w, https:\/\/memoriasdehacienda.institutomora.edu.mx\/wp-content\/uploads\/bocanegra-120x150.jpg 120w\" sizes=\"(max-width: 171px) 100vw, 171px\" \/>Del 3 de noviembre al 17 de diciembre de 1829.<\/p>\n<p>Del 26 de abril al 12 de diciembre de 1833.<\/p>\n<p>Del 9 de enero al 18 de febrero de 1838.<\/p>\n<p>&nbsp;<\/p>\n<p>Oriundo de Aguascalientes, se recibi\u00f3 como licenciado en derecho en la ciudad de M\u00e9xico. Consumada la independencia nacional como diputado represent\u00f3 al Estado de Zacatecas ante los dos primeros congresos del M\u00e9xico independiente, cargo que ocup\u00f3 hasta ser depuesto por estar en desacuerdo con el gobierno imperial de Iturbide. Gobernando Guadalupe Victoria, enero de 1829, ocup\u00f3 la cartera de Relaciones Interiores y Exteriores. Guerrero lo ratific\u00f3 en el cargo, mas el 3 de noviembre inmediato lo transfiri\u00f3 a la Secretar\u00eda de Hacienda. Ocup\u00f3 interinamente la presidencia de la Rep\u00fablica a partir del 16 de diciembre de 1829, mientras el presidente Guerrero march\u00f3 a combatir la insurrecci\u00f3n encabezada por Anastasio Bustamente. De nuevo se hace cargo del Ministerio de Hacienda del 26 de abril al 12 de diciembre de 1833, cuando Santa Anna es presidente y Valent\u00edn G\u00f3mez Far\u00edas Vice-presidente, y del 9 de enero al 18 de febrero de 1838, bajo el r\u00e9gimen de Bustamente. Entre noviembre de 1841 y agosto de 1844 ocup\u00f3 el cargo de ministro de Relaciones. En 1844 se retir\u00f3 de la pol\u00edtica y se dedic\u00f3 a escribir sobre la historia de M\u00e9xico; su libro m\u00e1s destacado lo intitul\u00f3\u00a0Memoria para la historia de M\u00e9xico independiente: 1822-1846. En 1851 se le nombr\u00f3 vocal abogado consultor de la Junta de Hacienda.<a title=\"\" href=\"http:\/\/memoriasdehacienda.colmex.mx\/index.php\/116#_ftn1\">[1]<\/a><\/p>\n<div><br clear=\"all\" \/><\/p>\n<hr size=\"1\" width=\"33%\" \/>\n<div>\n<p class=\"Textodenotaalpie\">\u00a0\u00a0\u00a0\u00a0[1]\u00a0\u00a0\u00a0\u00a0\u00a0\u00a0\u00a0 C\u00e1rdenas de la Pe\u00f1a, p.225<\/p>\n<\/div>\n<\/div>\n","protected":false},"excerpt":{"rendered":"<p>Ministro de Hacienda: Del 3 de noviembre al 17 de diciembre de 1829. Del 26 de abril al 12 de diciembre de 1833. Del 9 de enero al 18 de febrero de 1838. &nbsp; Oriundo de Aguascalientes, se recibi\u00f3 como licenciado en derecho en la ciudad de M\u00e9xico. Consumada la independencia nacional como diputado represent\u00f3<\/p>\n<p><a href=\"https:\/\/memoriasdehacienda.institutomora.edu.mx\/?page_id=7549\" class=\"more-link themebutton\">Read More<\/a><\/p>\n","protected":false},"author":1,"featured_media":0,"parent":0,"menu_order":0,"comment_status":"closed","ping_status":"closed","template":"","meta":[],"_links":{"self":[{"href":"https:\/\/memoriasdehacienda.institutomora.edu.mx\/index.php?rest_route=\/wp\/v2\/pages\/7549"}],"collection":[{"href":"https:\/\/memoriasdehacienda.institutomora.edu.mx\/index.php?rest_route=\/wp\/v2\/pages"}],"about":[{"href":"https:\/\/memoriasdehacienda.institutomora.edu.mx\/index.php?rest_route=\/wp\/v2\/types\/page"}],"author":[{"embeddable":true,"href":"https:\/\/memoriasdehacienda.institutomora.edu.mx\/index.php?rest_route=\/wp\/v2\/users\/1"}],"replies":[{"embeddable":true,"href":"https:\/\/memoriasdehacienda.institutomora.edu.mx\/index.php?rest_route=%2Fwp%2Fv2%2Fcomments&post=7549"}],"version-history":[{"count":1,"href":"https:\/\/memoriasdehacienda.institutomora.edu.mx\/index.php?rest_route=\/wp\/v2\/pages\/7549\/revisions"}],"predecessor-version":[{"id":7551,"href":"https:\/\/memoriasdehacienda.institutomora.edu.mx\/index.php?rest_route=\/wp\/v2\/pages\/7549\/revisions\/7551"}],"wp:attachment":[{"href":"https:\/\/memoriasdehacienda.institutomora.edu.mx\/index.php?rest_route=%2Fwp%2Fv2%2Fmedia&parent=7549"}],"curies":[{"name":"wp","href":"https:\/\/api.w.org\/{rel}","templated":true}]}}

Bocanegra, José María (1787-1867)

<p>Ministro de Hacienda:</p>
<p><img loading="lazy" class="size-full wp-image-7550 alignright" src="https://memoriasdehacienda.institutomora.edu.mx/wp-content/uploads/bocanegra.jpg" alt="bocanegra" width="171" height="214" srcset="https://memoriasdehacienda.institutomora.edu.mx/wp-content/uploads/bocanegra.jpg 171w, https://memoriasdehacienda.institutomora.edu.mx/wp-content/uploads/bocanegra-120x150.jpg 120w" sizes="(max-width: 171px) 100vw, 171px" />Del 3 de noviembre al 17 de diciembre de 1829.</p>
<p>Del 26 de abril al 12 de diciembre de 1833.</p>
<p>Del 9 de enero al 18 de febrero de 1838.</p>
<p>&nbsp;</p>
<p>Oriundo de Aguascalientes, se recibió como licenciado en derecho en la ciudad de México. Consumada la independencia nacional como diputado representó al Estado de Zacatecas ante los dos primeros congresos del México independiente, cargo que ocupó hasta ser depuesto por estar en desacuerdo con el gobierno imperial de Iturbide. Gobernando Guadalupe Victoria, enero de 1829, ocupó la cartera de Relaciones Interiores y Exteriores. Guerrero lo ratificó en el cargo, mas el 3 de noviembre inmediato lo transfirió a la Secretaría de Hacienda. Ocupó interinamente la presidencia de la República a partir del 16 de diciembre de 1829, mientras el presidente Guerrero marchó a combatir la insurrección encabezada por Anastasio Bustamente. De nuevo se hace cargo del Ministerio de Hacienda del 26 de abril al 12 de diciembre de 1833, cuando Santa Anna es presidente y Valentín Gómez Farías Vice-presidente, y del 9 de enero al 18 de febrero de 1838, bajo el régimen de Bustamente. Entre noviembre de 1841 y agosto de 1844 ocupó el cargo de ministro de Relaciones. En 1844 se retiró de la política y se dedicó a escribir sobre la historia de México; su libro más destacado lo intituló Memoria para la historia de México independiente: 1822-1846. En 1851 se le nombró vocal abogado consultor de la Junta de Hacienda.<a title="" href="http://memoriasdehacienda.colmex.mx/index.php/116#_ftn1">[1]</a></p>
<div><br clear="all" /></p>
<hr size="1" width="33%" />
<div>
<p class="Textodenotaalpie">    [1]        Cárdenas de la Peña, p.225</p>
</div>
</div>

<p>Ministro de Hacienda: Del 3 de noviembre al 17 de diciembre de 1829. Del 26 de abril al 12 de diciembre de 1833. Del 9 de enero al 18 de febrero de 1838. &nbsp; Oriundo de Aguascalientes, se recibió como licenciado en derecho en la ciudad de México. Consumada la independencia nacional como diputado representó</p>
<p><a href="https://memoriasdehacienda.institutomora.edu.mx/?page_id=7549" class="more-link themebutton">Read More</a></p>
