{"id":7554,"date":"2017-02-15T13:31:32","date_gmt":"2017-02-15T19:31:32","guid":{"rendered":"http:\/\/memoriasdehacienda.colmex.mx\/mhwp\/?page_id=7554"},"modified":"2017-02-15T13:41:22","modified_gmt":"2017-02-15T19:41:22","slug":"canalizo-valentin-1795-1850","status":"publish","type":"page","link":"https:\/\/memoriasdehacienda.institutomora.edu.mx\/?page_id=7554","title":{"rendered":"Canalizo, Valent\u00edn (1795-1850)"},"content":{"rendered":"<p>Ministro de Hacienda:<\/p>\n<p><img loading=\"lazy\" class=\"size-full wp-image-7566 alignright\" src=\"https:\/\/memoriasdehacienda.institutomora.edu.mx\/wp-content\/uploads\/canalizo.jpg\" alt=\"canalizo\" width=\"171\" height=\"214\" srcset=\"https:\/\/memoriasdehacienda.institutomora.edu.mx\/wp-content\/uploads\/canalizo.jpg 171w, https:\/\/memoriasdehacienda.institutomora.edu.mx\/wp-content\/uploads\/canalizo-120x150.jpg 120w\" sizes=\"(max-width: 171px) 100vw, 171px\" \/>Del 23 al 25 de diciembre de 1846.<\/p>\n<p>&nbsp;<\/p>\n<p>Militar y presidente de la Rep\u00fablica; naci\u00f3 en Monterrey el 12 de febrero de 1795. Bautizado en la Catedral el d\u00eda 6, con los nombres de Jos\u00e9 Valent\u00edn Raimundo es hijo de Vicente Canalizo y Josefa Bocadillo. Aprendi\u00f3 la carrera de las armas en Quer\u00e9taro junto a sus parientes, el general Jos\u00e9 Rafael Canalizo y Juan Nepomuceno Canalizo; el 30 de agosto de 1811 ingresa como cadete al Regimiento Provincial de Infanter\u00eda de Celaya; particip\u00f3, en 1814, en las acciones de la Pur\u00edsima, la Quemada y San Miguel el Grande y, en 1815, en el ataque a valle de Santiago, as\u00ed como en el sitio de Copero. Comprometido con Iturbide desde 1820, se incorpor\u00f3 al Ej\u00e9rcito Trigarante, en calidad de mayor de \u00f3rdenes de la Divisi\u00f3n de Vanguardia. En 1823 se adhiri\u00f3 al Plan de Casa Mata. Por su desempe\u00f1o en las campa\u00f1as militares fue nombrado comandante general del Departamento de Oaxaca; en 1831 ascendido a coronel. Desempe\u00f1\u00f3 la Prefectura de Cuernavaca y fue teniente de gobernador del Departamento de M\u00e9xico. En 1835 le fue otorgado el grado de general de brigada y el 19 de octubre de 1841 le fue impuesta la banda de general de divisi\u00f3n. En julio de 1836 march\u00f3 a Matamoros, Tamaulipas, a las \u00f3rdenes del general Vicente Filisola, siendo designado comandante general y comandante de la Divisi\u00f3n del Norte. Nombrado presidente provisional, tom\u00f3 posesi\u00f3n el 4 de octubre de 1843, el 3 de junio entreg\u00f3 el gobierno a Santa Anna, quien lo design\u00f3 jefe de la plana mayor y posteriormente lo nombr\u00f3 jefe de las armas. Nuevamente nombrado por el Senado presidente interino, tom\u00f3 posesi\u00f3n el 21 de setiembre de 1844, cuando el Congreso se opuso a su gobierno lo disolvi\u00f3 por decreto del 29 de noviembre. Manuel de C\u00e9spedes, su cu\u00f1ado, se levant\u00f3 en armas llamando a Jos\u00e9 Joaqu\u00edn Herrera a quien correspond\u00eda gobernar. Canalizo quiso atacar a C\u00e9spedes, pero entonces los diputados, reunidos en el Convento de San Francisco, provocaron un mot\u00edn popular, conocido como &#8220;la revoluci\u00f3n de San Francisco&#8221;. Aprehendidos Canalizo y sus ministros tuvo que comparecer ante el Congreso, y sometido a juicio, qued\u00f3 depuesto del cargo. Fue en ese mismo mot\u00edn cuando el pueblo arrastr\u00f3 por las calles la pierna de Santa Anna. Decretado su destierro se embarc\u00f3 a Europa, donde permaneci\u00f3 dos a\u00f1os. Enterado de que los Estados Unidos hab\u00edan declarado la guerra a M\u00e9xico, el 4 de junio de 1846, encontr\u00e1ndose en Madrid, solicit\u00f3 volver para luchar contra &#8220;las tropel\u00edas e infamias de nuestros audaces vecinos&#8221;; comprometi\u00e9ndose a que concluida la defensa del territorio cumplir\u00eda con el destierro. Lleg\u00f3 a Veracruz el 14 de noviembre, el presidente lo nombr\u00f3 Ministro de Guerra y Marina el 26 de diciembre, ocupando tambi\u00e9n interinamente el despacho de Hacienda. El 8 de junio de 1847 fue designado comandante militar del estado de Veracruz, a fin de que protegiera el litoral del Golfo. Estando en Jalapa, supo que Veracruz hab\u00eda sido tomado. Entonces se dedic\u00f3 a activar las fortificaciones de Puente Nacional y Cerro Gordo. Intervino en la acci\u00f3n de armas de este \u00faltimo lugar, derrotado se retir\u00f3. El 16 de junio fue nombrado comandante militar de Puebla y Tlaxcala. Retirado del ej\u00e9rcito desde 1847, muri\u00f3 &#8220;de pulmon\u00eda fulminante&#8221; en la ciudad de M\u00e9xico el 20 de febrero de 1850. Fue sepultado en el convento de San Diego.<a title=\"\" href=\"http:\/\/memoriasdehacienda.colmex.mx\/index.php\/117#_ftn1\">[1]<\/a><\/p>\n<div>\n<p>&nbsp;<\/p>\n<hr size=\"1\" width=\"33%\" \/>\n<div>\n<p class=\"Textodenotaalpie\">\u00a0\u00a0\u00a0\u00a0[1] Cavazos Garza, Ismael. T. I, pp. 71 y 72<\/p>\n<\/div>\n<\/div>\n","protected":false},"excerpt":{"rendered":"<p>Ministro de Hacienda: Del 23 al 25 de diciembre de 1846. &nbsp; Militar y presidente de la Rep\u00fablica; naci\u00f3 en Monterrey el 12 de febrero de 1795. Bautizado en la Catedral el d\u00eda 6, con los nombres de Jos\u00e9 Valent\u00edn Raimundo es hijo de Vicente Canalizo y Josefa Bocadillo. Aprendi\u00f3 la carrera de las armas<\/p>\n<p><a href=\"https:\/\/memoriasdehacienda.institutomora.edu.mx\/?page_id=7554\" class=\"more-link themebutton\">Read More<\/a><\/p>\n","protected":false},"author":1,"featured_media":0,"parent":0,"menu_order":0,"comment_status":"closed","ping_status":"closed","template":"","meta":[],"_links":{"self":[{"href":"https:\/\/memoriasdehacienda.institutomora.edu.mx\/index.php?rest_route=\/wp\/v2\/pages\/7554"}],"collection":[{"href":"https:\/\/memoriasdehacienda.institutomora.edu.mx\/index.php?rest_route=\/wp\/v2\/pages"}],"about":[{"href":"https:\/\/memoriasdehacienda.institutomora.edu.mx\/index.php?rest_route=\/wp\/v2\/types\/page"}],"author":[{"embeddable":true,"href":"https:\/\/memoriasdehacienda.institutomora.edu.mx\/index.php?rest_route=\/wp\/v2\/users\/1"}],"replies":[{"embeddable":true,"href":"https:\/\/memoriasdehacienda.institutomora.edu.mx\/index.php?rest_route=%2Fwp%2Fv2%2Fcomments&post=7554"}],"version-history":[{"count":2,"href":"https:\/\/memoriasdehacienda.institutomora.edu.mx\/index.php?rest_route=\/wp\/v2\/pages\/7554\/revisions"}],"predecessor-version":[{"id":7567,"href":"https:\/\/memoriasdehacienda.institutomora.edu.mx\/index.php?rest_route=\/wp\/v2\/pages\/7554\/revisions\/7567"}],"wp:attachment":[{"href":"https:\/\/memoriasdehacienda.institutomora.edu.mx\/index.php?rest_route=%2Fwp%2Fv2%2Fmedia&parent=7554"}],"curies":[{"name":"wp","href":"https:\/\/api.w.org\/{rel}","templated":true}]}}

Canalizo, Valentín (1795-1850)

<p>Ministro de Hacienda:</p>
<p><img loading="lazy" class="size-full wp-image-7566 alignright" src="https://memoriasdehacienda.institutomora.edu.mx/wp-content/uploads/canalizo.jpg" alt="canalizo" width="171" height="214" srcset="https://memoriasdehacienda.institutomora.edu.mx/wp-content/uploads/canalizo.jpg 171w, https://memoriasdehacienda.institutomora.edu.mx/wp-content/uploads/canalizo-120x150.jpg 120w" sizes="(max-width: 171px) 100vw, 171px" />Del 23 al 25 de diciembre de 1846.</p>
<p>&nbsp;</p>
<p>Militar y presidente de la República; nació en Monterrey el 12 de febrero de 1795. Bautizado en la Catedral el día 6, con los nombres de José Valentín Raimundo es hijo de Vicente Canalizo y Josefa Bocadillo. Aprendió la carrera de las armas en Querétaro junto a sus parientes, el general José Rafael Canalizo y Juan Nepomuceno Canalizo; el 30 de agosto de 1811 ingresa como cadete al Regimiento Provincial de Infantería de Celaya; participó, en 1814, en las acciones de la Purísima, la Quemada y San Miguel el Grande y, en 1815, en el ataque a valle de Santiago, así como en el sitio de Copero. Comprometido con Iturbide desde 1820, se incorporó al Ejército Trigarante, en calidad de mayor de órdenes de la División de Vanguardia. En 1823 se adhirió al Plan de Casa Mata. Por su desempeño en las campañas militares fue nombrado comandante general del Departamento de Oaxaca; en 1831 ascendido a coronel. Desempeñó la Prefectura de Cuernavaca y fue teniente de gobernador del Departamento de México. En 1835 le fue otorgado el grado de general de brigada y el 19 de octubre de 1841 le fue impuesta la banda de general de división. En julio de 1836 marchó a Matamoros, Tamaulipas, a las órdenes del general Vicente Filisola, siendo designado comandante general y comandante de la División del Norte. Nombrado presidente provisional, tomó posesión el 4 de octubre de 1843, el 3 de junio entregó el gobierno a Santa Anna, quien lo designó jefe de la plana mayor y posteriormente lo nombró jefe de las armas. Nuevamente nombrado por el Senado presidente interino, tomó posesión el 21 de setiembre de 1844, cuando el Congreso se opuso a su gobierno lo disolvió por decreto del 29 de noviembre. Manuel de Céspedes, su cuñado, se levantó en armas llamando a José Joaquín Herrera a quien correspondía gobernar. Canalizo quiso atacar a Céspedes, pero entonces los diputados, reunidos en el Convento de San Francisco, provocaron un motín popular, conocido como &#8220;la revolución de San Francisco&#8221;. Aprehendidos Canalizo y sus ministros tuvo que comparecer ante el Congreso, y sometido a juicio, quedó depuesto del cargo. Fue en ese mismo motín cuando el pueblo arrastró por las calles la pierna de Santa Anna. Decretado su destierro se embarcó a Europa, donde permaneció dos años. Enterado de que los Estados Unidos habían declarado la guerra a México, el 4 de junio de 1846, encontrándose en Madrid, solicitó volver para luchar contra &#8220;las tropelías e infamias de nuestros audaces vecinos&#8221;; comprometiéndose a que concluida la defensa del territorio cumpliría con el destierro. Llegó a Veracruz el 14 de noviembre, el presidente lo nombró Ministro de Guerra y Marina el 26 de diciembre, ocupando también interinamente el despacho de Hacienda. El 8 de junio de 1847 fue designado comandante militar del estado de Veracruz, a fin de que protegiera el litoral del Golfo. Estando en Jalapa, supo que Veracruz había sido tomado. Entonces se dedicó a activar las fortificaciones de Puente Nacional y Cerro Gordo. Intervino en la acción de armas de este último lugar, derrotado se retiró. El 16 de junio fue nombrado comandante militar de Puebla y Tlaxcala. Retirado del ejército desde 1847, murió &#8220;de pulmonía fulminante&#8221; en la ciudad de México el 20 de febrero de 1850. Fue sepultado en el convento de San Diego.<a title="" href="http://memoriasdehacienda.colmex.mx/index.php/117#_ftn1">[1]</a></p>
<div>
<p>&nbsp;</p>
<hr size="1" width="33%" />
<div>
<p class="Textodenotaalpie">    [1] Cavazos Garza, Ismael. T. I, pp. 71 y 72</p>
</div>
</div>

<p>Ministro de Hacienda: Del 23 al 25 de diciembre de 1846. &nbsp; Militar y presidente de la República; nació en Monterrey el 12 de febrero de 1795. Bautizado en la Catedral el día 6, con los nombres de José Valentín Raimundo es hijo de Vicente Canalizo y Josefa Bocadillo. Aprendió la carrera de las armas</p>
<p><a href="https://memoriasdehacienda.institutomora.edu.mx/?page_id=7554" class="more-link themebutton">Read More</a></p>
