{"id":7558,"date":"2017-02-15T13:33:03","date_gmt":"2017-02-15T19:33:03","guid":{"rendered":"http:\/\/memoriasdehacienda.colmex.mx\/mhwp\/?page_id=7558"},"modified":"2017-02-15T13:33:03","modified_gmt":"2017-02-15T19:33:03","slug":"castillo-y-lanzas-joaquin-maria-1801-1878","status":"publish","type":"page","link":"https:\/\/memoriasdehacienda.institutomora.edu.mx\/?page_id=7558","title":{"rendered":"Castillo y Lanzas, Joaqu\u00edn Mar\u00eda (1801-1878)"},"content":{"rendered":"<p>Encargado de Hacienda:<\/p>\n<p>Del 20 de abril al 1\u00b0 de mayo de 1846.<\/p>\n<p>&nbsp;<\/p>\n<p>Naci\u00f3 en Jalapa, Veracruz, el 11 de noviembre de 1801 y realiz\u00f3 sus estudios en Inglaterra. Regres\u00f3 a M\u00e9xico en 1822. Periodista de formaci\u00f3n, ocup\u00f3 los cargos de s\u00edndico del primer Ayuntamiento de Veracruz y de comisario pagador del ej\u00e9rcito de Santa Anna contra la invasi\u00f3n espa\u00f1ola en Tampico; m\u00e1s adelante fue secretario particular del presidente de la rep\u00fablica Manuel G\u00f3mez Pedraza; y tesorero de marina. Como encargado de negocios, de 1833 a 1837, represent\u00f3 a M\u00e9xico ante los Estados Unidos, al regresar a nuestro pa\u00eds fue intendente de Marina y diputado al Congreso de la Uni\u00f3n. Durante la administraci\u00f3n del general Paredes, como secretario de Relaciones Interiores y Exteriores, se hizo cargo del Ministerio de Hacienda por unos d\u00edas. Junto con Jos\u00e9 Mar\u00eda Tornel, celebr\u00f3 un tratado de neutralidad con el Ministro norteamericano Conkling, respecto a la v\u00eda de comunicaci\u00f3n por el istmo de Tehuantepec; consejero de Estado en 1853 y 1858; Ministro plenipotenciario en Londres, de 1853 a 1855; escribi\u00f3 art\u00edculos y poes\u00edas. Muri\u00f3 el 6 de julio de 1878.<a title=\"\" href=\"http:\/\/memoriasdehacienda.colmex.mx\/index.php\/121#_ftn1\">[1]<\/a><\/p>\n<p>&nbsp;<\/p>\n<div><br clear=\"all\" \/><\/p>\n<hr size=\"1\" width=\"33%\" \/>\n<div>\n<p class=\"Textodenotaalpie\">\u00a0\u00a0\u00a0\u00a0[1]\u00a0\u00a0\u00a0\u00a0\u00a0\u00a0\u00a0\u00a0M\u00e9xico a trav\u00e9s de los siglos. Diccionario, A-J, p. 152<\/p>\n<p class=\"Textodenotaalpie\">\u00a0\u00a0\u00a0\u00a0\u00a0\u00a0\u00a0\u00a0\u00a0\u00a0\u00a0 \u00a0\u00a0\u00a0\u00a0 Leduc, Alberto; Lara y Pardo, Luis y Roumagnac, Carlos. 1910. p. 152<\/p>\n<\/div>\n<\/div>\n","protected":false},"excerpt":{"rendered":"<p>Encargado de Hacienda: Del 20 de abril al 1\u00b0 de mayo de 1846. &nbsp; Naci\u00f3 en Jalapa, Veracruz, el 11 de noviembre de 1801 y realiz\u00f3 sus estudios en Inglaterra. Regres\u00f3 a M\u00e9xico en 1822. Periodista de formaci\u00f3n, ocup\u00f3 los cargos de s\u00edndico del primer Ayuntamiento de Veracruz y de comisario pagador del ej\u00e9rcito de<\/p>\n<p><a href=\"https:\/\/memoriasdehacienda.institutomora.edu.mx\/?page_id=7558\" class=\"more-link themebutton\">Read More<\/a><\/p>\n","protected":false},"author":1,"featured_media":0,"parent":0,"menu_order":0,"comment_status":"closed","ping_status":"closed","template":"","meta":[],"_links":{"self":[{"href":"https:\/\/memoriasdehacienda.institutomora.edu.mx\/index.php?rest_route=\/wp\/v2\/pages\/7558"}],"collection":[{"href":"https:\/\/memoriasdehacienda.institutomora.edu.mx\/index.php?rest_route=\/wp\/v2\/pages"}],"about":[{"href":"https:\/\/memoriasdehacienda.institutomora.edu.mx\/index.php?rest_route=\/wp\/v2\/types\/page"}],"author":[{"embeddable":true,"href":"https:\/\/memoriasdehacienda.institutomora.edu.mx\/index.php?rest_route=\/wp\/v2\/users\/1"}],"replies":[{"embeddable":true,"href":"https:\/\/memoriasdehacienda.institutomora.edu.mx\/index.php?rest_route=%2Fwp%2Fv2%2Fcomments&post=7558"}],"version-history":[{"count":1,"href":"https:\/\/memoriasdehacienda.institutomora.edu.mx\/index.php?rest_route=\/wp\/v2\/pages\/7558\/revisions"}],"predecessor-version":[{"id":7559,"href":"https:\/\/memoriasdehacienda.institutomora.edu.mx\/index.php?rest_route=\/wp\/v2\/pages\/7558\/revisions\/7559"}],"wp:attachment":[{"href":"https:\/\/memoriasdehacienda.institutomora.edu.mx\/index.php?rest_route=%2Fwp%2Fv2%2Fmedia&parent=7558"}],"curies":[{"name":"wp","href":"https:\/\/api.w.org\/{rel}","templated":true}]}}

Castillo y Lanzas, Joaquín María (1801-1878)

<p>Encargado de Hacienda:</p>
<p>Del 20 de abril al 1° de mayo de 1846.</p>
<p>&nbsp;</p>
<p>Nació en Jalapa, Veracruz, el 11 de noviembre de 1801 y realizó sus estudios en Inglaterra. Regresó a México en 1822. Periodista de formación, ocupó los cargos de síndico del primer Ayuntamiento de Veracruz y de comisario pagador del ejército de Santa Anna contra la invasión española en Tampico; más adelante fue secretario particular del presidente de la república Manuel Gómez Pedraza; y tesorero de marina. Como encargado de negocios, de 1833 a 1837, representó a México ante los Estados Unidos, al regresar a nuestro país fue intendente de Marina y diputado al Congreso de la Unión. Durante la administración del general Paredes, como secretario de Relaciones Interiores y Exteriores, se hizo cargo del Ministerio de Hacienda por unos días. Junto con José María Tornel, celebró un tratado de neutralidad con el Ministro norteamericano Conkling, respecto a la vía de comunicación por el istmo de Tehuantepec; consejero de Estado en 1853 y 1858; Ministro plenipotenciario en Londres, de 1853 a 1855; escribió artículos y poesías. Murió el 6 de julio de 1878.<a title="" href="http://memoriasdehacienda.colmex.mx/index.php/121#_ftn1">[1]</a></p>
<p>&nbsp;</p>
<div><br clear="all" /></p>
<hr size="1" width="33%" />
<div>
<p class="Textodenotaalpie">    [1]        México a través de los siglos. Diccionario, A-J, p. 152</p>
<p class="Textodenotaalpie">                 Leduc, Alberto; Lara y Pardo, Luis y Roumagnac, Carlos. 1910. p. 152</p>
</div>
</div>

<p>Encargado de Hacienda: Del 20 de abril al 1° de mayo de 1846. &nbsp; Nació en Jalapa, Veracruz, el 11 de noviembre de 1801 y realizó sus estudios en Inglaterra. Regresó a México en 1822. Periodista de formación, ocupó los cargos de síndico del primer Ayuntamiento de Veracruz y de comisario pagador del ejército de</p>
<p><a href="https://memoriasdehacienda.institutomora.edu.mx/?page_id=7558" class="more-link themebutton">Read More</a></p>
