{"id":7573,"date":"2017-02-15T13:46:29","date_gmt":"2017-02-15T19:46:29","guid":{"rendered":"http:\/\/memoriasdehacienda.colmex.mx\/mhwp\/?page_id=7573"},"modified":"2017-02-15T13:46:29","modified_gmt":"2017-02-15T19:46:29","slug":"diez-de-bonilla-manuel-1780","status":"publish","type":"page","link":"https:\/\/memoriasdehacienda.institutomora.edu.mx\/?page_id=7573","title":{"rendered":"Diez de Bonilla, Manuel (1780-?)"},"content":{"rendered":"<p>Encargado de Hacienda:<\/p>\n<p>Del 29 de agosto al 16 de septiembre de 1835.<\/p>\n<p>&nbsp;<\/p>\n<p>Abogado, oriundo del Estado de M\u00e9xico, en 1831 fue ministro plenipotenciario de M\u00e9xico en Centroam\u00e9rica y Colombia. Tres a\u00f1os mas tarde fue nombrado gobernador de su estado natal. Al ocupar la cartera de Relaciones, de julio a octubre de 1835, simult\u00e1neamente ocup\u00f3 el Ministerio de Hacienda, lo que aprovecho para disponer que se le pagara todo lo que se le adeudaba.<a title=\"\" href=\"http:\/\/memoriasdehacienda.colmex.mx\/index.php\/125#_ftn1\">[1]<\/a>\u00a0El 30 de junio de 1853 firm\u00f3 la tercera Convenci\u00f3n Francesa con el embajador franc\u00e9s Levasseur, por el cual se reconoci\u00f3 una deuda de 1,374,926 pesos a los ciudadanos franceses residentes en M\u00e9xico.<\/p>\n<div><br clear=\"all\" \/><\/p>\n<hr size=\"1\" width=\"33%\" \/>\n<div>\n<p class=\"Textodenotaalpie\">\u00a0\u00a0\u00a0\u00a0[1]\u00a0\u00a0\u00a0\u00a0\u00a0\u00a0\u00a0 C\u00e1rdenas de la Pe\u00f1a, p.539.<\/p>\n<\/div>\n<\/div>\n","protected":false},"excerpt":{"rendered":"<p>Encargado de Hacienda: Del 29 de agosto al 16 de septiembre de 1835. &nbsp; Abogado, oriundo del Estado de M\u00e9xico, en 1831 fue ministro plenipotenciario de M\u00e9xico en Centroam\u00e9rica y Colombia. Tres a\u00f1os mas tarde fue nombrado gobernador de su estado natal. Al ocupar la cartera de Relaciones, de julio a octubre de 1835, simult\u00e1neamente<\/p>\n<p><a href=\"https:\/\/memoriasdehacienda.institutomora.edu.mx\/?page_id=7573\" class=\"more-link themebutton\">Read More<\/a><\/p>\n","protected":false},"author":1,"featured_media":0,"parent":0,"menu_order":0,"comment_status":"closed","ping_status":"closed","template":"","meta":[],"_links":{"self":[{"href":"https:\/\/memoriasdehacienda.institutomora.edu.mx\/index.php?rest_route=\/wp\/v2\/pages\/7573"}],"collection":[{"href":"https:\/\/memoriasdehacienda.institutomora.edu.mx\/index.php?rest_route=\/wp\/v2\/pages"}],"about":[{"href":"https:\/\/memoriasdehacienda.institutomora.edu.mx\/index.php?rest_route=\/wp\/v2\/types\/page"}],"author":[{"embeddable":true,"href":"https:\/\/memoriasdehacienda.institutomora.edu.mx\/index.php?rest_route=\/wp\/v2\/users\/1"}],"replies":[{"embeddable":true,"href":"https:\/\/memoriasdehacienda.institutomora.edu.mx\/index.php?rest_route=%2Fwp%2Fv2%2Fcomments&post=7573"}],"version-history":[{"count":1,"href":"https:\/\/memoriasdehacienda.institutomora.edu.mx\/index.php?rest_route=\/wp\/v2\/pages\/7573\/revisions"}],"predecessor-version":[{"id":7574,"href":"https:\/\/memoriasdehacienda.institutomora.edu.mx\/index.php?rest_route=\/wp\/v2\/pages\/7573\/revisions\/7574"}],"wp:attachment":[{"href":"https:\/\/memoriasdehacienda.institutomora.edu.mx\/index.php?rest_route=%2Fwp%2Fv2%2Fmedia&parent=7573"}],"curies":[{"name":"wp","href":"https:\/\/api.w.org\/{rel}","templated":true}]}}