{"id":7584,"date":"2017-02-15T14:25:53","date_gmt":"2017-02-15T20:25:53","guid":{"rendered":"http:\/\/memoriasdehacienda.colmex.mx\/mhwp\/?page_id=7584"},"modified":"2023-05-12T16:01:08","modified_gmt":"2023-05-12T22:01:08","slug":"e-i","status":"publish","type":"page","link":"https:\/\/memoriasdehacienda.institutomora.edu.mx\/?page_id=7584","title":{"rendered":"E-I"},"content":{"rendered":"<h2><b>E<\/b><\/h2>\n<p>\u2022 <a href=\"?page_id=7601\">Echeverr\u00eda y Migoni, Francisco Javier Del 5 de mayo al 1\u00b0 de septiembre de 1834 \/ Del 27 de julio de 1839 al 23 de marzo de 1841<\/a><\/p>\n<p>\u2022 <a href=\"?page_id=7606\">Echeverr\u00eda y Migoni, Pedro J. Del 8 de noviembre al 14 de diciembre de 1838 \/ Del 7 de diciembre al 8 de diciembre de 1844 \/ Del 25 de diciembre de 1844 al 18 de enero de 1845<\/a><\/p>\n<p>\u2022 <a href=\"?page_id=7608\">Elorreaga, Francisco (de) Del 9 de noviembre de 1849 al 28 de febrero de 1850<\/a><\/p>\n<p>\u2022 <a href=\"?page_id=7611\">Esparza, Marcos Del 2 de septiembre de 1851 al 13 de septiembre de 1852<\/a><\/p>\n<p>\u2022 <a href=\"?page_id=7614\">Esteva, Jos\u00e9 Ignacio Del 9 de agosto de 1824 al 26 de septiembre de 1825 \/ Del 28 de noviembre de 1825 al 4 de marzo de 1827 \/ Del 8 de marzo de 1828 al 12 de enero de 1829.<\/a><\/p>\n<p>\u2022 <a href=\"?page_id=7618\">Esteva y Gonz\u00e1lez, Jos\u00e9 Ignacio Del 17 de febrero al 28 de marzo de 1851<\/a><\/p>\n<h2><b>F<\/b><\/h2>\n<p>\u2022 <a href=\"?page_id=7622\">Fern\u00e1ndez del Castillo y Aguilar, Pedro Del 11 de agosto al 30 de diciembre de 1845<\/a><\/p>\n<p>\u2022 <a href=\"?page_id=7624\">Friant, M. (Intendente del ej\u00e9rcito franc\u00e9s) El 26 de Julio de 1866, durante el Imperio de Maximiliano<\/a><\/p>\n<p>\u2022 <a href=\"?page_id=7626\">Fuente, Juan Antonio de la Del 4 de marzo al 20 de mayo de 1857<\/a><\/p>\n<p>\u2022 <a href=\"?page_id=7631\">Fuentes y Mu\u00f1iz, Jes\u00fas Del 13 de septiembre de 1882 al 9 de febrero de 1884<\/a><\/p>\n<p>&nbsp;<\/p>\n<h2><b>G<\/b><\/h2>\n<p>\u2022 <a href=\"?page_id=8711\">Garay, Antonio de Del 2 de enero al 23 de abril de 1834 \/ Del 28 de julio al 4 de agosto de 1846<\/a><\/p>\n<p>\u2022 <a href=\"?page_id=7638\">Garay y Garay, Pedro Del 26 de junio al 17 de septiembre de 1860.<\/a><\/p>\n<p>\u2022 <a href=\"?page_id=7640\">Garc\u00eda Salinas, Francisco Del 2 al 30 de noviembre de 1827<\/a><\/p>\n<p>\u2022 <a href=\"?page_id=7643\">Garc\u00eda, Trinidad Del 9 de abril de 1879 al 23 de enero de 1880<\/a><\/p>\n<p>\u2022 <a href=\"?page_id=7645\">Garc\u00eda Illueca, Jos\u00e9 Ignacio Del 1\u00b0 al 30 de abril de 1823<\/a><\/p>\n<p>\u2022 <a href=\"?page_id=7648\">Garmendia, Jos\u00e9 Mar\u00eda Del 26 de diciembre de 1867 al 15 de enero de 1868 \/Del 29 de mayo al 7 de agosto de 1868<\/a><\/p>\n<p>\u2022 <a href=\"?page_id=7650\">Gochicoa, Francisco de Paula Del 6 al 21 de abril de 1861 \/ Del 3 al 24 de mayo de 1861<\/a><\/p>\n<p>\u2022 <a href=\"?page_id=7653\">G\u00f3mez de la Cortina, Jos\u00e9 Justo Del 15 de diciembre de 1838 al 17 de mayo de 1839<\/a><\/p>\n<p>\u2022 <a href=\"?page_id=7656\">G\u00f3mez del Palacio, Francisco Del 1\u00b0 al 9 de diciembre de 1876<\/a><\/p>\n<p>\u2022 <a href=\"?page_id=7660\">G\u00f3mez Far\u00edas, Benito Del 12 de junio al 30 de octubre de 1891<\/a><\/p>\n<p>\u2022 <a href=\"?page_id=7662\">G\u00f3mez Far\u00edas, Valent\u00edn Del 2 de febrero al 31 de marzo de 1833 \/ Del 28 de agosto al 21 de septiembre de 1846<\/a><\/p>\n<p>\u2022 <a href=\"?page_id=7665\">G\u00f3mez Vald\u00e9s, Pablo Del 14 de octubre al 1\u00b0 de diciembre de 1834<\/a><\/p>\n<p>\u2022 <a href=\"?page_id=7667\">Gonz\u00e1lez Echeverr\u00eda, Jos\u00e9 Del 14 de noviembre de 1861 al 18 de marzo de 1862 \/ Del 1\u00b0 al 4 de abril de 1862<\/a><\/p>\n<p>\u2022 <a href=\"?page_id=7670\">Gorostiza, Manuel Eduardo de Del 19 de febrero al 7 de noviembre de 1838 \/ Del 15 de diciembre de 1838 al 20 de marzo de 1839 \/ Del 13 de diciembre de 1842 al 3 de marzo de 1843 \/ Del 28 de marzo al 19 de abril de 1846<\/a><\/p>\n<p>\u2022 <a href=\"?page_id=7673\">Guti\u00e9rrez y Riquero, Bonifacio Del 24 de julio al 30 de octubre de 1849 \/ Del 14 de mayo al 26 de junio de 1850<\/a><\/p>\n<p>&nbsp;<\/p>\n<h2><b>H<\/b><\/h2>\n<p>\u2022 <a href=\"?page_id=7684\">Haro y Tamariz, Antonio Del 29 de octubre al 6 de diciembre de 1844 \/ Del 25 de septiembre al 13 de noviembre de 1846 \/ Del 20 de abril al 5 de agosto de 1853<\/a><\/p>\n<p>\u2022 <a href=\"?page_id=7687\">Hierro Maldonado, Juan Fue Ministro de Fomento y de Hacienda en el gobierno alterno de F\u00e9liz Zuloaga (24 de enero a 24 de abril de 1858).<\/a><\/p>\n<p>\u2022 <a href=\"?page_id=7689\">Horta, Antonio Mar\u00eda Del 25 al 26 de enero de 1847 \/ Del 19 de febrero al 23 de marzo de 1847<\/a><\/p>\n<p>\u2022 <a href=\"?page_id=7691\">Huici, Jos\u00e9 Luis Del 27 de mayo al 28 de julio de 1846 \/ Del 5 al 27 de agosto de 1846 \/ Del 21 al 27 de agosto de 1848 \/ Del 3 al 10 de septiembre de 1848 \/ Del 23 de marzo de 1849 \/ Del 14 al 15 enero de 1851 \/ Del 29 de enero al 16 de febrero de 1851<\/a><\/p>\n<p>&nbsp;<\/p>\n<h2><b>I<\/b><\/h2>\n<p>\u2022 <a href=\"?page_id=7693\">Icaza, Antonio Del 28 de agosto al 2 de septiembre de 1848<\/a><\/p>\n<p>\u2022 <a href=\"?page_id=7695\">Iglesias, Jos\u00e9 Mar\u00eda Del 25 de mayo al 16 de septiembre de 1857 \/ Del 14 de mayo a 25 de diciembre de 1867 \/ Del 18 de enero al 19 de abril de 1864 \/ Del 14 de mayo de 1864 al 25 de diciembre de 1867 \/ Del 20 de noviembre de 1868 al 30 septiembre de 1869<\/a><\/p>\n<p>\u2022 <a href=\"?page_id=7698\">Iturbe y Anciola, Francisco Del 2 de mayo al 26 de mayo de 1846 \/ Del 2 de mayo al 26 de mayo de 1846<\/a><\/p>\n","protected":false},"excerpt":{"rendered":"<p>E \u2022 Echeverr\u00eda y Migoni, Francisco Javier Del 5 de mayo al 1\u00b0 de septiembre de 1834 \/ Del 27 de julio de 1839 al 23 de marzo de 1841 \u2022 Echeverr\u00eda y Migoni, Pedro J. Del 8 de noviembre al 14 de diciembre de 1838 \/ Del 7 de diciembre al 8 de diciembre<\/p>\n<p><a href=\"https:\/\/memoriasdehacienda.institutomora.edu.mx\/?page_id=7584\" class=\"more-link themebutton\">Read More<\/a><\/p>\n","protected":false},"author":1,"featured_media":0,"parent":0,"menu_order":0,"comment_status":"closed","ping_status":"closed","template":"","meta":[],"_links":{"self":[{"href":"https:\/\/memoriasdehacienda.institutomora.edu.mx\/index.php?rest_route=\/wp\/v2\/pages\/7584"}],"collection":[{"href":"https:\/\/memoriasdehacienda.institutomora.edu.mx\/index.php?rest_route=\/wp\/v2\/pages"}],"about":[{"href":"https:\/\/memoriasdehacienda.institutomora.edu.mx\/index.php?rest_route=\/wp\/v2\/types\/page"}],"author":[{"embeddable":true,"href":"https:\/\/memoriasdehacienda.institutomora.edu.mx\/index.php?rest_route=\/wp\/v2\/users\/1"}],"replies":[{"embeddable":true,"href":"https:\/\/memoriasdehacienda.institutomora.edu.mx\/index.php?rest_route=%2Fwp%2Fv2%2Fcomments&post=7584"}],"version-history":[{"count":18,"href":"https:\/\/memoriasdehacienda.institutomora.edu.mx\/index.php?rest_route=\/wp\/v2\/pages\/7584\/revisions"}],"predecessor-version":[{"id":8714,"href":"https:\/\/memoriasdehacienda.institutomora.edu.mx\/index.php?rest_route=\/wp\/v2\/pages\/7584\/revisions\/8714"}],"wp:attachment":[{"href":"https:\/\/memoriasdehacienda.institutomora.edu.mx\/index.php?rest_route=%2Fwp%2Fv2%2Fmedia&parent=7584"}],"curies":[{"name":"wp","href":"https:\/\/api.w.org\/{rel}","templated":true}]}}

<h2><b>E</b></h2>
<p>• <a href="?page_id=7601">Echeverría y Migoni, Francisco Javier Del 5 de mayo al 1° de septiembre de 1834 / Del 27 de julio de 1839 al 23 de marzo de 1841</a></p>
<p>• <a href="?page_id=7606">Echeverría y Migoni, Pedro J. Del 8 de noviembre al 14 de diciembre de 1838 / Del 7 de diciembre al 8 de diciembre de 1844 / Del 25 de diciembre de 1844 al 18 de enero de 1845</a></p>
<p>• <a href="?page_id=7608">Elorreaga, Francisco (de) Del 9 de noviembre de 1849 al 28 de febrero de 1850</a></p>
<p>• <a href="?page_id=7611">Esparza, Marcos Del 2 de septiembre de 1851 al 13 de septiembre de 1852</a></p>
<p>• <a href="?page_id=7614">Esteva, José Ignacio Del 9 de agosto de 1824 al 26 de septiembre de 1825 / Del 28 de noviembre de 1825 al 4 de marzo de 1827 / Del 8 de marzo de 1828 al 12 de enero de 1829.</a></p>
<p>• <a href="?page_id=7618">Esteva y González, José Ignacio Del 17 de febrero al 28 de marzo de 1851</a></p>
<h2><b>F</b></h2>
<p>• <a href="?page_id=7622">Fernández del Castillo y Aguilar, Pedro Del 11 de agosto al 30 de diciembre de 1845</a></p>
<p>• <a href="?page_id=7624">Friant, M. (Intendente del ejército francés) El 26 de Julio de 1866, durante el Imperio de Maximiliano</a></p>
<p>• <a href="?page_id=7626">Fuente, Juan Antonio de la Del 4 de marzo al 20 de mayo de 1857</a></p>
<p>• <a href="?page_id=7631">Fuentes y Muñiz, Jesús Del 13 de septiembre de 1882 al 9 de febrero de 1884</a></p>
<p>&nbsp;</p>
<h2><b>G</b></h2>
<p>• <a href="?page_id=8711">Garay, Antonio de Del 2 de enero al 23 de abril de 1834 / Del 28 de julio al 4 de agosto de 1846</a></p>
<p>• <a href="?page_id=7638">Garay y Garay, Pedro Del 26 de junio al 17 de septiembre de 1860.</a></p>
<p>• <a href="?page_id=7640">García Salinas, Francisco Del 2 al 30 de noviembre de 1827</a></p>
<p>• <a href="?page_id=7643">García, Trinidad Del 9 de abril de 1879 al 23 de enero de 1880</a></p>
<p>• <a href="?page_id=7645">García Illueca, José Ignacio Del 1° al 30 de abril de 1823</a></p>
<p>• <a href="?page_id=7648">Garmendia, José María Del 26 de diciembre de 1867 al 15 de enero de 1868 /Del 29 de mayo al 7 de agosto de 1868</a></p>
<p>• <a href="?page_id=7650">Gochicoa, Francisco de Paula Del 6 al 21 de abril de 1861 / Del 3 al 24 de mayo de 1861</a></p>
<p>• <a href="?page_id=7653">Gómez de la Cortina, José Justo Del 15 de diciembre de 1838 al 17 de mayo de 1839</a></p>
<p>• <a href="?page_id=7656">Gómez del Palacio, Francisco Del 1° al 9 de diciembre de 1876</a></p>
<p>• <a href="?page_id=7660">Gómez Farías, Benito Del 12 de junio al 30 de octubre de 1891</a></p>
<p>• <a href="?page_id=7662">Gómez Farías, Valentín Del 2 de febrero al 31 de marzo de 1833 / Del 28 de agosto al 21 de septiembre de 1846</a></p>
<p>• <a href="?page_id=7665">Gómez Valdés, Pablo Del 14 de octubre al 1° de diciembre de 1834</a></p>
<p>• <a href="?page_id=7667">González Echeverría, José Del 14 de noviembre de 1861 al 18 de marzo de 1862 / Del 1° al 4 de abril de 1862</a></p>
<p>• <a href="?page_id=7670">Gorostiza, Manuel Eduardo de Del 19 de febrero al 7 de noviembre de 1838 / Del 15 de diciembre de 1838 al 20 de marzo de 1839 / Del 13 de diciembre de 1842 al 3 de marzo de 1843 / Del 28 de marzo al 19 de abril de 1846</a></p>
<p>• <a href="?page_id=7673">Gutiérrez y Riquero, Bonifacio Del 24 de julio al 30 de octubre de 1849 / Del 14 de mayo al 26 de junio de 1850</a></p>
<p>&nbsp;</p>
<h2><b>H</b></h2>
<p>• <a href="?page_id=7684">Haro y Tamariz, Antonio Del 29 de octubre al 6 de diciembre de 1844 / Del 25 de septiembre al 13 de noviembre de 1846 / Del 20 de abril al 5 de agosto de 1853</a></p>
<p>• <a href="?page_id=7687">Hierro Maldonado, Juan Fue Ministro de Fomento y de Hacienda en el gobierno alterno de Féliz Zuloaga (24 de enero a 24 de abril de 1858).</a></p>
<p>• <a href="?page_id=7689">Horta, Antonio María Del 25 al 26 de enero de 1847 / Del 19 de febrero al 23 de marzo de 1847</a></p>
<p>• <a href="?page_id=7691">Huici, José Luis Del 27 de mayo al 28 de julio de 1846 / Del 5 al 27 de agosto de 1846 / Del 21 al 27 de agosto de 1848 / Del 3 al 10 de septiembre de 1848 / Del 23 de marzo de 1849 / Del 14 al 15 enero de 1851 / Del 29 de enero al 16 de febrero de 1851</a></p>
<p>&nbsp;</p>
<h2><b>I</b></h2>
<p>• <a href="?page_id=7693">Icaza, Antonio Del 28 de agosto al 2 de septiembre de 1848</a></p>
<p>• <a href="?page_id=7695">Iglesias, José María Del 25 de mayo al 16 de septiembre de 1857 / Del 14 de mayo a 25 de diciembre de 1867 / Del 18 de enero al 19 de abril de 1864 / Del 14 de mayo de 1864 al 25 de diciembre de 1867 / Del 20 de noviembre de 1868 al 30 septiembre de 1869</a></p>
<p>• <a href="?page_id=7698">Iturbe y Anciola, Francisco Del 2 de mayo al 26 de mayo de 1846 / Del 2 de mayo al 26 de mayo de 1846</a></p>

<p>E • Echeverría y Migoni, Francisco Javier Del 5 de mayo al 1° de septiembre de 1834 / Del 27 de julio de 1839 al 23 de marzo de 1841 • Echeverría y Migoni, Pedro J. Del 8 de noviembre al 14 de diciembre de 1838 / Del 7 de diciembre al 8 de diciembre</p>
<p><a href="https://memoriasdehacienda.institutomora.edu.mx/?page_id=7584" class="more-link themebutton">Read More</a></p>
