{"id":7608,"date":"2017-02-28T11:17:25","date_gmt":"2017-02-28T17:17:25","guid":{"rendered":"http:\/\/memoriasdehacienda.colmex.mx\/mhwp\/?page_id=7608"},"modified":"2017-02-28T11:17:25","modified_gmt":"2017-02-28T17:17:25","slug":"elorreaga-francisco-de-1855","status":"publish","type":"page","link":"https:\/\/memoriasdehacienda.institutomora.edu.mx\/?page_id=7608","title":{"rendered":"Elorreaga, Francisco (de) (&#8230;-1855)"},"content":{"rendered":"<p>Ministro de Hacienda:<\/p>\n<p>Del 9 de noviembre de 1849 al 28 de febrero de 1850.<\/p>\n<p>&nbsp;<\/p>\n<p>Gobernador de Durango. Nacido en Parral, Chihuahua, pero desde su infancia radic\u00f3 en Durango, en donde se gradu\u00f3 de abogado. Varias veces magistrado del Supremo Tribunal de Justicia; Jefe de la Guardia Nacional, diputado al Congreso local y Senador de la Rep\u00fablica, de cuya C\u00e1mara fue presidente. Gobernador del Estado de fines de 1828 a 1829; en 1833 y de 1845 a 1846. En 1846 obtuvo, como candidato a la Presidencia de la Rep\u00fablica, nueve votos, frente a once que logr\u00f3 L\u00f3pez de Santa Anna. En 1849, siendo ministro de Hacienda, propuso disminuir el presupuesto con base a una reducci\u00f3n de 25% de todos los sueldos de los empleados p\u00fablicos. La prensa recibi\u00f3 su proyecto con elogios pero no se pudo implementar. El 12 de Febrero de 1850 present\u00f3 una Memoria ante el Congreso nacional. Muri\u00f3 en Durango en noviembre de 1855.<a title=\"\" href=\"http:\/\/memoriasdehacienda.colmex.mx\/index.php\/131#_ftn1\">[1]<\/a><\/p>\n<div><br clear=\"all\" \/><\/p>\n<hr size=\"1\" width=\"33%\" \/>\n<div>\n<p class=\"Textodenotaalpie\">\u00a0\u00a0\u00a0\u00a0[1] Diccionario Porr\u00faa, Historia, Biograf\u00eda y Geograf\u00eda de M\u00e9xico, 1986. p. 980; Peral, Miguel Angel. 1944. p. 111; y Mestre Chigliazza, Manuel. 1945. p. 65<\/p>\n<\/div>\n<\/div>\n","protected":false},"excerpt":{"rendered":"<p>Ministro de Hacienda: Del 9 de noviembre de 1849 al 28 de febrero de 1850. &nbsp; Gobernador de Durango. Nacido en Parral, Chihuahua, pero desde su infancia radic\u00f3 en Durango, en donde se gradu\u00f3 de abogado. Varias veces magistrado del Supremo Tribunal de Justicia; Jefe de la Guardia Nacional, diputado al Congreso local y Senador<\/p>\n<p><a href=\"https:\/\/memoriasdehacienda.institutomora.edu.mx\/?page_id=7608\" class=\"more-link themebutton\">Read More<\/a><\/p>\n","protected":false},"author":1,"featured_media":0,"parent":0,"menu_order":0,"comment_status":"closed","ping_status":"closed","template":"","meta":[],"_links":{"self":[{"href":"https:\/\/memoriasdehacienda.institutomora.edu.mx\/index.php?rest_route=\/wp\/v2\/pages\/7608"}],"collection":[{"href":"https:\/\/memoriasdehacienda.institutomora.edu.mx\/index.php?rest_route=\/wp\/v2\/pages"}],"about":[{"href":"https:\/\/memoriasdehacienda.institutomora.edu.mx\/index.php?rest_route=\/wp\/v2\/types\/page"}],"author":[{"embeddable":true,"href":"https:\/\/memoriasdehacienda.institutomora.edu.mx\/index.php?rest_route=\/wp\/v2\/users\/1"}],"replies":[{"embeddable":true,"href":"https:\/\/memoriasdehacienda.institutomora.edu.mx\/index.php?rest_route=%2Fwp%2Fv2%2Fcomments&post=7608"}],"version-history":[{"count":1,"href":"https:\/\/memoriasdehacienda.institutomora.edu.mx\/index.php?rest_route=\/wp\/v2\/pages\/7608\/revisions"}],"predecessor-version":[{"id":7609,"href":"https:\/\/memoriasdehacienda.institutomora.edu.mx\/index.php?rest_route=\/wp\/v2\/pages\/7608\/revisions\/7609"}],"wp:attachment":[{"href":"https:\/\/memoriasdehacienda.institutomora.edu.mx\/index.php?rest_route=%2Fwp%2Fv2%2Fmedia&parent=7608"}],"curies":[{"name":"wp","href":"https:\/\/api.w.org\/{rel}","templated":true}]}}

<p>Ministro de Hacienda:</p>
<p>Del 9 de noviembre de 1849 al 28 de febrero de 1850.</p>
<p>&nbsp;</p>
<p>Gobernador de Durango. Nacido en Parral, Chihuahua, pero desde su infancia radicó en Durango, en donde se graduó de abogado. Varias veces magistrado del Supremo Tribunal de Justicia; Jefe de la Guardia Nacional, diputado al Congreso local y Senador de la República, de cuya Cámara fue presidente. Gobernador del Estado de fines de 1828 a 1829; en 1833 y de 1845 a 1846. En 1846 obtuvo, como candidato a la Presidencia de la República, nueve votos, frente a once que logró López de Santa Anna. En 1849, siendo ministro de Hacienda, propuso disminuir el presupuesto con base a una reducción de 25% de todos los sueldos de los empleados públicos. La prensa recibió su proyecto con elogios pero no se pudo implementar. El 12 de Febrero de 1850 presentó una Memoria ante el Congreso nacional. Murió en Durango en noviembre de 1855.<a title="" href="http://memoriasdehacienda.colmex.mx/index.php/131#_ftn1">[1]</a></p>
<div><br clear="all" /></p>
<hr size="1" width="33%" />
<div>
<p class="Textodenotaalpie">    [1] Diccionario Porrúa, Historia, Biografía y Geografía de México, 1986. p. 980; Peral, Miguel Angel. 1944. p. 111; y Mestre Chigliazza, Manuel. 1945. p. 65</p>
</div>
</div>

<p>Ministro de Hacienda: Del 9 de noviembre de 1849 al 28 de febrero de 1850. &nbsp; Gobernador de Durango. Nacido en Parral, Chihuahua, pero desde su infancia radicó en Durango, en donde se graduó de abogado. Varias veces magistrado del Supremo Tribunal de Justicia; Jefe de la Guardia Nacional, diputado al Congreso local y Senador</p>
<p><a href="https://memoriasdehacienda.institutomora.edu.mx/?page_id=7608" class="more-link themebutton">Read More</a></p>
