{"id":7618,"date":"2017-02-28T12:29:53","date_gmt":"2017-02-28T18:29:53","guid":{"rendered":"http:\/\/memoriasdehacienda.colmex.mx\/mhwp\/?page_id=7618"},"modified":"2017-02-28T12:29:53","modified_gmt":"2017-02-28T18:29:53","slug":"esteva-y-gonzalez-jose-ignacio-1816-1891","status":"publish","type":"page","link":"https:\/\/memoriasdehacienda.institutomora.edu.mx\/?page_id=7618","title":{"rendered":"Esteva y Gonz\u00e1lez, Jos\u00e9 Ignacio (1816-1891)"},"content":{"rendered":"<p>Ministro de Hacienda:<\/p>\n<p>Del 17 de febrero al 28 de marzo de 1851.<img loading=\"lazy\" class=\"wp-image-7619 alignright\" src=\"https:\/\/memoriasdehacienda.institutomora.edu.mx\/wp-content\/uploads\/esteva2.jpg\" alt=\"esteva2\" width=\"171\" height=\"217\" srcset=\"https:\/\/memoriasdehacienda.institutomora.edu.mx\/wp-content\/uploads\/esteva2.jpg 167w, https:\/\/memoriasdehacienda.institutomora.edu.mx\/wp-content\/uploads\/esteva2-118x150.jpg 118w\" sizes=\"(max-width: 171px) 100vw, 171px\" \/><\/p>\n<p>&nbsp;<\/p>\n<p>Naci\u00f3 en el puerto de Veracruz, hijo de una distinguida familia jarocha encabezada por su padre Jos\u00e9 Ignacio Esteva, ocup\u00f3 diversos cargos de \u00edndole administrativa en su ciudad natal. En 1851, siendo diputado de su estado natal, el presidente Mariano Arista le confiri\u00f3 la cartera de Hacienda, aunque por alg\u00fan tiempo se muestra renuente a aceptar el cargo, mismo que a\u00f1os antes hab\u00eda ocupado su padre cuando el gobierno era encabezado por Guadalupe Victoria. Finalmente, el 17 de febrero de 1851 reemplaz\u00f3 a Manuel Payno como ministro, quien acababa de ratificar la Ley de Cr\u00e9dito P\u00fablico m\u00e1s comprensiva hasta esa fecha. Esteva, sin embargo, consider\u00f3 que no pod\u00eda llevarse a cabo porque implicaba que se gastar\u00edan virtualmente todos los fondos de la indemnizaci\u00f3n norteamericana en el pago a los acreedores. Renunci\u00f3 al poco tiempo cuando el presidente Arista se neg\u00f3 a suspender el pago sobre la deuda interna. Incapacitado para arreglar la desorganizaci\u00f3n imperante en la Secretar\u00eda de Hacienda, la abandona el 28 de marzo siguiente. Al salir del Ministerio dirige una &#8220;Exposici\u00f3n&#8221; al Jefe Ejecutivo, a quien informa de la cr\u00edtica situaci\u00f3n por la que atravesaban las oficinas de Hacienda, \u00aben las que se advierte la falta de expedientes importantes, en las que se encuentran \u00f3rdenes supremas cuyos antecedentes y causas se ignoran, en las que hay cuentas de empleados de responsabilidad pecuniaria que no se glosan, en la que para despachar cualquier negocio es menester emplear muchos d\u00edas en la busca de los antecedentes, en la que se presentan \u00f3rdenes de pago de que no hay constancia en el Ministerio &#8230;\u00bb, todo lo cual motiva que asuntos econ\u00f3micos del pa\u00eds se hallen en \u00abun verdadero caos, capaz de desanimar al hombre mas perseverante en sus prop\u00f3sitos\u00bb. Para 1853, Santa Anna lo nombr\u00f3 administrador de la aduana mar\u00edtima de Veracruz y consejero de Estado. Durante el Imperio desempe\u00f1\u00f3 el puesto de consejero de Maximiliano, quien le premi\u00f3 con la cruz de oficial de la orden de Guadalupe.<a title=\"\" href=\"http:\/\/memoriasdehacienda.colmex.mx\/index.php\/134#_ftn1\">[1]<\/a><\/p>\n<div><br clear=\"all\" \/><\/p>\n<hr size=\"1\" width=\"33%\" \/>\n<div>\n<p class=\"Textodenotaalpie\">\u00a0\u00a0\u00a0\u00a0[1]\u00a0\u00a0\u00a0\u00a0\u00a0\u00a0\u00a0 C\u00e1rdenas de la Pe\u00f1a, p.615<\/p>\n<\/div>\n<\/div>\n","protected":false},"excerpt":{"rendered":"<p>Ministro de Hacienda: Del 17 de febrero al 28 de marzo de 1851. &nbsp; Naci\u00f3 en el puerto de Veracruz, hijo de una distinguida familia jarocha encabezada por su padre Jos\u00e9 Ignacio Esteva, ocup\u00f3 diversos cargos de \u00edndole administrativa en su ciudad natal. En 1851, siendo diputado de su estado natal, el presidente Mariano Arista<\/p>\n<p><a href=\"https:\/\/memoriasdehacienda.institutomora.edu.mx\/?page_id=7618\" class=\"more-link themebutton\">Read More<\/a><\/p>\n","protected":false},"author":1,"featured_media":0,"parent":0,"menu_order":0,"comment_status":"closed","ping_status":"closed","template":"","meta":[],"_links":{"self":[{"href":"https:\/\/memoriasdehacienda.institutomora.edu.mx\/index.php?rest_route=\/wp\/v2\/pages\/7618"}],"collection":[{"href":"https:\/\/memoriasdehacienda.institutomora.edu.mx\/index.php?rest_route=\/wp\/v2\/pages"}],"about":[{"href":"https:\/\/memoriasdehacienda.institutomora.edu.mx\/index.php?rest_route=\/wp\/v2\/types\/page"}],"author":[{"embeddable":true,"href":"https:\/\/memoriasdehacienda.institutomora.edu.mx\/index.php?rest_route=\/wp\/v2\/users\/1"}],"replies":[{"embeddable":true,"href":"https:\/\/memoriasdehacienda.institutomora.edu.mx\/index.php?rest_route=%2Fwp%2Fv2%2Fcomments&post=7618"}],"version-history":[{"count":1,"href":"https:\/\/memoriasdehacienda.institutomora.edu.mx\/index.php?rest_route=\/wp\/v2\/pages\/7618\/revisions"}],"predecessor-version":[{"id":7620,"href":"https:\/\/memoriasdehacienda.institutomora.edu.mx\/index.php?rest_route=\/wp\/v2\/pages\/7618\/revisions\/7620"}],"wp:attachment":[{"href":"https:\/\/memoriasdehacienda.institutomora.edu.mx\/index.php?rest_route=%2Fwp%2Fv2%2Fmedia&parent=7618"}],"curies":[{"name":"wp","href":"https:\/\/api.w.org\/{rel}","templated":true}]}}

Esteva y González, José Ignacio (1816-1891)

<p>Ministro de Hacienda:</p>
<p>Del 17 de febrero al 28 de marzo de 1851.<img loading="lazy" class="wp-image-7619 alignright" src="https://memoriasdehacienda.institutomora.edu.mx/wp-content/uploads/esteva2.jpg" alt="esteva2" width="171" height="217" srcset="https://memoriasdehacienda.institutomora.edu.mx/wp-content/uploads/esteva2.jpg 167w, https://memoriasdehacienda.institutomora.edu.mx/wp-content/uploads/esteva2-118x150.jpg 118w" sizes="(max-width: 171px) 100vw, 171px" /></p>
<p>&nbsp;</p>
<p>Nació en el puerto de Veracruz, hijo de una distinguida familia jarocha encabezada por su padre José Ignacio Esteva, ocupó diversos cargos de índole administrativa en su ciudad natal. En 1851, siendo diputado de su estado natal, el presidente Mariano Arista le confirió la cartera de Hacienda, aunque por algún tiempo se muestra renuente a aceptar el cargo, mismo que años antes había ocupado su padre cuando el gobierno era encabezado por Guadalupe Victoria. Finalmente, el 17 de febrero de 1851 reemplazó a Manuel Payno como ministro, quien acababa de ratificar la Ley de Crédito Público más comprensiva hasta esa fecha. Esteva, sin embargo, consideró que no podía llevarse a cabo porque implicaba que se gastarían virtualmente todos los fondos de la indemnización norteamericana en el pago a los acreedores. Renunció al poco tiempo cuando el presidente Arista se negó a suspender el pago sobre la deuda interna. Incapacitado para arreglar la desorganización imperante en la Secretaría de Hacienda, la abandona el 28 de marzo siguiente. Al salir del Ministerio dirige una &#8220;Exposición&#8221; al Jefe Ejecutivo, a quien informa de la crítica situación por la que atravesaban las oficinas de Hacienda, «en las que se advierte la falta de expedientes importantes, en las que se encuentran órdenes supremas cuyos antecedentes y causas se ignoran, en las que hay cuentas de empleados de responsabilidad pecuniaria que no se glosan, en la que para despachar cualquier negocio es menester emplear muchos días en la busca de los antecedentes, en la que se presentan órdenes de pago de que no hay constancia en el Ministerio &#8230;», todo lo cual motiva que asuntos económicos del país se hallen en «un verdadero caos, capaz de desanimar al hombre mas perseverante en sus propósitos». Para 1853, Santa Anna lo nombró administrador de la aduana marítima de Veracruz y consejero de Estado. Durante el Imperio desempeñó el puesto de consejero de Maximiliano, quien le premió con la cruz de oficial de la orden de Guadalupe.<a title="" href="http://memoriasdehacienda.colmex.mx/index.php/134#_ftn1">[1]</a></p>
<div><br clear="all" /></p>
<hr size="1" width="33%" />
<div>
<p class="Textodenotaalpie">    [1]        Cárdenas de la Peña, p.615</p>
</div>
</div>

<p>Ministro de Hacienda: Del 17 de febrero al 28 de marzo de 1851. &nbsp; Nació en el puerto de Veracruz, hijo de una distinguida familia jarocha encabezada por su padre José Ignacio Esteva, ocupó diversos cargos de índole administrativa en su ciudad natal. En 1851, siendo diputado de su estado natal, el presidente Mariano Arista</p>
<p><a href="https://memoriasdehacienda.institutomora.edu.mx/?page_id=7618" class="more-link themebutton">Read More</a></p>
