{"id":7622,"date":"2017-02-28T12:33:46","date_gmt":"2017-02-28T18:33:46","guid":{"rendered":"http:\/\/memoriasdehacienda.colmex.mx\/mhwp\/?page_id=7622"},"modified":"2017-02-28T12:33:46","modified_gmt":"2017-02-28T18:33:46","slug":"fernandez-del-castillo-y-aguilar-pedro-1794-1865","status":"publish","type":"page","link":"https:\/\/memoriasdehacienda.institutomora.edu.mx\/?page_id=7622","title":{"rendered":"Fern\u00e1ndez del Castillo y Aguilar, Pedro (1794-1865)"},"content":{"rendered":"<p>Ministro de Hacienda:<\/p>\n<p>Del 11 de agosto al 30 de diciembre de 1845.<\/p>\n<p>Oficial Mayor encargado de Hacienda:<\/p>\n<p>Del 27 al 29 de enero de 1854.<\/p>\n<p>Del 30 de mayo al 15 de junio de 1854.<\/p>\n<p>Del 17 al 18 de enero de 1855.<\/p>\n<p>Del 12 al 15 de abril de 1855.<\/p>\n<p>Del 15 de agosto al 12 de septiembre de 1855.<\/p>\n<p>&nbsp;<\/p>\n<p>Militar, nacido en Guanajuato, se adhiri\u00f3 al Plan de Iguala. En septiembre de 1822 es llamado para arreglar la Secretar\u00eda de la Capitan\u00eda General de las Provincias Internas. Adscrito al Ministerio de Guerra, en marzo de 1824 pas\u00f3 a Inglaterra como miembro de la primera legaci\u00f3n de la Rep\u00fablica en ese pa\u00eds. En 1826 regres\u00f3 a M\u00e9xico y colabor\u00f3 en la Secretar\u00eda de Relaciones hasta octubre de 1833. Un a\u00f1o despu\u00e9s regres\u00f3 al Ministerio cumpliendo el encargo, junto con Manuel Eduardo Gorostiza, de compilar y redactar una obra de derecho p\u00fablico e internacional esencialmente mexicanos. A fines de 1836 se dirigi\u00f3 a la ciudad de Matamoros con el fin de rescatar el territorio texano. Al retornar se incorpor\u00f3 de nuevo al Ministerio de relaciones y se encarg\u00f3 de examinar las reclamaciones del gobierno de los Estados Unidos; simult\u00e1neamente fue secretario particular de la presidencia hasta 1839, a\u00f1o en que fue nombrado director del\u00a0Diario Oficial del Gobierno. En 1840 obtuvo su retiro de la clase militar, en los a\u00f1os siguientes se desempe\u00f1a como diplom\u00e1tico, hasta que en el a\u00f1o de 1843 es electo diputado. En agosto de 1845 es nombrado Ministro de Hacienda, permaneciendo en el cargo hasta diciembre. Despu\u00e9s form\u00f3 parte de la Junta Consultiva de Gobierno. Durante la ocupaci\u00f3n estadounidense de 1847 desempe\u00f1\u00f3 comisiones importantes para el gobierno mexicano establecido en Quer\u00e9taro. Logrado el armisticio, ocup\u00f3 la direcci\u00f3n de la Tesorer\u00eda General de la Federaci\u00f3n y como tesorero recibi\u00f3 los tres millones de pesos estipulados como primer pago de indemnizaci\u00f3n que pag\u00f3 Estados Unidos a M\u00e9xico. Fue sujeto a un juicio por mal manejo de los fondos p\u00fablicos, del cual result\u00f3 exonerado de toda responsabilidad. En 1850 ocup\u00f3 nuevamente el cargo de tesorero de la Federaci\u00f3n y tambi\u00e9n fue nombrado oficial mayor primero de la Secretar\u00eda de Hacienda y Cr\u00e9dito P\u00fablico en 1854, cargo que desempe\u00f1\u00f3 hasta el triunfo de la revoluci\u00f3n de Ayutla. Posteriormente fue designado miembro de la Asamblea de Notables, la cual adopt\u00f3 la monarqu\u00eda como forma de gobierno.<a title=\"\" href=\"http:\/\/memoriasdehacienda.colmex.mx\/index.php\/135#_ftn1\">[1]<\/a><\/p>\n<div><br clear=\"all\" \/><\/p>\n<hr size=\"1\" width=\"33%\" \/>\n<div>\n<p class=\"Textodenotaalpie\">\u00a0\u00a0\u00a0\u00a0[1]\u00a0\u00a0\u00a0\u00a0\u00a0\u00a0\u00a0 C\u00e1rdenas de la Pe\u00f1a, vol.1, p. 629<\/p>\n<\/div>\n<\/div>\n","protected":false},"excerpt":{"rendered":"<p>Ministro de Hacienda: Del 11 de agosto al 30 de diciembre de 1845. Oficial Mayor encargado de Hacienda: Del 27 al 29 de enero de 1854. Del 30 de mayo al 15 de junio de 1854. Del 17 al 18 de enero de 1855. Del 12 al 15 de abril de 1855. Del 15 de<\/p>\n<p><a href=\"https:\/\/memoriasdehacienda.institutomora.edu.mx\/?page_id=7622\" class=\"more-link themebutton\">Read More<\/a><\/p>\n","protected":false},"author":1,"featured_media":0,"parent":0,"menu_order":0,"comment_status":"closed","ping_status":"closed","template":"","meta":[],"_links":{"self":[{"href":"https:\/\/memoriasdehacienda.institutomora.edu.mx\/index.php?rest_route=\/wp\/v2\/pages\/7622"}],"collection":[{"href":"https:\/\/memoriasdehacienda.institutomora.edu.mx\/index.php?rest_route=\/wp\/v2\/pages"}],"about":[{"href":"https:\/\/memoriasdehacienda.institutomora.edu.mx\/index.php?rest_route=\/wp\/v2\/types\/page"}],"author":[{"embeddable":true,"href":"https:\/\/memoriasdehacienda.institutomora.edu.mx\/index.php?rest_route=\/wp\/v2\/users\/1"}],"replies":[{"embeddable":true,"href":"https:\/\/memoriasdehacienda.institutomora.edu.mx\/index.php?rest_route=%2Fwp%2Fv2%2Fcomments&post=7622"}],"version-history":[{"count":1,"href":"https:\/\/memoriasdehacienda.institutomora.edu.mx\/index.php?rest_route=\/wp\/v2\/pages\/7622\/revisions"}],"predecessor-version":[{"id":7623,"href":"https:\/\/memoriasdehacienda.institutomora.edu.mx\/index.php?rest_route=\/wp\/v2\/pages\/7622\/revisions\/7623"}],"wp:attachment":[{"href":"https:\/\/memoriasdehacienda.institutomora.edu.mx\/index.php?rest_route=%2Fwp%2Fv2%2Fmedia&parent=7622"}],"curies":[{"name":"wp","href":"https:\/\/api.w.org\/{rel}","templated":true}]}}

Fernández del Castillo y Aguilar, Pedro (1794-1865)

<p>Ministro de Hacienda:</p>
<p>Del 11 de agosto al 30 de diciembre de 1845.</p>
<p>Oficial Mayor encargado de Hacienda:</p>
<p>Del 27 al 29 de enero de 1854.</p>
<p>Del 30 de mayo al 15 de junio de 1854.</p>
<p>Del 17 al 18 de enero de 1855.</p>
<p>Del 12 al 15 de abril de 1855.</p>
<p>Del 15 de agosto al 12 de septiembre de 1855.</p>
<p>&nbsp;</p>
<p>Militar, nacido en Guanajuato, se adhirió al Plan de Iguala. En septiembre de 1822 es llamado para arreglar la Secretaría de la Capitanía General de las Provincias Internas. Adscrito al Ministerio de Guerra, en marzo de 1824 pasó a Inglaterra como miembro de la primera legación de la República en ese país. En 1826 regresó a México y colaboró en la Secretaría de Relaciones hasta octubre de 1833. Un año después regresó al Ministerio cumpliendo el encargo, junto con Manuel Eduardo Gorostiza, de compilar y redactar una obra de derecho público e internacional esencialmente mexicanos. A fines de 1836 se dirigió a la ciudad de Matamoros con el fin de rescatar el territorio texano. Al retornar se incorporó de nuevo al Ministerio de relaciones y se encargó de examinar las reclamaciones del gobierno de los Estados Unidos; simultáneamente fue secretario particular de la presidencia hasta 1839, año en que fue nombrado director del Diario Oficial del Gobierno. En 1840 obtuvo su retiro de la clase militar, en los años siguientes se desempeña como diplomático, hasta que en el año de 1843 es electo diputado. En agosto de 1845 es nombrado Ministro de Hacienda, permaneciendo en el cargo hasta diciembre. Después formó parte de la Junta Consultiva de Gobierno. Durante la ocupación estadounidense de 1847 desempeñó comisiones importantes para el gobierno mexicano establecido en Querétaro. Logrado el armisticio, ocupó la dirección de la Tesorería General de la Federación y como tesorero recibió los tres millones de pesos estipulados como primer pago de indemnización que pagó Estados Unidos a México. Fue sujeto a un juicio por mal manejo de los fondos públicos, del cual resultó exonerado de toda responsabilidad. En 1850 ocupó nuevamente el cargo de tesorero de la Federación y también fue nombrado oficial mayor primero de la Secretaría de Hacienda y Crédito Público en 1854, cargo que desempeñó hasta el triunfo de la revolución de Ayutla. Posteriormente fue designado miembro de la Asamblea de Notables, la cual adoptó la monarquía como forma de gobierno.<a title="" href="http://memoriasdehacienda.colmex.mx/index.php/135#_ftn1">[1]</a></p>
<div><br clear="all" /></p>
<hr size="1" width="33%" />
<div>
<p class="Textodenotaalpie">    [1]        Cárdenas de la Peña, vol.1, p. 629</p>
</div>
</div>
