{"id":7640,"date":"2017-02-28T12:58:24","date_gmt":"2017-02-28T18:58:24","guid":{"rendered":"http:\/\/memoriasdehacienda.colmex.mx\/mhwp\/?page_id=7640"},"modified":"2017-02-28T12:58:24","modified_gmt":"2017-02-28T18:58:24","slug":"garcia-salinas-francisco-1786-1841","status":"publish","type":"page","link":"https:\/\/memoriasdehacienda.institutomora.edu.mx\/?page_id=7640","title":{"rendered":"Garc\u00eda Salinas, Francisco (1786-1841)"},"content":{"rendered":"<p>Ministro de Hacienda:<\/p>\n<p>Del 2 al 30 de noviembre de 1827.<img loading=\"lazy\" class=\"size-full wp-image-7641 alignright\" src=\"https:\/\/memoriasdehacienda.institutomora.edu.mx\/wp-content\/uploads\/garcia-salinas.jpg\" alt=\"garcia-salinas\" width=\"171\" height=\"171\" srcset=\"https:\/\/memoriasdehacienda.institutomora.edu.mx\/wp-content\/uploads\/garcia-salinas.jpg 171w, https:\/\/memoriasdehacienda.institutomora.edu.mx\/wp-content\/uploads\/garcia-salinas-150x150.jpg 150w\" sizes=\"(max-width: 171px) 100vw, 171px\" \/><\/p>\n<p>&nbsp;<\/p>\n<p>Naci\u00f3 en la hacienda de Santa Gertrudis, cercana a Jerez Zacatecas. Despu\u00e9s de realizar estudios en el Colegio de Nuestra Se\u00f1ora de Guadalupe y en el Seminario de Guadalajara regres\u00f3 a Zacatecas a dedicarse a la miner\u00eda. Se emple\u00f3 en &#8220;La Quebradilla&#8221; dedic\u00e1ndose a efectuar negociaciones mineras y a adquirir conocimientos cient\u00edficos sobre la materia.<\/p>\n<p>En 1821 fue regidor del ayuntamiento de la ciudad de Zacatecas y diputado al primer Congreso local y en 1824 represent\u00f3 a su Estado en el primer Congreso Constituyente. Se menciona que a \u00e9l se debe el primer plan para un sistema hacendario del M\u00e9xico independiente aceptado por esa asamblea. En 1825, siendo senador analiz\u00f3 de manera cr\u00edtica la memoria presentada por el ministro de Hacienda de Esteva, se\u00f1alando graves errores financieros. Esto le vali\u00f3 ser nombrado encargado del Ministerio de Hacienda, cargo que ocup\u00f3 brevemente, entre el 2 de noviembre de 1827 y el 15 de febrero de 1828. Abandon\u00f3 su cargo debido a que el Ejecutivo se neg\u00f3 a respaldar su plan de reorganizaci\u00f3n completa de la dependencia, pues planteaba la necesidad de establecer un sistema econ\u00f3mico distinto y de cambiar el personal que laboraba en las oficinas fiscales.<\/p>\n<p>En ese a\u00f1o, 1828, fue electo gobernador de Zacatecas, en pleno auge del federalismo en esa entidad. Adem\u00e1s de organizar la administraci\u00f3n de su Estado, Garc\u00eda Salinas promovi\u00f3 el establecimiento de manufacturas de algod\u00f3n, seda y lana en Jerez y en Villanueva, facilitando la entrada de expertos extranjeros para dirigirlas. Para impulsar el comercio en algunos casos elimin\u00f3 el pago de alcabalas o disminuy\u00f3 su monto. Impuls\u00f3 decididamente la miner\u00eda, la cual alcanz\u00f3 un auge inusitado en la regi\u00f3n. Para poner en actividad la econom\u00eda de la regi\u00f3n organiz\u00f3 sociedades econ\u00f3micas, impuls\u00f3 la producci\u00f3n minera y brind\u00f3 apoyo a la agricultura otorgando cr\u00e9ditos y adquiriendo terrenos para entregarlos a los campesinos que no tuvieran propiedades. Tambi\u00e9n se dedic\u00f3 a promover la creaci\u00f3n de servicios sociales necesarios para la poblaci\u00f3n; as\u00ed en el plano educativo fund\u00f3 una escuela normal en Saltillo, un instituto literario en Jerez y academias de dibujo en Zacatecas y Aguascalientes (ciudad que entonces formaba parte del Estado); y en 1835 implant\u00f3 la ense\u00f1anza obligatoria. En salud p\u00fablica procur\u00f3 combatir las epidemias de viruela con la vacunaci\u00f3n general. La administraci\u00f3n de justicia fue objeto tambi\u00e9n de reformas y mejoras, cre\u00f3 un presidio modelo, empleando a los reclusos en las labores de las minas, remuner\u00e1ndoles su trabajo y oblig\u00e1ndolos a ahorrar para que tuvieran un patrimonio al cumplir su condena. En cuanto a las finanzas p\u00fablicas fue mejorada con rectitud y acierto.<\/p>\n<p>&#8220;Se dijo de \u00e9l en aquella \u00e9poca: \u00abTerminada su gesti\u00f3n de aquel Estado, que hab\u00eda recibido dividido por las facciones, desolado por los malhechores, pobre, miserable y abatido, lo entreg\u00f3 a su sucesor, tranquilo, moralizado, opulento, poderoso y respetado\u00bb. Y aun separado del gobierno, sigui\u00f3 prestando servicios a su entidad sin remuneraci\u00f3n alguna, en el mando de la Guardia Nacional particip\u00f3 en la acci\u00f3n de Guadalupe. En 1841 el presidente Santa Anna le ofreci\u00f3 la cartera de Hacienda, a la cual declin\u00f3 poco antes de su muerte. El pueblo le llam\u00f3\u00a0Tata Pachito&#8221;.<a title=\"\" href=\"http:\/\/memoriasdehacienda.colmex.mx\/index.php\/141#_ftn1\">[1]<\/a><\/p>\n<div><br clear=\"all\" \/><\/p>\n<hr size=\"1\" width=\"33%\" \/>\n<div>\n<p class=\"Textodenotaalpie\">\u00a0\u00a0\u00a0\u00a0[1]\u00a0\u00a0\u00a0\u00a0\u00a0\u00a0\u00a0 C\u00e1rdenas de la Pe\u00f1a, vol 2, p.65.\u00a0Enciclopedia de M\u00e9xico, vol.5, p.198.\u00a0M\u00e9xico a trav\u00e9s de los siglos. Diccionario, A-J, p.361<\/p>\n<\/div>\n<\/div>\n","protected":false},"excerpt":{"rendered":"<p>Ministro de Hacienda: Del 2 al 30 de noviembre de 1827. &nbsp; Naci\u00f3 en la hacienda de Santa Gertrudis, cercana a Jerez Zacatecas. Despu\u00e9s de realizar estudios en el Colegio de Nuestra Se\u00f1ora de Guadalupe y en el Seminario de Guadalajara regres\u00f3 a Zacatecas a dedicarse a la miner\u00eda. Se emple\u00f3 en &#8220;La Quebradilla&#8221; dedic\u00e1ndose<\/p>\n<p><a href=\"https:\/\/memoriasdehacienda.institutomora.edu.mx\/?page_id=7640\" class=\"more-link themebutton\">Read More<\/a><\/p>\n","protected":false},"author":1,"featured_media":0,"parent":0,"menu_order":0,"comment_status":"closed","ping_status":"closed","template":"","meta":[],"_links":{"self":[{"href":"https:\/\/memoriasdehacienda.institutomora.edu.mx\/index.php?rest_route=\/wp\/v2\/pages\/7640"}],"collection":[{"href":"https:\/\/memoriasdehacienda.institutomora.edu.mx\/index.php?rest_route=\/wp\/v2\/pages"}],"about":[{"href":"https:\/\/memoriasdehacienda.institutomora.edu.mx\/index.php?rest_route=\/wp\/v2\/types\/page"}],"author":[{"embeddable":true,"href":"https:\/\/memoriasdehacienda.institutomora.edu.mx\/index.php?rest_route=\/wp\/v2\/users\/1"}],"replies":[{"embeddable":true,"href":"https:\/\/memoriasdehacienda.institutomora.edu.mx\/index.php?rest_route=%2Fwp%2Fv2%2Fcomments&post=7640"}],"version-history":[{"count":1,"href":"https:\/\/memoriasdehacienda.institutomora.edu.mx\/index.php?rest_route=\/wp\/v2\/pages\/7640\/revisions"}],"predecessor-version":[{"id":7642,"href":"https:\/\/memoriasdehacienda.institutomora.edu.mx\/index.php?rest_route=\/wp\/v2\/pages\/7640\/revisions\/7642"}],"wp:attachment":[{"href":"https:\/\/memoriasdehacienda.institutomora.edu.mx\/index.php?rest_route=%2Fwp%2Fv2%2Fmedia&parent=7640"}],"curies":[{"name":"wp","href":"https:\/\/api.w.org\/{rel}","templated":true}]}}

García Salinas, Francisco (1786-1841)

<p>Ministro de Hacienda:</p>
<p>Del 2 al 30 de noviembre de 1827.<img loading="lazy" class="size-full wp-image-7641 alignright" src="https://memoriasdehacienda.institutomora.edu.mx/wp-content/uploads/garcia-salinas.jpg" alt="garcia-salinas" width="171" height="171" srcset="https://memoriasdehacienda.institutomora.edu.mx/wp-content/uploads/garcia-salinas.jpg 171w, https://memoriasdehacienda.institutomora.edu.mx/wp-content/uploads/garcia-salinas-150x150.jpg 150w" sizes="(max-width: 171px) 100vw, 171px" /></p>
<p>&nbsp;</p>
<p>Nació en la hacienda de Santa Gertrudis, cercana a Jerez Zacatecas. Después de realizar estudios en el Colegio de Nuestra Señora de Guadalupe y en el Seminario de Guadalajara regresó a Zacatecas a dedicarse a la minería. Se empleó en &#8220;La Quebradilla&#8221; dedicándose a efectuar negociaciones mineras y a adquirir conocimientos científicos sobre la materia.</p>
<p>En 1821 fue regidor del ayuntamiento de la ciudad de Zacatecas y diputado al primer Congreso local y en 1824 representó a su Estado en el primer Congreso Constituyente. Se menciona que a él se debe el primer plan para un sistema hacendario del México independiente aceptado por esa asamblea. En 1825, siendo senador analizó de manera crítica la memoria presentada por el ministro de Hacienda de Esteva, señalando graves errores financieros. Esto le valió ser nombrado encargado del Ministerio de Hacienda, cargo que ocupó brevemente, entre el 2 de noviembre de 1827 y el 15 de febrero de 1828. Abandonó su cargo debido a que el Ejecutivo se negó a respaldar su plan de reorganización completa de la dependencia, pues planteaba la necesidad de establecer un sistema económico distinto y de cambiar el personal que laboraba en las oficinas fiscales.</p>
<p>En ese año, 1828, fue electo gobernador de Zacatecas, en pleno auge del federalismo en esa entidad. Además de organizar la administración de su Estado, García Salinas promovió el establecimiento de manufacturas de algodón, seda y lana en Jerez y en Villanueva, facilitando la entrada de expertos extranjeros para dirigirlas. Para impulsar el comercio en algunos casos eliminó el pago de alcabalas o disminuyó su monto. Impulsó decididamente la minería, la cual alcanzó un auge inusitado en la región. Para poner en actividad la economía de la región organizó sociedades económicas, impulsó la producción minera y brindó apoyo a la agricultura otorgando créditos y adquiriendo terrenos para entregarlos a los campesinos que no tuvieran propiedades. También se dedicó a promover la creación de servicios sociales necesarios para la población; así en el plano educativo fundó una escuela normal en Saltillo, un instituto literario en Jerez y academias de dibujo en Zacatecas y Aguascalientes (ciudad que entonces formaba parte del Estado); y en 1835 implantó la enseñanza obligatoria. En salud pública procuró combatir las epidemias de viruela con la vacunación general. La administración de justicia fue objeto también de reformas y mejoras, creó un presidio modelo, empleando a los reclusos en las labores de las minas, remunerándoles su trabajo y obligándolos a ahorrar para que tuvieran un patrimonio al cumplir su condena. En cuanto a las finanzas públicas fue mejorada con rectitud y acierto.</p>
<p>&#8220;Se dijo de él en aquella época: «Terminada su gestión de aquel Estado, que había recibido dividido por las facciones, desolado por los malhechores, pobre, miserable y abatido, lo entregó a su sucesor, tranquilo, moralizado, opulento, poderoso y respetado». Y aun separado del gobierno, siguió prestando servicios a su entidad sin remuneración alguna, en el mando de la Guardia Nacional participó en la acción de Guadalupe. En 1841 el presidente Santa Anna le ofreció la cartera de Hacienda, a la cual declinó poco antes de su muerte. El pueblo le llamó Tata Pachito&#8221;.<a title="" href="http://memoriasdehacienda.colmex.mx/index.php/141#_ftn1">[1]</a></p>
<div><br clear="all" /></p>
<hr size="1" width="33%" />
<div>
<p class="Textodenotaalpie">    [1]        Cárdenas de la Peña, vol 2, p.65. Enciclopedia de México, vol.5, p.198. México a través de los siglos. Diccionario, A-J, p.361</p>
</div>
</div>

<p>Ministro de Hacienda: Del 2 al 30 de noviembre de 1827. &nbsp; Nació en la hacienda de Santa Gertrudis, cercana a Jerez Zacatecas. Después de realizar estudios en el Colegio de Nuestra Señora de Guadalupe y en el Seminario de Guadalajara regresó a Zacatecas a dedicarse a la minería. Se empleó en &#8220;La Quebradilla&#8221; dedicándose</p>
<p><a href="https://memoriasdehacienda.institutomora.edu.mx/?page_id=7640" class="more-link themebutton">Read More</a></p>
