{"id":7645,"date":"2017-02-28T13:10:37","date_gmt":"2017-02-28T19:10:37","guid":{"rendered":"http:\/\/memoriasdehacienda.colmex.mx\/mhwp\/?page_id=7645"},"modified":"2017-02-28T13:10:37","modified_gmt":"2017-02-28T19:10:37","slug":"garcia-illueca-jose-ignacio-1780","status":"publish","type":"page","link":"https:\/\/memoriasdehacienda.institutomora.edu.mx\/?page_id=7645","title":{"rendered":"Garc\u00eda Illueca, Jos\u00e9 Ignacio (1780-?)"},"content":{"rendered":"<p>Ministro de Hacienda:<\/p>\n<p><img loading=\"lazy\" class=\"size-full wp-image-7646 alignright\" src=\"https:\/\/memoriasdehacienda.institutomora.edu.mx\/wp-content\/uploads\/illueca.jpg\" alt=\"illueca\" width=\"171\" height=\"270\" srcset=\"https:\/\/memoriasdehacienda.institutomora.edu.mx\/wp-content\/uploads\/illueca.jpg 171w, https:\/\/memoriasdehacienda.institutomora.edu.mx\/wp-content\/uploads\/illueca-95x150.jpg 95w\" sizes=\"(max-width: 171px) 100vw, 171px\" \/>Del 1\u00b0 al 30 de abril de 1823.<\/p>\n<p>&nbsp;<\/p>\n<p>Abogado de la Audiencia de M\u00e9xico, perteneci\u00f3 al Ej\u00e9rcito del Centro comandado por F\u00e9lix Mar\u00eda Calleja. En el transcurso del a\u00f1o de 1823, el Poder Ejecutivo le encarg\u00f3 el despacho de varios ministerios de gobierno: del 2 al 15 de abril el de Relaciones Interiores y Exteriores; el de Justicia y asuntos eclesi\u00e1sticos hasta el 6 de junio; el de Guerra y Marina hasta el 11 de julio; y el de Hacienda hasta el 30 de abril. Fue uno de los firmantes del acta de independencia, suscrita la noche del 28 de septiembre de 1821.<a title=\"\" href=\"http:\/\/memoriasdehacienda.colmex.mx\/index.php\/143#_ftn1\">[1]<\/a><\/p>\n<div><br clear=\"all\" \/><\/p>\n<hr size=\"1\" width=\"33%\" \/>\n<div>\n<p class=\"Textodenotaalpie\">\u00a0\u00a0\u00a0\u00a0[1]\u00a0\u00a0\u00a0\u00a0\u00a0\u00a0\u00a0\u00a0Enciclopedia de M\u00e9xico, vol. 5, p.191.<\/p>\n<\/div>\n<\/div>\n","protected":false},"excerpt":{"rendered":"<p>Ministro de Hacienda: Del 1\u00b0 al 30 de abril de 1823. &nbsp; Abogado de la Audiencia de M\u00e9xico, perteneci\u00f3 al Ej\u00e9rcito del Centro comandado por F\u00e9lix Mar\u00eda Calleja. En el transcurso del a\u00f1o de 1823, el Poder Ejecutivo le encarg\u00f3 el despacho de varios ministerios de gobierno: del 2 al 15 de abril el de<\/p>\n<p><a href=\"https:\/\/memoriasdehacienda.institutomora.edu.mx\/?page_id=7645\" class=\"more-link themebutton\">Read More<\/a><\/p>\n","protected":false},"author":1,"featured_media":0,"parent":0,"menu_order":0,"comment_status":"closed","ping_status":"closed","template":"","meta":[],"_links":{"self":[{"href":"https:\/\/memoriasdehacienda.institutomora.edu.mx\/index.php?rest_route=\/wp\/v2\/pages\/7645"}],"collection":[{"href":"https:\/\/memoriasdehacienda.institutomora.edu.mx\/index.php?rest_route=\/wp\/v2\/pages"}],"about":[{"href":"https:\/\/memoriasdehacienda.institutomora.edu.mx\/index.php?rest_route=\/wp\/v2\/types\/page"}],"author":[{"embeddable":true,"href":"https:\/\/memoriasdehacienda.institutomora.edu.mx\/index.php?rest_route=\/wp\/v2\/users\/1"}],"replies":[{"embeddable":true,"href":"https:\/\/memoriasdehacienda.institutomora.edu.mx\/index.php?rest_route=%2Fwp%2Fv2%2Fcomments&post=7645"}],"version-history":[{"count":1,"href":"https:\/\/memoriasdehacienda.institutomora.edu.mx\/index.php?rest_route=\/wp\/v2\/pages\/7645\/revisions"}],"predecessor-version":[{"id":7647,"href":"https:\/\/memoriasdehacienda.institutomora.edu.mx\/index.php?rest_route=\/wp\/v2\/pages\/7645\/revisions\/7647"}],"wp:attachment":[{"href":"https:\/\/memoriasdehacienda.institutomora.edu.mx\/index.php?rest_route=%2Fwp%2Fv2%2Fmedia&parent=7645"}],"curies":[{"name":"wp","href":"https:\/\/api.w.org\/{rel}","templated":true}]}}

García Illueca, José Ignacio (1780-?)

<p>Ministro de Hacienda:</p>
<p><img loading="lazy" class="size-full wp-image-7646 alignright" src="https://memoriasdehacienda.institutomora.edu.mx/wp-content/uploads/illueca.jpg" alt="illueca" width="171" height="270" srcset="https://memoriasdehacienda.institutomora.edu.mx/wp-content/uploads/illueca.jpg 171w, https://memoriasdehacienda.institutomora.edu.mx/wp-content/uploads/illueca-95x150.jpg 95w" sizes="(max-width: 171px) 100vw, 171px" />Del 1° al 30 de abril de 1823.</p>
<p>&nbsp;</p>
<p>Abogado de la Audiencia de México, perteneció al Ejército del Centro comandado por Félix María Calleja. En el transcurso del año de 1823, el Poder Ejecutivo le encargó el despacho de varios ministerios de gobierno: del 2 al 15 de abril el de Relaciones Interiores y Exteriores; el de Justicia y asuntos eclesiásticos hasta el 6 de junio; el de Guerra y Marina hasta el 11 de julio; y el de Hacienda hasta el 30 de abril. Fue uno de los firmantes del acta de independencia, suscrita la noche del 28 de septiembre de 1821.<a title="" href="http://memoriasdehacienda.colmex.mx/index.php/143#_ftn1">[1]</a></p>
<div><br clear="all" /></p>
<hr size="1" width="33%" />
<div>
<p class="Textodenotaalpie">    [1]        Enciclopedia de México, vol. 5, p.191.</p>
</div>
</div>

<p>Ministro de Hacienda: Del 1° al 30 de abril de 1823. &nbsp; Abogado de la Audiencia de México, perteneció al Ejército del Centro comandado por Félix María Calleja. En el transcurso del año de 1823, el Poder Ejecutivo le encargó el despacho de varios ministerios de gobierno: del 2 al 15 de abril el de</p>
<p><a href="https://memoriasdehacienda.institutomora.edu.mx/?page_id=7645" class="more-link themebutton">Read More</a></p>
