{"id":7670,"date":"2017-02-28T13:41:38","date_gmt":"2017-02-28T19:41:38","guid":{"rendered":"http:\/\/memoriasdehacienda.colmex.mx\/mhwp\/?page_id=7670"},"modified":"2017-02-28T13:41:38","modified_gmt":"2017-02-28T19:41:38","slug":"gorostiza-manuel-eduardo-de-1789-1851","status":"publish","type":"page","link":"https:\/\/memoriasdehacienda.institutomora.edu.mx\/?page_id=7670","title":{"rendered":"Gorostiza, Manuel Eduardo de (1789-1851)"},"content":{"rendered":"<p>Ministro de Hacienda:<\/p>\n<p><img loading=\"lazy\" class=\"size-full wp-image-7671 alignright\" src=\"https:\/\/memoriasdehacienda.institutomora.edu.mx\/wp-content\/uploads\/manuel-eduardo.jpg\" alt=\"manuel-eduardo\" width=\"171\" height=\"211\" srcset=\"https:\/\/memoriasdehacienda.institutomora.edu.mx\/wp-content\/uploads\/manuel-eduardo.jpg 171w, https:\/\/memoriasdehacienda.institutomora.edu.mx\/wp-content\/uploads\/manuel-eduardo-122x150.jpg 122w\" sizes=\"(max-width: 171px) 100vw, 171px\" \/>\u00a0 Del 19 de febrero al 7 de noviembre de 1838.<\/p>\n<p>Del 15 de diciembre de 1838 al 20 de marzo de 1839.<\/p>\n<p>Del 13 de diciembre de 1842 al 3 de marzo de 1843.<\/p>\n<p>Del 28 de marzo al 19 de abril de 1846<\/p>\n<p>&nbsp;<\/p>\n<p>Este militar, pol\u00edtico y dramaturgo naci\u00f3 en el puerto de Veracruz. Su padre era gobernador de la plaza de Veracruz y muri\u00f3 en 1793, por lo que su madre se traslad\u00f3 a Espa\u00f1a con Manuel cuando contaba con 4 a\u00f1os. All\u00e1 inici\u00f3 la carrera eclesi\u00e1stica, pero la abandon\u00f3 por la de las armas. Luch\u00f3 contra los invasores franceses, pero en 1814 se retir\u00f3 de la milicia. A\u00f1os despu\u00e9s se le desterr\u00f3 de Espa\u00f1a por sus ideas liberales.<\/p>\n<p>A ra\u00edz de su destierro vivi\u00f3 de sus art\u00edculos period\u00edsticos, publicando en especial en la\u00a0Revista de Edimburgo. Su obra literaria se caracteriza por ser contraria al sistema mon\u00e1rquico y favorable al democr\u00e1tico. Al consumarse la independencia de M\u00e9xico, ofreci\u00f3 sus servicios al nuevo gobierno. Desempe\u00f1\u00e1ndose como agente privado, c\u00f3nsul y encargado de negocios en Holanda (1824-1826) inici\u00f3 su carrera dentro de la administraci\u00f3n p\u00fablica mexicana. Con su labor diplom\u00e1tica logr\u00f3 la firma de tratados de amistad y comercio con los Pa\u00eds Bajos y con Dinamarca, y el establecimiento de relaciones con Prusia. En los siguientes a\u00f1os represent\u00f3 a M\u00e9xico ante el gobierno de Bruselas y fue ministro en Londres y en Berl\u00edn, as\u00ed como enviado extraordinario en Par\u00eds.<\/p>\n<p>Al regresar a M\u00e9xico se le nombr\u00f3 bibliotecario nacional y s\u00edndico del Ayuntamiento de Veracruz. Durante la primera administraci\u00f3n de G\u00f3mez Far\u00edas, form\u00f3 parte de la Direcci\u00f3n General de Instrucci\u00f3n P\u00fablica. Debido al conflicto con Texas, por su experiencia diplom\u00e1tica, fue nombrado enviado extraordinario ante el gobierno de los Estados Unidos (1836). Despu\u00e9s se desempe\u00f1ar\u00eda como ministro de Relaciones Exteriores e Interiores (1838-1839).<a title=\"\" href=\"http:\/\/memoriasdehacienda.colmex.mx\/index.php\/153#_ftn1\">[1]<\/a><\/p>\n<p>&nbsp;<\/p>\n<p>Adem\u00e1s de ocupar en cuatro ocasiones el Ministerio de Hacienda, en dos ocasiones estuvo al frente de Relaciones Exteriores en 1838 y en 1839. Como ministro de Hacienda, en 1836 impuls\u00f3 la adopci\u00f3n de las contribuciones directas, las cuales se convirtieron en pieza importante de la pol\u00edtica fiscal centralista y contribuy\u00f3 a la adopci\u00f3n de las Siete Leyes a fines de ese a\u00f1o. Gorostiza mantuvo relaciones muy estrechas con la comunidad de los agiotistas y era miembro de la Sociedad de Comercio en la ciudad de M\u00e9xico donde se reun\u00edan los m\u00e1s acaudalados comerciantes-prestamistas de la capital.<\/p>\n<p>Como buen patriota, durante la invasi\u00f3n norteamericana organiz\u00f3 el Batall\u00f3n de Bravos, para lo cual emple\u00f3 fondos propios, \u00e9ste cuerpo se distingui\u00f3 por su valent\u00eda en la defensa de Churubusco. Gorostiza muri\u00f3 siendo pobre en Tacubaya, Distrito Federal.<\/p>\n<div><br clear=\"all\" \/><\/p>\n<hr size=\"1\" width=\"33%\" \/>\n<div>\n<p class=\"Textodenotaalpie\">\u00a0\u00a0\u00a0\u00a0[1]\u00a0\u00a0\u00a0\u00a0\u00a0\u00a0\u00a0 &#8220;Viajando por Londres en 1822 conoce\u00a0 y se hace amigo de Lucas Alam\u00e1n &#8230; en 1824 decide recuperar su nacionalidad de origen. Ofrece sus servicios al Gobierno mexicano, y por intercesi\u00f3n de Jos\u00e9 Mariano de Michelena, en esa \u00e9poca representante de M\u00e9xico en Londres, es designado c\u00f3nsul y agente comercial y luego encargado de negocios de M\u00e9xico en los Pa\u00eds Bajos&#8230; En 1829 pasa a Londres como encargado de negocios y, d\u00e1ndose cuenta de las pretensiones norteamericanas sobre Texas, hace varias sugerencias al respecto a Alam\u00e1n, a la saz\u00f3n ministro de Relaciones. En 1830 es nombrado ministro plenipotenciario de M\u00e9xico en Inglaterra. Influye en el reconocimiento de M\u00e9xico por parte de Francia. Firma\u00a0 Tratados con Francia, Prusia y las Ciudades Hanse\u00e1ticas. En 1833 viene llamado por G\u00f3mez Far\u00edas, quien lo hace director de la Biblioteca Nacional y encargado del Teatro Nacional. Realiza una gran labor impulso a la educaci\u00f3n y al arte; es restaurador del teatro en M\u00e9xico. En 1836 es embajador en Washington. Diputado al Congreso de la Uni\u00f3n&#8221;. C\u00e1rdenas de la Pe\u00f1a, vol. 2, p. 147<\/p>\n<\/div>\n<\/div>\n","protected":false},"excerpt":{"rendered":"<p>Ministro de Hacienda: \u00a0 Del 19 de febrero al 7 de noviembre de 1838. Del 15 de diciembre de 1838 al 20 de marzo de 1839. Del 13 de diciembre de 1842 al 3 de marzo de 1843. Del 28 de marzo al 19 de abril de 1846 &nbsp; Este militar, pol\u00edtico y dramaturgo naci\u00f3<\/p>\n<p><a href=\"https:\/\/memoriasdehacienda.institutomora.edu.mx\/?page_id=7670\" class=\"more-link themebutton\">Read More<\/a><\/p>\n","protected":false},"author":1,"featured_media":0,"parent":0,"menu_order":0,"comment_status":"closed","ping_status":"closed","template":"","meta":[],"_links":{"self":[{"href":"https:\/\/memoriasdehacienda.institutomora.edu.mx\/index.php?rest_route=\/wp\/v2\/pages\/7670"}],"collection":[{"href":"https:\/\/memoriasdehacienda.institutomora.edu.mx\/index.php?rest_route=\/wp\/v2\/pages"}],"about":[{"href":"https:\/\/memoriasdehacienda.institutomora.edu.mx\/index.php?rest_route=\/wp\/v2\/types\/page"}],"author":[{"embeddable":true,"href":"https:\/\/memoriasdehacienda.institutomora.edu.mx\/index.php?rest_route=\/wp\/v2\/users\/1"}],"replies":[{"embeddable":true,"href":"https:\/\/memoriasdehacienda.institutomora.edu.mx\/index.php?rest_route=%2Fwp%2Fv2%2Fcomments&post=7670"}],"version-history":[{"count":1,"href":"https:\/\/memoriasdehacienda.institutomora.edu.mx\/index.php?rest_route=\/wp\/v2\/pages\/7670\/revisions"}],"predecessor-version":[{"id":7672,"href":"https:\/\/memoriasdehacienda.institutomora.edu.mx\/index.php?rest_route=\/wp\/v2\/pages\/7670\/revisions\/7672"}],"wp:attachment":[{"href":"https:\/\/memoriasdehacienda.institutomora.edu.mx\/index.php?rest_route=%2Fwp%2Fv2%2Fmedia&parent=7670"}],"curies":[{"name":"wp","href":"https:\/\/api.w.org\/{rel}","templated":true}]}}