{"id":7673,"date":"2017-02-28T13:44:06","date_gmt":"2017-02-28T19:44:06","guid":{"rendered":"http:\/\/memoriasdehacienda.colmex.mx\/mhwp\/?page_id=7673"},"modified":"2017-02-28T13:44:06","modified_gmt":"2017-02-28T19:44:06","slug":"gutierrez-y-riquero-bonifacio-1809-1882","status":"publish","type":"page","link":"https:\/\/memoriasdehacienda.institutomora.edu.mx\/?page_id=7673","title":{"rendered":"Guti\u00e9rrez y Riquero, Bonifacio (1809-1882)"},"content":{"rendered":"<p>Ministro de Hacienda:<\/p>\n<p><img loading=\"lazy\" class=\"size-full wp-image-7674 alignright\" src=\"https:\/\/memoriasdehacienda.institutomora.edu.mx\/wp-content\/uploads\/riquero.jpg\" alt=\"riquero\" width=\"171\" height=\"229\" srcset=\"https:\/\/memoriasdehacienda.institutomora.edu.mx\/wp-content\/uploads\/riquero.jpg 171w, https:\/\/memoriasdehacienda.institutomora.edu.mx\/wp-content\/uploads\/riquero-112x150.jpg 112w\" sizes=\"(max-width: 171px) 100vw, 171px\" \/> Del 24 de julio al 30 de octubre de 1849.<\/p>\n<p>Del 14 de mayo al 26 de junio de 1850.<\/p>\n<p>&nbsp;<\/p>\n<p>Nacido en la ciudad de Oaxaca, ah\u00ed realiz\u00f3 sus estudios, tiempo despu\u00e9s se traslad\u00f3 a M\u00e9xico, donde efectu\u00f3 trabajos vinculados con el comercio y ser\u00eda empleado de Hacienda. Ocup\u00f3 el cargo de regidor del Ayuntamiento de M\u00e9xico (1838). Santa Anna lo nombr\u00f3 jefe de Hacienda del Departamento de Chihuahua (1841) y organiz\u00f3 ah\u00ed las oficinas hacendarias adquiriendo fama por su rectitud y honorabilidad; fue administrador en la aduana de San Blas (1846), as\u00ed como en la aduana fronteriza del Presidio del Norte (1848), hoy Ciudad Ju\u00e1rez. M\u00e1s tarde fue comisario en Durango. El secretario de Hacienda, Francisco de Paula Arrangoiz, lo design\u00f3 ministro tesorero (30 de abril de 1849) y en ese a\u00f1o fue electo senador, designaci\u00f3n a la que renunci\u00f3.<\/p>\n<p>Fue responsable del Ministerio de Hacienda, puesto que abandon\u00f3 por no haber logrado remediar la situaci\u00f3n econ\u00f3mica nacional, a pesar de haber contado con la indemnizaci\u00f3n pagada por los Estados Unidos con motivo de la guerra. En 1850 ocup\u00f3 por segunda ocasi\u00f3n el puesto de ministro de Hacienda, pero se da cuenta que la cuesti\u00f3n hacendaria es cada d\u00eda m\u00e1s dif\u00edcil, por lo que renuncia el 27 de junio de ese a\u00f1o, regresando a ocupar su cargo de Tesorero.<a title=\"\" href=\"http:\/\/memoriasdehacienda.colmex.mx\/index.php\/154#_ftn1\">[1]<\/a>\u00a0A fines de este a\u00f1o se le designa miembro de la Junta de Cr\u00e9dito P\u00fablico.<\/p>\n<p>En Tehuantepec represent\u00f3 a la compa\u00f1\u00eda Sloo (1853). Luego le fue encomendada la aduana de La Ventosa, Tehuantepec (1857), asimismo fue designado administrador de Correos (1857) y durante el Segundo Imperio particip\u00f3 como consejero de Estado. Posteriormente fue agente de la compa\u00f1\u00eda neoyorquina de seguros \u00abLa Equitativa\u00bb (1873). Muri\u00f3 en la ciudad de M\u00e9xico.<\/p>\n<div><br clear=\"all\" \/><\/p>\n<hr size=\"1\" width=\"33%\" \/>\n<div>\n<p class=\"Textodenotaalpie\">\u00a0\u00a0\u00a0\u00a0[1] &#8220;El mismo escribe sobre la situaci\u00f3n diciendo que: \u00abFaltando recursos hasta para los gastos m\u00e1s precisos, y el Gobierno no tiene arbitrio para proveer a la necesidad &#8230; Si no se atiende a la frontera con medidas extraordinarias, si no se restablecen los impuestos indicados de una manera prudente, sino se decretan los derechos difenciales atendida la calidad de la bandera, si no se modifican los aranceles mar\u00edtimos y organizan las aduanas de cabotaje y los contraresguardos terrestres y si por \u00faltimo no se arregla la deuda p\u00fablica y reforma a las oficinas, y, todo esto pronto, instant\u00e1neamente el erario concluye, porque los males se hacen de m\u00e1s dif\u00edcil, mejor dicho, de imposible remedio\u00bb.\u00a0Ibid.<\/p>\n<\/div>\n<\/div>\n","protected":false},"excerpt":{"rendered":"<p>Ministro de Hacienda: Del 24 de julio al 30 de octubre de 1849. Del 14 de mayo al 26 de junio de 1850. &nbsp; Nacido en la ciudad de Oaxaca, ah\u00ed realiz\u00f3 sus estudios, tiempo despu\u00e9s se traslad\u00f3 a M\u00e9xico, donde efectu\u00f3 trabajos vinculados con el comercio y ser\u00eda empleado de Hacienda. Ocup\u00f3 el cargo<\/p>\n<p><a href=\"https:\/\/memoriasdehacienda.institutomora.edu.mx\/?page_id=7673\" class=\"more-link themebutton\">Read More<\/a><\/p>\n","protected":false},"author":1,"featured_media":0,"parent":0,"menu_order":0,"comment_status":"closed","ping_status":"closed","template":"","meta":[],"_links":{"self":[{"href":"https:\/\/memoriasdehacienda.institutomora.edu.mx\/index.php?rest_route=\/wp\/v2\/pages\/7673"}],"collection":[{"href":"https:\/\/memoriasdehacienda.institutomora.edu.mx\/index.php?rest_route=\/wp\/v2\/pages"}],"about":[{"href":"https:\/\/memoriasdehacienda.institutomora.edu.mx\/index.php?rest_route=\/wp\/v2\/types\/page"}],"author":[{"embeddable":true,"href":"https:\/\/memoriasdehacienda.institutomora.edu.mx\/index.php?rest_route=\/wp\/v2\/users\/1"}],"replies":[{"embeddable":true,"href":"https:\/\/memoriasdehacienda.institutomora.edu.mx\/index.php?rest_route=%2Fwp%2Fv2%2Fcomments&post=7673"}],"version-history":[{"count":1,"href":"https:\/\/memoriasdehacienda.institutomora.edu.mx\/index.php?rest_route=\/wp\/v2\/pages\/7673\/revisions"}],"predecessor-version":[{"id":7675,"href":"https:\/\/memoriasdehacienda.institutomora.edu.mx\/index.php?rest_route=\/wp\/v2\/pages\/7673\/revisions\/7675"}],"wp:attachment":[{"href":"https:\/\/memoriasdehacienda.institutomora.edu.mx\/index.php?rest_route=%2Fwp%2Fv2%2Fmedia&parent=7673"}],"curies":[{"name":"wp","href":"https:\/\/api.w.org\/{rel}","templated":true}]}}

Gutiérrez y Riquero, Bonifacio (1809-1882)

<p>Ministro de Hacienda:</p>
<p><img loading="lazy" class="size-full wp-image-7674 alignright" src="https://memoriasdehacienda.institutomora.edu.mx/wp-content/uploads/riquero.jpg" alt="riquero" width="171" height="229" srcset="https://memoriasdehacienda.institutomora.edu.mx/wp-content/uploads/riquero.jpg 171w, https://memoriasdehacienda.institutomora.edu.mx/wp-content/uploads/riquero-112x150.jpg 112w" sizes="(max-width: 171px) 100vw, 171px" /> Del 24 de julio al 30 de octubre de 1849.</p>
<p>Del 14 de mayo al 26 de junio de 1850.</p>
<p>&nbsp;</p>
<p>Nacido en la ciudad de Oaxaca, ahí realizó sus estudios, tiempo después se trasladó a México, donde efectuó trabajos vinculados con el comercio y sería empleado de Hacienda. Ocupó el cargo de regidor del Ayuntamiento de México (1838). Santa Anna lo nombró jefe de Hacienda del Departamento de Chihuahua (1841) y organizó ahí las oficinas hacendarias adquiriendo fama por su rectitud y honorabilidad; fue administrador en la aduana de San Blas (1846), así como en la aduana fronteriza del Presidio del Norte (1848), hoy Ciudad Juárez. Más tarde fue comisario en Durango. El secretario de Hacienda, Francisco de Paula Arrangoiz, lo designó ministro tesorero (30 de abril de 1849) y en ese año fue electo senador, designación a la que renunció.</p>
<p>Fue responsable del Ministerio de Hacienda, puesto que abandonó por no haber logrado remediar la situación económica nacional, a pesar de haber contado con la indemnización pagada por los Estados Unidos con motivo de la guerra. En 1850 ocupó por segunda ocasión el puesto de ministro de Hacienda, pero se da cuenta que la cuestión hacendaria es cada día más difícil, por lo que renuncia el 27 de junio de ese año, regresando a ocupar su cargo de Tesorero.<a title="" href="http://memoriasdehacienda.colmex.mx/index.php/154#_ftn1">[1]</a> A fines de este año se le designa miembro de la Junta de Crédito Público.</p>
<p>En Tehuantepec representó a la compañía Sloo (1853). Luego le fue encomendada la aduana de La Ventosa, Tehuantepec (1857), asimismo fue designado administrador de Correos (1857) y durante el Segundo Imperio participó como consejero de Estado. Posteriormente fue agente de la compañía neoyorquina de seguros «La Equitativa» (1873). Murió en la ciudad de México.</p>
<div><br clear="all" /></p>
<hr size="1" width="33%" />
<div>
<p class="Textodenotaalpie">    [1] &#8220;El mismo escribe sobre la situación diciendo que: «Faltando recursos hasta para los gastos más precisos, y el Gobierno no tiene arbitrio para proveer a la necesidad &#8230; Si no se atiende a la frontera con medidas extraordinarias, si no se restablecen los impuestos indicados de una manera prudente, sino se decretan los derechos difenciales atendida la calidad de la bandera, si no se modifican los aranceles marítimos y organizan las aduanas de cabotaje y los contraresguardos terrestres y si por último no se arregla la deuda pública y reforma a las oficinas, y, todo esto pronto, instantáneamente el erario concluye, porque los males se hacen de más difícil, mejor dicho, de imposible remedio». Ibid.</p>
</div>
</div>

<p>Ministro de Hacienda: Del 24 de julio al 30 de octubre de 1849. Del 14 de mayo al 26 de junio de 1850. &nbsp; Nacido en la ciudad de Oaxaca, ahí realizó sus estudios, tiempo después se trasladó a México, donde efectuó trabajos vinculados con el comercio y sería empleado de Hacienda. Ocupó el cargo</p>
<p><a href="https://memoriasdehacienda.institutomora.edu.mx/?page_id=7673" class="more-link themebutton">Read More</a></p>
