{"id":7684,"date":"2017-02-28T15:00:55","date_gmt":"2017-02-28T21:00:55","guid":{"rendered":"http:\/\/memoriasdehacienda.colmex.mx\/mhwp\/?page_id=7684"},"modified":"2017-02-28T15:00:55","modified_gmt":"2017-02-28T21:00:55","slug":"haro-y-tamariz-antonio-1811-1869","status":"publish","type":"page","link":"https:\/\/memoriasdehacienda.institutomora.edu.mx\/?page_id=7684","title":{"rendered":"Haro y Tamariz, Antonio (1811-1869)"},"content":{"rendered":"<p>Ministro de Hacienda:<\/p>\n<p><img loading=\"lazy\" class=\"size-full wp-image-7685 alignright\" src=\"https:\/\/memoriasdehacienda.institutomora.edu.mx\/wp-content\/uploads\/haro.jpg\" alt=\"haro\" width=\"171\" height=\"230\" srcset=\"https:\/\/memoriasdehacienda.institutomora.edu.mx\/wp-content\/uploads\/haro.jpg 171w, https:\/\/memoriasdehacienda.institutomora.edu.mx\/wp-content\/uploads\/haro-112x150.jpg 112w\" sizes=\"(max-width: 171px) 100vw, 171px\" \/>\u00a0\u00a0\u00a0\u00a0\u00a0\u00a0 Del 29 de octubre al 6 de diciembre de 1844.<\/p>\n<p>Del 25 de septiembre al 13 de noviembre de 1846.<\/p>\n<p>Del 20 de abril al 5 de agosto de 1853.<\/p>\n<p>&nbsp;<\/p>\n<p>Originario de la ciudad de Puebla estudi\u00f3 leyes obteniendo el t\u00edtulo de abogado. Siendo diputado federal por su Estado natal, Valent\u00edn Canalizo lo design\u00f3 ministro de Hacienda (1844). Renunci\u00f3 al Ministerio por secundar el movimiento encabezado por Santa Anna. Ocup\u00f3 el Ministerio de Hacienda por segunda vez a partir del 25 de septiembre de 1846, durante la presidencia de Mariano Salas. Entonces procur\u00f3 arreglar la consolidaci\u00f3n de la deuda p\u00fablica interior, labor que dej\u00f3 inconclusa al renunciar el 13 de noviembre de dicho a\u00f1o. Es autor del libro titulado\u00a0Exposici\u00f3n que dirige a sus conciudadanos y opiniones del autor sobre la monarqu\u00eda constitucional\u00a0(1846), publicado en Par\u00eds; texto que justifica la monarqu\u00eda. Es uno de quienes encabezan el movimiento por el regreso de Santa Anna, quien volvi\u00f3 al poder en 1853 y por tercera ocasi\u00f3n se le nombr\u00f3 ministro de Hacienda. En esa oportunidad impuls\u00f3 la ley penal para los empleos del Ministerio a su cargo. Mediante un informe manifest\u00f3 su desacuerdo en la creaci\u00f3n de un Banco Nacional (julio 1853). Por otra parte propuso hipotecar los bienes de la Iglesia por 17 millones de pesos, lo cual no le fue aceptado. Debido a la oposici\u00f3n hacia Santa Anna, a quien poco despu\u00e9s acusa de mal manejo de los fondos nacionales, abandona el Ministerio el 5 de agosto inmediato, m\u00e1s tarde, en San Luis Potos\u00ed, respalda el plan de Ayutla. A pesar de estar a favor del gobierno liberal se le acusa de conservador por lo que se ve obligado a enfrentar al nuevo gobierno, tras de ser derrotado sale de M\u00e9xico rumbo a Francia (1856). Regresa a nuestro pa\u00eds (1862) para luchar por las ideas ultramontanas. Despu\u00e9s de ser derrotado el Imperio de Maximiliano, decidi\u00f3 ingresar al noviciado de los jesuitas en Roma, ciudad en donde muri\u00f3. Cabe se\u00f1alar que Antonio Haro fue hermano del empresario textil poblano Luis Haro y Tamariz.<a title=\"\" href=\"http:\/\/memoriasdehacienda.colmex.mx\/index.php\/155#_ftn1\">[1]<\/a><\/p>\n<div><br clear=\"all\" \/><\/p>\n<hr size=\"1\" width=\"33%\" \/>\n<div>\n<p class=\"Textodenotaalpie\">\u00a0\u00a0\u00a0\u00a0[1]\u00a0\u00a0\u00a0\u00a0\u00a0\u00a0\u00a0 C\u00e1rdenas de la Pe\u00f1a, vol.2, pp.189 y 191.<\/p>\n<\/div>\n<\/div>\n","protected":false},"excerpt":{"rendered":"<p>Ministro de Hacienda: \u00a0\u00a0\u00a0\u00a0\u00a0\u00a0 Del 29 de octubre al 6 de diciembre de 1844. Del 25 de septiembre al 13 de noviembre de 1846. Del 20 de abril al 5 de agosto de 1853. &nbsp; Originario de la ciudad de Puebla estudi\u00f3 leyes obteniendo el t\u00edtulo de abogado. Siendo diputado federal por su Estado natal,<\/p>\n<p><a href=\"https:\/\/memoriasdehacienda.institutomora.edu.mx\/?page_id=7684\" class=\"more-link themebutton\">Read More<\/a><\/p>\n","protected":false},"author":1,"featured_media":0,"parent":0,"menu_order":0,"comment_status":"closed","ping_status":"closed","template":"","meta":[],"_links":{"self":[{"href":"https:\/\/memoriasdehacienda.institutomora.edu.mx\/index.php?rest_route=\/wp\/v2\/pages\/7684"}],"collection":[{"href":"https:\/\/memoriasdehacienda.institutomora.edu.mx\/index.php?rest_route=\/wp\/v2\/pages"}],"about":[{"href":"https:\/\/memoriasdehacienda.institutomora.edu.mx\/index.php?rest_route=\/wp\/v2\/types\/page"}],"author":[{"embeddable":true,"href":"https:\/\/memoriasdehacienda.institutomora.edu.mx\/index.php?rest_route=\/wp\/v2\/users\/1"}],"replies":[{"embeddable":true,"href":"https:\/\/memoriasdehacienda.institutomora.edu.mx\/index.php?rest_route=%2Fwp%2Fv2%2Fcomments&post=7684"}],"version-history":[{"count":1,"href":"https:\/\/memoriasdehacienda.institutomora.edu.mx\/index.php?rest_route=\/wp\/v2\/pages\/7684\/revisions"}],"predecessor-version":[{"id":7686,"href":"https:\/\/memoriasdehacienda.institutomora.edu.mx\/index.php?rest_route=\/wp\/v2\/pages\/7684\/revisions\/7686"}],"wp:attachment":[{"href":"https:\/\/memoriasdehacienda.institutomora.edu.mx\/index.php?rest_route=%2Fwp%2Fv2%2Fmedia&parent=7684"}],"curies":[{"name":"wp","href":"https:\/\/api.w.org\/{rel}","templated":true}]}}

<p>Ministro de Hacienda:</p>
<p><img loading="lazy" class="size-full wp-image-7685 alignright" src="https://memoriasdehacienda.institutomora.edu.mx/wp-content/uploads/haro.jpg" alt="haro" width="171" height="230" srcset="https://memoriasdehacienda.institutomora.edu.mx/wp-content/uploads/haro.jpg 171w, https://memoriasdehacienda.institutomora.edu.mx/wp-content/uploads/haro-112x150.jpg 112w" sizes="(max-width: 171px) 100vw, 171px" />       Del 29 de octubre al 6 de diciembre de 1844.</p>
<p>Del 25 de septiembre al 13 de noviembre de 1846.</p>
<p>Del 20 de abril al 5 de agosto de 1853.</p>
<p>&nbsp;</p>
<p>Originario de la ciudad de Puebla estudió leyes obteniendo el título de abogado. Siendo diputado federal por su Estado natal, Valentín Canalizo lo designó ministro de Hacienda (1844). Renunció al Ministerio por secundar el movimiento encabezado por Santa Anna. Ocupó el Ministerio de Hacienda por segunda vez a partir del 25 de septiembre de 1846, durante la presidencia de Mariano Salas. Entonces procuró arreglar la consolidación de la deuda pública interior, labor que dejó inconclusa al renunciar el 13 de noviembre de dicho año. Es autor del libro titulado Exposición que dirige a sus conciudadanos y opiniones del autor sobre la monarquía constitucional (1846), publicado en París; texto que justifica la monarquía. Es uno de quienes encabezan el movimiento por el regreso de Santa Anna, quien volvió al poder en 1853 y por tercera ocasión se le nombró ministro de Hacienda. En esa oportunidad impulsó la ley penal para los empleos del Ministerio a su cargo. Mediante un informe manifestó su desacuerdo en la creación de un Banco Nacional (julio 1853). Por otra parte propuso hipotecar los bienes de la Iglesia por 17 millones de pesos, lo cual no le fue aceptado. Debido a la oposición hacia Santa Anna, a quien poco después acusa de mal manejo de los fondos nacionales, abandona el Ministerio el 5 de agosto inmediato, más tarde, en San Luis Potosí, respalda el plan de Ayutla. A pesar de estar a favor del gobierno liberal se le acusa de conservador por lo que se ve obligado a enfrentar al nuevo gobierno, tras de ser derrotado sale de México rumbo a Francia (1856). Regresa a nuestro país (1862) para luchar por las ideas ultramontanas. Después de ser derrotado el Imperio de Maximiliano, decidió ingresar al noviciado de los jesuitas en Roma, ciudad en donde murió. Cabe señalar que Antonio Haro fue hermano del empresario textil poblano Luis Haro y Tamariz.<a title="" href="http://memoriasdehacienda.colmex.mx/index.php/155#_ftn1">[1]</a></p>
<div><br clear="all" /></p>
<hr size="1" width="33%" />
<div>
<p class="Textodenotaalpie">    [1]        Cárdenas de la Peña, vol.2, pp.189 y 191.</p>
</div>
</div>

<p>Ministro de Hacienda:        Del 29 de octubre al 6 de diciembre de 1844. Del 25 de septiembre al 13 de noviembre de 1846. Del 20 de abril al 5 de agosto de 1853. &nbsp; Originario de la ciudad de Puebla estudió leyes obteniendo el título de abogado. Siendo diputado federal por su Estado natal,</p>
<p><a href="https://memoriasdehacienda.institutomora.edu.mx/?page_id=7684" class="more-link themebutton">Read More</a></p>
