{"id":7689,"date":"2017-02-28T15:03:02","date_gmt":"2017-02-28T21:03:02","guid":{"rendered":"http:\/\/memoriasdehacienda.colmex.mx\/mhwp\/?page_id=7689"},"modified":"2017-02-28T15:03:02","modified_gmt":"2017-02-28T21:03:02","slug":"horta-antonio-maria","status":"publish","type":"page","link":"https:\/\/memoriasdehacienda.institutomora.edu.mx\/?page_id=7689","title":{"rendered":"Horta, Antonio Mar\u00eda"},"content":{"rendered":"<p>Oficial Mayor encargado de Hacienda:<\/p>\n<p>Del 25 al 26 de enero de 1847.<\/p>\n<p>Del 19 de febrero al 23 de marzo de 1847.<\/p>\n<p>&nbsp;<\/p>\n<p>Encargado del despacho del ministerio de Hacienda en las administraciones encabezadas por Valent\u00edn G\u00f3mez Far\u00edas (19 de febrero a 21 de marzo de 1847) y de Antonio L\u00f3pez de Santa Anna (21 de marzo a 2 de abril de 1847).<\/p>\n","protected":false},"excerpt":{"rendered":"<p>Oficial Mayor encargado de Hacienda: Del 25 al 26 de enero de 1847. Del 19 de febrero al 23 de marzo de 1847. &nbsp; Encargado del despacho del ministerio de Hacienda en las administraciones encabezadas por Valent\u00edn G\u00f3mez Far\u00edas (19 de febrero a 21 de marzo de 1847) y de Antonio L\u00f3pez de Santa Anna<\/p>\n<p><a href=\"https:\/\/memoriasdehacienda.institutomora.edu.mx\/?page_id=7689\" class=\"more-link themebutton\">Read More<\/a><\/p>\n","protected":false},"author":1,"featured_media":0,"parent":0,"menu_order":0,"comment_status":"closed","ping_status":"closed","template":"","meta":[],"_links":{"self":[{"href":"https:\/\/memoriasdehacienda.institutomora.edu.mx\/index.php?rest_route=\/wp\/v2\/pages\/7689"}],"collection":[{"href":"https:\/\/memoriasdehacienda.institutomora.edu.mx\/index.php?rest_route=\/wp\/v2\/pages"}],"about":[{"href":"https:\/\/memoriasdehacienda.institutomora.edu.mx\/index.php?rest_route=\/wp\/v2\/types\/page"}],"author":[{"embeddable":true,"href":"https:\/\/memoriasdehacienda.institutomora.edu.mx\/index.php?rest_route=\/wp\/v2\/users\/1"}],"replies":[{"embeddable":true,"href":"https:\/\/memoriasdehacienda.institutomora.edu.mx\/index.php?rest_route=%2Fwp%2Fv2%2Fcomments&post=7689"}],"version-history":[{"count":1,"href":"https:\/\/memoriasdehacienda.institutomora.edu.mx\/index.php?rest_route=\/wp\/v2\/pages\/7689\/revisions"}],"predecessor-version":[{"id":7690,"href":"https:\/\/memoriasdehacienda.institutomora.edu.mx\/index.php?rest_route=\/wp\/v2\/pages\/7689\/revisions\/7690"}],"wp:attachment":[{"href":"https:\/\/memoriasdehacienda.institutomora.edu.mx\/index.php?rest_route=%2Fwp%2Fv2%2Fmedia&parent=7689"}],"curies":[{"name":"wp","href":"https:\/\/api.w.org\/{rel}","templated":true}]}}

Horta, Antonio María

<p>Oficial Mayor encargado de Hacienda:</p>
<p>Del 25 al 26 de enero de 1847.</p>
<p>Del 19 de febrero al 23 de marzo de 1847.</p>
<p>&nbsp;</p>
<p>Encargado del despacho del ministerio de Hacienda en las administraciones encabezadas por Valentín Gómez Farías (19 de febrero a 21 de marzo de 1847) y de Antonio López de Santa Anna (21 de marzo a 2 de abril de 1847).</p>

<p>Oficial Mayor encargado de Hacienda: Del 25 al 26 de enero de 1847. Del 19 de febrero al 23 de marzo de 1847. &nbsp; Encargado del despacho del ministerio de Hacienda en las administraciones encabezadas por Valentín Gómez Farías (19 de febrero a 21 de marzo de 1847) y de Antonio López de Santa Anna</p>
<p><a href="https://memoriasdehacienda.institutomora.edu.mx/?page_id=7689" class="more-link themebutton">Read More</a></p>
