{"id":7691,"date":"2017-02-28T15:04:02","date_gmt":"2017-02-28T21:04:02","guid":{"rendered":"http:\/\/memoriasdehacienda.colmex.mx\/mhwp\/?page_id=7691"},"modified":"2017-02-28T15:04:02","modified_gmt":"2017-02-28T21:04:02","slug":"huici-jose-luis","status":"publish","type":"page","link":"https:\/\/memoriasdehacienda.institutomora.edu.mx\/?page_id=7691","title":{"rendered":"Huici, Jos\u00e9 Luis"},"content":{"rendered":"<p>Oficial Mayor encargado de Hacienda:<\/p>\n<p>Del 27 de mayo al 28 de julio de 1846.<\/p>\n<p>Del 5 al 27 de agosto de 1846.<\/p>\n<p>Del 21 al 27 de agosto de 1848.<\/p>\n<p>Del 3 al 10 de septiembre de 1848.<\/p>\n<p>El 23 de marzo de 1849.<\/p>\n<p>Del 14 al 15 enero de 1851.<\/p>\n<p>Del 29 de enero al 16 de febrero de 1851.<\/p>\n<p>&nbsp;<\/p>\n<p>Funcionario de Hacienda tuvo bajo su responsabilidad, por distintos per\u00edodos entre 1846 y 1859, la secretar\u00eda de Hacienda, esto fue durante los gobiernos de Mariano Paredes y Arrillaga; Mariano Salas; Jos\u00e9 Joaqu\u00edn Herrera; Mariano Arista y Miguel Miram\u00f3n.<\/p>\n","protected":false},"excerpt":{"rendered":"<p>Oficial Mayor encargado de Hacienda: Del 27 de mayo al 28 de julio de 1846. Del 5 al 27 de agosto de 1846. Del 21 al 27 de agosto de 1848. Del 3 al 10 de septiembre de 1848. El 23 de marzo de 1849. Del 14 al 15 enero de 1851. Del 29 de<\/p>\n<p><a href=\"https:\/\/memoriasdehacienda.institutomora.edu.mx\/?page_id=7691\" class=\"more-link themebutton\">Read More<\/a><\/p>\n","protected":false},"author":1,"featured_media":0,"parent":0,"menu_order":0,"comment_status":"closed","ping_status":"closed","template":"","meta":[],"_links":{"self":[{"href":"https:\/\/memoriasdehacienda.institutomora.edu.mx\/index.php?rest_route=\/wp\/v2\/pages\/7691"}],"collection":[{"href":"https:\/\/memoriasdehacienda.institutomora.edu.mx\/index.php?rest_route=\/wp\/v2\/pages"}],"about":[{"href":"https:\/\/memoriasdehacienda.institutomora.edu.mx\/index.php?rest_route=\/wp\/v2\/types\/page"}],"author":[{"embeddable":true,"href":"https:\/\/memoriasdehacienda.institutomora.edu.mx\/index.php?rest_route=\/wp\/v2\/users\/1"}],"replies":[{"embeddable":true,"href":"https:\/\/memoriasdehacienda.institutomora.edu.mx\/index.php?rest_route=%2Fwp%2Fv2%2Fcomments&post=7691"}],"version-history":[{"count":1,"href":"https:\/\/memoriasdehacienda.institutomora.edu.mx\/index.php?rest_route=\/wp\/v2\/pages\/7691\/revisions"}],"predecessor-version":[{"id":7692,"href":"https:\/\/memoriasdehacienda.institutomora.edu.mx\/index.php?rest_route=\/wp\/v2\/pages\/7691\/revisions\/7692"}],"wp:attachment":[{"href":"https:\/\/memoriasdehacienda.institutomora.edu.mx\/index.php?rest_route=%2Fwp%2Fv2%2Fmedia&parent=7691"}],"curies":[{"name":"wp","href":"https:\/\/api.w.org\/{rel}","templated":true}]}}

Huici, José Luis

<p>Oficial Mayor encargado de Hacienda:</p>
<p>Del 27 de mayo al 28 de julio de 1846.</p>
<p>Del 5 al 27 de agosto de 1846.</p>
<p>Del 21 al 27 de agosto de 1848.</p>
<p>Del 3 al 10 de septiembre de 1848.</p>
<p>El 23 de marzo de 1849.</p>
<p>Del 14 al 15 enero de 1851.</p>
<p>Del 29 de enero al 16 de febrero de 1851.</p>
<p>&nbsp;</p>
<p>Funcionario de Hacienda tuvo bajo su responsabilidad, por distintos períodos entre 1846 y 1859, la secretaría de Hacienda, esto fue durante los gobiernos de Mariano Paredes y Arrillaga; Mariano Salas; José Joaquín Herrera; Mariano Arista y Miguel Miramón.</p>
