{"id":7693,"date":"2017-02-28T15:04:33","date_gmt":"2017-02-28T21:04:33","guid":{"rendered":"http:\/\/memoriasdehacienda.colmex.mx\/mhwp\/?page_id=7693"},"modified":"2017-02-28T15:04:33","modified_gmt":"2017-02-28T21:04:33","slug":"icaza-antonio","status":"publish","type":"page","link":"https:\/\/memoriasdehacienda.institutomora.edu.mx\/?page_id=7693","title":{"rendered":"Icaza, Antonio"},"content":{"rendered":"<p>Ministro de Hacienda:<\/p>\n<p>Del 28 de agosto al 2 de septiembre de 1848.<\/p>\n<p>&nbsp;<\/p>\n<p>Encabez\u00f3 el ministerio de Hacienda cuando Jos\u00e9 Joaqu\u00edn de Herrera ocup\u00f3 la presidencia del gobierno nacional.<\/p>\n","protected":false},"excerpt":{"rendered":"<p>Ministro de Hacienda: Del 28 de agosto al 2 de septiembre de 1848. &nbsp; Encabez\u00f3 el ministerio de Hacienda cuando Jos\u00e9 Joaqu\u00edn de Herrera ocup\u00f3 la presidencia del gobierno nacional.<\/p>\n","protected":false},"author":1,"featured_media":0,"parent":0,"menu_order":0,"comment_status":"closed","ping_status":"closed","template":"","meta":[],"_links":{"self":[{"href":"https:\/\/memoriasdehacienda.institutomora.edu.mx\/index.php?rest_route=\/wp\/v2\/pages\/7693"}],"collection":[{"href":"https:\/\/memoriasdehacienda.institutomora.edu.mx\/index.php?rest_route=\/wp\/v2\/pages"}],"about":[{"href":"https:\/\/memoriasdehacienda.institutomora.edu.mx\/index.php?rest_route=\/wp\/v2\/types\/page"}],"author":[{"embeddable":true,"href":"https:\/\/memoriasdehacienda.institutomora.edu.mx\/index.php?rest_route=\/wp\/v2\/users\/1"}],"replies":[{"embeddable":true,"href":"https:\/\/memoriasdehacienda.institutomora.edu.mx\/index.php?rest_route=%2Fwp%2Fv2%2Fcomments&post=7693"}],"version-history":[{"count":1,"href":"https:\/\/memoriasdehacienda.institutomora.edu.mx\/index.php?rest_route=\/wp\/v2\/pages\/7693\/revisions"}],"predecessor-version":[{"id":7694,"href":"https:\/\/memoriasdehacienda.institutomora.edu.mx\/index.php?rest_route=\/wp\/v2\/pages\/7693\/revisions\/7694"}],"wp:attachment":[{"href":"https:\/\/memoriasdehacienda.institutomora.edu.mx\/index.php?rest_route=%2Fwp%2Fv2%2Fmedia&parent=7693"}],"curies":[{"name":"wp","href":"https:\/\/api.w.org\/{rel}","templated":true}]}}

<p>Ministro de Hacienda:</p>
<p>Del 28 de agosto al 2 de septiembre de 1848.</p>
<p>&nbsp;</p>
<p>Encabezó el ministerio de Hacienda cuando José Joaquín de Herrera ocupó la presidencia del gobierno nacional.</p>

<p>Ministro de Hacienda: Del 28 de agosto al 2 de septiembre de 1848. &nbsp; Encabezó el ministerio de Hacienda cuando José Joaquín de Herrera ocupó la presidencia del gobierno nacional.</p>
