{"id":7723,"date":"2017-02-28T15:47:37","date_gmt":"2017-02-28T21:47:37","guid":{"rendered":"http:\/\/memoriasdehacienda.colmex.mx\/mhwp\/?page_id=7723"},"modified":"2017-02-28T15:47:37","modified_gmt":"2017-02-28T21:47:37","slug":"lombardo-francisco-maria-1799-1855","status":"publish","type":"page","link":"https:\/\/memoriasdehacienda.institutomora.edu.mx\/?page_id=7723","title":{"rendered":"Lombardo, Francisco Mar\u00eda (1799-1855)"},"content":{"rendered":"<p>Oficial Mayor de Hacienda:<\/p>\n<p>Del 2 al 31 de diciembre de 1834.<\/p>\n<p>Ministro de Hacienda:<\/p>\n<p>Del 18 de mayo al 26 de julio de 1839.<\/p>\n<p>Oficial Mayor encargado de Hacienda:<\/p>\n<p>Del 23 al 24 de septiembre de 1846.<\/p>\n<p>Ministro de Hacienda:<\/p>\n<p>Del 8 al 16 de septiembre de 1847.<\/p>\n<p>&nbsp;<\/p>\n<p>Jurisconsulto y pol\u00edtico mexicano. Naci\u00f3 en la poblaci\u00f3n de Chilcuatla, el 15 de agosto de 1799. Cuando ten\u00eda siete a\u00f1os de edad pas\u00f3 con su familia a radicarse a la ciudad de M\u00e9xico,\u00a0 all\u00ed realiz\u00f3 sus estudios hasta obtener el t\u00edtulo de abogado (1818). Consumada la independencia fue electo diputado para el primer congreso constituyente, su firma figura en el acta de la Independencia. Por sus ideas liberales entre en pugna con Iturbide, quien lo mand\u00f3 encerrar en el convento de San Francisco. En 1853 figur\u00f3 como diputado al Congreso; fue catedr\u00e1tico del colegio de San Juan de Letr\u00e1n. En el transcurso de la \u00faltima administraci\u00f3n de Santa Anna, ocup\u00f3 las carteras de Hacienda y Relaciones Exteriores. En dos ocasiones fue hecho prisionero, en los gobiernos de Herrera y Paredes. Muri\u00f3 en 1855.<a title=\"\" href=\"http:\/\/memoriasdehacienda.colmex.mx\/index.php\/172#_ftn1\">[1]<\/a><\/p>\n<div><br clear=\"all\" \/><\/p>\n<hr size=\"1\" width=\"33%\" \/>\n<div>\n<p class=\"Textodenotaalpie\">\u00a0\u00a0\u00a0\u00a0[1]\u00a0\u00a0\u00a0\u00a0\u00a0\u00a0\u00a0 Diccionario Porr\u00faa, vol.1. 1986. p.1199.<\/p>\n<p class=\"Textodenotaalpie\">\u00a0\u00a0\u00a0\u00a0\u00a0\u00a0\u00a0\u00a0\u00a0\u00a0\u00a0 \u00a0\u00a0\u00a0\u00a0 L\u00f3pez de Escalera, Juan. 1964. p.607<\/p>\n<\/div>\n<\/div>\n","protected":false},"excerpt":{"rendered":"<p>Oficial Mayor de Hacienda: Del 2 al 31 de diciembre de 1834. Ministro de Hacienda: Del 18 de mayo al 26 de julio de 1839. Oficial Mayor encargado de Hacienda: Del 23 al 24 de septiembre de 1846. Ministro de Hacienda: Del 8 al 16 de septiembre de 1847. &nbsp; Jurisconsulto y pol\u00edtico mexicano. Naci\u00f3<\/p>\n<p><a href=\"https:\/\/memoriasdehacienda.institutomora.edu.mx\/?page_id=7723\" class=\"more-link themebutton\">Read More<\/a><\/p>\n","protected":false},"author":1,"featured_media":0,"parent":0,"menu_order":0,"comment_status":"closed","ping_status":"closed","template":"","meta":[],"_links":{"self":[{"href":"https:\/\/memoriasdehacienda.institutomora.edu.mx\/index.php?rest_route=\/wp\/v2\/pages\/7723"}],"collection":[{"href":"https:\/\/memoriasdehacienda.institutomora.edu.mx\/index.php?rest_route=\/wp\/v2\/pages"}],"about":[{"href":"https:\/\/memoriasdehacienda.institutomora.edu.mx\/index.php?rest_route=\/wp\/v2\/types\/page"}],"author":[{"embeddable":true,"href":"https:\/\/memoriasdehacienda.institutomora.edu.mx\/index.php?rest_route=\/wp\/v2\/users\/1"}],"replies":[{"embeddable":true,"href":"https:\/\/memoriasdehacienda.institutomora.edu.mx\/index.php?rest_route=%2Fwp%2Fv2%2Fcomments&post=7723"}],"version-history":[{"count":1,"href":"https:\/\/memoriasdehacienda.institutomora.edu.mx\/index.php?rest_route=\/wp\/v2\/pages\/7723\/revisions"}],"predecessor-version":[{"id":7724,"href":"https:\/\/memoriasdehacienda.institutomora.edu.mx\/index.php?rest_route=\/wp\/v2\/pages\/7723\/revisions\/7724"}],"wp:attachment":[{"href":"https:\/\/memoriasdehacienda.institutomora.edu.mx\/index.php?rest_route=%2Fwp%2Fv2%2Fmedia&parent=7723"}],"curies":[{"name":"wp","href":"https:\/\/api.w.org\/{rel}","templated":true}]}}

Lombardo, Francisco María (1799-1855)

<p>Oficial Mayor de Hacienda:</p>
<p>Del 2 al 31 de diciembre de 1834.</p>
<p>Ministro de Hacienda:</p>
<p>Del 18 de mayo al 26 de julio de 1839.</p>
<p>Oficial Mayor encargado de Hacienda:</p>
<p>Del 23 al 24 de septiembre de 1846.</p>
<p>Ministro de Hacienda:</p>
<p>Del 8 al 16 de septiembre de 1847.</p>
<p>&nbsp;</p>
<p>Jurisconsulto y político mexicano. Nació en la población de Chilcuatla, el 15 de agosto de 1799. Cuando tenía siete años de edad pasó con su familia a radicarse a la ciudad de México,  allí realizó sus estudios hasta obtener el título de abogado (1818). Consumada la independencia fue electo diputado para el primer congreso constituyente, su firma figura en el acta de la Independencia. Por sus ideas liberales entre en pugna con Iturbide, quien lo mandó encerrar en el convento de San Francisco. En 1853 figuró como diputado al Congreso; fue catedrático del colegio de San Juan de Letrán. En el transcurso de la última administración de Santa Anna, ocupó las carteras de Hacienda y Relaciones Exteriores. En dos ocasiones fue hecho prisionero, en los gobiernos de Herrera y Paredes. Murió en 1855.<a title="" href="http://memoriasdehacienda.colmex.mx/index.php/172#_ftn1">[1]</a></p>
<div><br clear="all" /></p>
<hr size="1" width="33%" />
<div>
<p class="Textodenotaalpie">    [1]        Diccionario Porrúa, vol.1. 1986. p.1199.</p>
<p class="Textodenotaalpie">                 López de Escalera, Juan. 1964. p.607</p>
</div>
</div>

<p>Oficial Mayor de Hacienda: Del 2 al 31 de diciembre de 1834. Ministro de Hacienda: Del 18 de mayo al 26 de julio de 1839. Oficial Mayor encargado de Hacienda: Del 23 al 24 de septiembre de 1846. Ministro de Hacienda: Del 8 al 16 de septiembre de 1847. &nbsp; Jurisconsulto y político mexicano. Nació</p>
<p><a href="https://memoriasdehacienda.institutomora.edu.mx/?page_id=7723" class="more-link themebutton">Read More</a></p>
