{"id":7735,"date":"2017-02-28T16:01:40","date_gmt":"2017-02-28T22:01:40","guid":{"rendered":"http:\/\/memoriasdehacienda.colmex.mx\/mhwp\/?page_id=7735"},"modified":"2017-02-28T16:01:40","modified_gmt":"2017-02-28T22:01:40","slug":"mangino-y-mendivil-rafael-1788-1837","status":"publish","type":"page","link":"https:\/\/memoriasdehacienda.institutomora.edu.mx\/?page_id=7735","title":{"rendered":"Mangino y Mend\u00edvil, Rafael (1788-1837)"},"content":{"rendered":"<p>Ministro de Hacienda:<\/p>\n<p>Del 8 de enero de 1830 al 19 de agosto de 1832.<\/p>\n<p>Del 3 al 20 septiembre de 1836.<\/p>\n<p>Del 3 de febrero al 20 de septiembre de 1836.<\/p>\n<p>&nbsp;<\/p>\n<p>Nacido en la ciudad de Puebla, hijo de Rafael Mangino Fern\u00e1ndez de Lima, caballero de la Orden de Carlos III, quien lleg\u00f3 a ser funcionario de la Real Hacienda, y de Mar\u00eda Josefa Mend\u00edvil. Se alist\u00f3 como oficial en Regimiento de Milicias Provinciales de Tlaxcala (1805). Abandon\u00f3 la milicia y se incorpor\u00f3 a la Secretar\u00eda del Virreinato. Pas\u00f3 a Espa\u00f1a y viaj\u00f3 a Francia (1813). De regreso a M\u00e9xico fue empleado en la Administraci\u00f3n de Tabacos en San Luis Potos\u00ed y fue ministro Tesorero de las cajas de Valladolid, hoy Morelia (1819). Cuando Iturbide ocup\u00f3 Puebla (1821) Mangino le ofreci\u00f3 sus servicios y fue nombrado Tesorero General del Ej\u00e9rcito Trigarante. Como presidente del Congreso le toc\u00f3 coronar a Iturbide emperador. El primer Congreso Constituyente lo nombr\u00f3 contador mayor de Hacienda. Fue ministro de esa Secretar\u00eda en dos ocasiones (de 8 de enero de 1830 a 19 de agosto de 1832 y del 3 al 20 septiembre de 1836). Como ministro de Hacienda logr\u00f3 un aumento de los ingresos, organiz\u00f3 las oficinas recaudadoras y estableci\u00f3 la Direcci\u00f3n General de Rentas (organismo separado del Ministerio). No estuvo de acuerdo en la creaci\u00f3n del Banco del Av\u00edo. Al morir en la ciudad de M\u00e9xico, era miembro del Poder Conservador (1837).<a title=\"\" href=\"http:\/\/memoriasdehacienda.colmex.mx\/index.php\/178#_ftn1\">[1]<\/a><\/p>\n<div><br clear=\"all\" \/><\/p>\n<hr size=\"1\" width=\"33%\" \/>\n<div>\n<p class=\"Textodenotaalpie\">\u00a0\u00a0\u00a0\u00a0[1]\u00a0\u00a0\u00a0\u00a0\u00a0\u00a0\u00a0\u00a0Diccionario Porr\u00faa, vol.2, pp.1247.<\/p>\n<\/div>\n<\/div>\n","protected":false},"excerpt":{"rendered":"<p>Ministro de Hacienda: Del 8 de enero de 1830 al 19 de agosto de 1832. Del 3 al 20 septiembre de 1836. Del 3 de febrero al 20 de septiembre de 1836. &nbsp; Nacido en la ciudad de Puebla, hijo de Rafael Mangino Fern\u00e1ndez de Lima, caballero de la Orden de Carlos III, quien lleg\u00f3<\/p>\n<p><a href=\"https:\/\/memoriasdehacienda.institutomora.edu.mx\/?page_id=7735\" class=\"more-link themebutton\">Read More<\/a><\/p>\n","protected":false},"author":1,"featured_media":0,"parent":0,"menu_order":0,"comment_status":"closed","ping_status":"closed","template":"","meta":[],"_links":{"self":[{"href":"https:\/\/memoriasdehacienda.institutomora.edu.mx\/index.php?rest_route=\/wp\/v2\/pages\/7735"}],"collection":[{"href":"https:\/\/memoriasdehacienda.institutomora.edu.mx\/index.php?rest_route=\/wp\/v2\/pages"}],"about":[{"href":"https:\/\/memoriasdehacienda.institutomora.edu.mx\/index.php?rest_route=\/wp\/v2\/types\/page"}],"author":[{"embeddable":true,"href":"https:\/\/memoriasdehacienda.institutomora.edu.mx\/index.php?rest_route=\/wp\/v2\/users\/1"}],"replies":[{"embeddable":true,"href":"https:\/\/memoriasdehacienda.institutomora.edu.mx\/index.php?rest_route=%2Fwp%2Fv2%2Fcomments&post=7735"}],"version-history":[{"count":1,"href":"https:\/\/memoriasdehacienda.institutomora.edu.mx\/index.php?rest_route=\/wp\/v2\/pages\/7735\/revisions"}],"predecessor-version":[{"id":7736,"href":"https:\/\/memoriasdehacienda.institutomora.edu.mx\/index.php?rest_route=\/wp\/v2\/pages\/7735\/revisions\/7736"}],"wp:attachment":[{"href":"https:\/\/memoriasdehacienda.institutomora.edu.mx\/index.php?rest_route=%2Fwp%2Fv2%2Fmedia&parent=7735"}],"curies":[{"name":"wp","href":"https:\/\/api.w.org\/{rel}","templated":true}]}}

Mangino y Mendívil, Rafael (1788-1837)

<p>Ministro de Hacienda:</p>
<p>Del 8 de enero de 1830 al 19 de agosto de 1832.</p>
<p>Del 3 al 20 septiembre de 1836.</p>
<p>Del 3 de febrero al 20 de septiembre de 1836.</p>
<p>&nbsp;</p>
<p>Nacido en la ciudad de Puebla, hijo de Rafael Mangino Fernández de Lima, caballero de la Orden de Carlos III, quien llegó a ser funcionario de la Real Hacienda, y de María Josefa Mendívil. Se alistó como oficial en Regimiento de Milicias Provinciales de Tlaxcala (1805). Abandonó la milicia y se incorporó a la Secretaría del Virreinato. Pasó a España y viajó a Francia (1813). De regreso a México fue empleado en la Administración de Tabacos en San Luis Potosí y fue ministro Tesorero de las cajas de Valladolid, hoy Morelia (1819). Cuando Iturbide ocupó Puebla (1821) Mangino le ofreció sus servicios y fue nombrado Tesorero General del Ejército Trigarante. Como presidente del Congreso le tocó coronar a Iturbide emperador. El primer Congreso Constituyente lo nombró contador mayor de Hacienda. Fue ministro de esa Secretaría en dos ocasiones (de 8 de enero de 1830 a 19 de agosto de 1832 y del 3 al 20 septiembre de 1836). Como ministro de Hacienda logró un aumento de los ingresos, organizó las oficinas recaudadoras y estableció la Dirección General de Rentas (organismo separado del Ministerio). No estuvo de acuerdo en la creación del Banco del Avío. Al morir en la ciudad de México, era miembro del Poder Conservador (1837).<a title="" href="http://memoriasdehacienda.colmex.mx/index.php/178#_ftn1">[1]</a></p>
<div><br clear="all" /></p>
<hr size="1" width="33%" />
<div>
<p class="Textodenotaalpie">    [1]        Diccionario Porrúa, vol.2, pp.1247.</p>
</div>
</div>

<p>Ministro de Hacienda: Del 8 de enero de 1830 al 19 de agosto de 1832. Del 3 al 20 septiembre de 1836. Del 3 de febrero al 20 de septiembre de 1836. &nbsp; Nacido en la ciudad de Puebla, hijo de Rafael Mangino Fernández de Lima, caballero de la Orden de Carlos III, quien llegó</p>
<p><a href="https://memoriasdehacienda.institutomora.edu.mx/?page_id=7735" class="more-link themebutton">Read More</a></p>
