{"id":7737,"date":"2017-02-28T16:05:28","date_gmt":"2017-02-28T22:05:28","guid":{"rendered":"http:\/\/memoriasdehacienda.colmex.mx\/mhwp\/?page_id=7737"},"modified":"2017-02-28T16:05:28","modified_gmt":"2017-02-28T22:05:28","slug":"maniau-ildefonso","status":"publish","type":"page","link":"https:\/\/memoriasdehacienda.institutomora.edu.mx\/?page_id=7737","title":{"rendered":"Maniau, Ildefonso"},"content":{"rendered":"<p>Ministro de Hacienda:<\/p>\n<p>Del 18 diciembre de 1829 al 7 de enero de 1830.<\/p>\n<p>&nbsp;<\/p>\n<p>De familia de funcionarios de la Real Hacienda. Ocup\u00f3 la cartera de Hacienda en los gobiernos de Jos\u00e9 Mar\u00eda Bocanegra (18 al 23 de diciembre de 1829); en el triunvirato formado por V\u00e9lez, Alam\u00e1n y Quintanar (23 al 31 de diciembre de 1829) y Anastasio Bustamante (1 al 7 de enero de 1830).<\/p>\n","protected":false},"excerpt":{"rendered":"<p>Ministro de Hacienda: Del 18 diciembre de 1829 al 7 de enero de 1830. &nbsp; De familia de funcionarios de la Real Hacienda. Ocup\u00f3 la cartera de Hacienda en los gobiernos de Jos\u00e9 Mar\u00eda Bocanegra (18 al 23 de diciembre de 1829); en el triunvirato formado por V\u00e9lez, Alam\u00e1n y Quintanar (23 al 31 de<\/p>\n<p><a href=\"https:\/\/memoriasdehacienda.institutomora.edu.mx\/?page_id=7737\" class=\"more-link themebutton\">Read More<\/a><\/p>\n","protected":false},"author":1,"featured_media":0,"parent":0,"menu_order":0,"comment_status":"closed","ping_status":"closed","template":"","meta":[],"_links":{"self":[{"href":"https:\/\/memoriasdehacienda.institutomora.edu.mx\/index.php?rest_route=\/wp\/v2\/pages\/7737"}],"collection":[{"href":"https:\/\/memoriasdehacienda.institutomora.edu.mx\/index.php?rest_route=\/wp\/v2\/pages"}],"about":[{"href":"https:\/\/memoriasdehacienda.institutomora.edu.mx\/index.php?rest_route=\/wp\/v2\/types\/page"}],"author":[{"embeddable":true,"href":"https:\/\/memoriasdehacienda.institutomora.edu.mx\/index.php?rest_route=\/wp\/v2\/users\/1"}],"replies":[{"embeddable":true,"href":"https:\/\/memoriasdehacienda.institutomora.edu.mx\/index.php?rest_route=%2Fwp%2Fv2%2Fcomments&post=7737"}],"version-history":[{"count":1,"href":"https:\/\/memoriasdehacienda.institutomora.edu.mx\/index.php?rest_route=\/wp\/v2\/pages\/7737\/revisions"}],"predecessor-version":[{"id":7738,"href":"https:\/\/memoriasdehacienda.institutomora.edu.mx\/index.php?rest_route=\/wp\/v2\/pages\/7737\/revisions\/7738"}],"wp:attachment":[{"href":"https:\/\/memoriasdehacienda.institutomora.edu.mx\/index.php?rest_route=%2Fwp%2Fv2%2Fmedia&parent=7737"}],"curies":[{"name":"wp","href":"https:\/\/api.w.org\/{rel}","templated":true}]}}

<p>Ministro de Hacienda:</p>
<p>Del 18 diciembre de 1829 al 7 de enero de 1830.</p>
<p>&nbsp;</p>
<p>De familia de funcionarios de la Real Hacienda. Ocupó la cartera de Hacienda en los gobiernos de José María Bocanegra (18 al 23 de diciembre de 1829); en el triunvirato formado por Vélez, Alamán y Quintanar (23 al 31 de diciembre de 1829) y Anastasio Bustamante (1 al 7 de enero de 1830).</p>

<p>Ministro de Hacienda: Del 18 diciembre de 1829 al 7 de enero de 1830. &nbsp; De familia de funcionarios de la Real Hacienda. Ocupó la cartera de Hacienda en los gobiernos de José María Bocanegra (18 al 23 de diciembre de 1829); en el triunvirato formado por Vélez, Alamán y Quintanar (23 al 31 de</p>
<p><a href="https://memoriasdehacienda.institutomora.edu.mx/?page_id=7737" class="more-link themebutton">Read More</a></p>
