{"id":7739,"date":"2017-02-28T16:06:06","date_gmt":"2017-02-28T22:06:06","guid":{"rendered":"http:\/\/memoriasdehacienda.colmex.mx\/mhwp\/?page_id=7739"},"modified":"2017-02-28T16:22:50","modified_gmt":"2017-02-28T22:22:50","slug":"mata-jose-maria","status":"publish","type":"page","link":"https:\/\/memoriasdehacienda.institutomora.edu.mx\/?page_id=7739","title":{"rendered":"Mata, Jos\u00e9 Mar\u00eda"},"content":{"rendered":"<div class=\"mainmiddle-wrapper-m\">\n<div class=\"contentleft-bg\">\n<div class=\"contentright-bg\">\n<div id=\"mainmiddle\">\n<div id=\"mainmiddle-expand\">\n<div id=\"content\">\n<div id=\"content-shift\">\n<div class=\"content-wrapper\">\n<div class=\"floatbox\">\n<div id=\"system\" class=\"\">\n<div class=\"item\">\n<div class=\"content\">\n<p>Ministro de Hacienda:<\/p>\n<p><img loading=\"lazy\" class=\"size-full wp-image-7741 alignright\" src=\"https:\/\/memoriasdehacienda.institutomora.edu.mx\/wp-content\/uploads\/mata.jpg\" alt=\"mata\" width=\"171\" height=\"251\" srcset=\"https:\/\/memoriasdehacienda.institutomora.edu.mx\/wp-content\/uploads\/mata.jpg 171w, https:\/\/memoriasdehacienda.institutomora.edu.mx\/wp-content\/uploads\/mata-102x150.jpg 102w\" sizes=\"(max-width: 171px) 100vw, 171px\" \/>Del 29 de octubre al 20 de noviembre de 1860.<\/p>\n<p>Del 22 de abril al 2 de mayo de 1861.<\/p>\n<p>&nbsp;<\/p>\n<p>El cargo lo desempe\u00f1\u00f3 en la primera presidencia de Benito Ju\u00e1rez.<\/p>\n<\/div>\n<\/div>\n<\/div>\n<\/div>\n<\/div>\n<\/div>\n<\/div>\n<\/div>\n<\/div>\n<\/div>\n<\/div>\n<\/div>\n<div class=\"mainmiddle-wrapper-bl\"><\/div>\n","protected":false},"excerpt":{"rendered":"<p>Ministro de Hacienda: Del 29 de octubre al 20 de noviembre de 1860. Del 22 de abril al 2 de mayo de 1861. &nbsp; El cargo lo desempe\u00f1\u00f3 en la primera presidencia de Benito Ju\u00e1rez.<\/p>\n","protected":false},"author":1,"featured_media":0,"parent":0,"menu_order":0,"comment_status":"closed","ping_status":"closed","template":"","meta":[],"_links":{"self":[{"href":"https:\/\/memoriasdehacienda.institutomora.edu.mx\/index.php?rest_route=\/wp\/v2\/pages\/7739"}],"collection":[{"href":"https:\/\/memoriasdehacienda.institutomora.edu.mx\/index.php?rest_route=\/wp\/v2\/pages"}],"about":[{"href":"https:\/\/memoriasdehacienda.institutomora.edu.mx\/index.php?rest_route=\/wp\/v2\/types\/page"}],"author":[{"embeddable":true,"href":"https:\/\/memoriasdehacienda.institutomora.edu.mx\/index.php?rest_route=\/wp\/v2\/users\/1"}],"replies":[{"embeddable":true,"href":"https:\/\/memoriasdehacienda.institutomora.edu.mx\/index.php?rest_route=%2Fwp%2Fv2%2Fcomments&post=7739"}],"version-history":[{"count":2,"href":"https:\/\/memoriasdehacienda.institutomora.edu.mx\/index.php?rest_route=\/wp\/v2\/pages\/7739\/revisions"}],"predecessor-version":[{"id":7742,"href":"https:\/\/memoriasdehacienda.institutomora.edu.mx\/index.php?rest_route=\/wp\/v2\/pages\/7739\/revisions\/7742"}],"wp:attachment":[{"href":"https:\/\/memoriasdehacienda.institutomora.edu.mx\/index.php?rest_route=%2Fwp%2Fv2%2Fmedia&parent=7739"}],"curies":[{"name":"wp","href":"https:\/\/api.w.org\/{rel}","templated":true}]}}

Mata, José María

<div class="mainmiddle-wrapper-m">
<div class="contentleft-bg">
<div class="contentright-bg">
<div id="mainmiddle">
<div id="mainmiddle-expand">
<div id="content">
<div id="content-shift">
<div class="content-wrapper">
<div class="floatbox">
<div id="system" class="">
<div class="item">
<div class="content">
<p>Ministro de Hacienda:</p>
<p><img loading="lazy" class="size-full wp-image-7741 alignright" src="https://memoriasdehacienda.institutomora.edu.mx/wp-content/uploads/mata.jpg" alt="mata" width="171" height="251" srcset="https://memoriasdehacienda.institutomora.edu.mx/wp-content/uploads/mata.jpg 171w, https://memoriasdehacienda.institutomora.edu.mx/wp-content/uploads/mata-102x150.jpg 102w" sizes="(max-width: 171px) 100vw, 171px" />Del 29 de octubre al 20 de noviembre de 1860.</p>
<p>Del 22 de abril al 2 de mayo de 1861.</p>
<p>&nbsp;</p>
<p>El cargo lo desempeñó en la primera presidencia de Benito Juárez.</p>
</div>
</div>
</div>
</div>
</div>
</div>
</div>
</div>
</div>
</div>
</div>
</div>
<div class="mainmiddle-wrapper-bl"></div>

<p>Ministro de Hacienda: Del 29 de octubre al 20 de noviembre de 1860. Del 22 de abril al 2 de mayo de 1861. &nbsp; El cargo lo desempeñó en la primera presidencia de Benito Juárez.</p>
