{"id":7747,"date":"2017-02-28T16:25:23","date_gmt":"2017-02-28T22:25:23","guid":{"rendered":"http:\/\/memoriasdehacienda.colmex.mx\/mhwp\/?page_id=7747"},"modified":"2017-02-28T16:26:36","modified_gmt":"2017-02-28T22:26:36","slug":"moctezuma-e-francisco","status":"publish","type":"page","link":"https:\/\/memoriasdehacienda.institutomora.edu.mx\/?page_id=7747","title":{"rendered":"Moctezuma E., Francisco"},"content":{"rendered":"<p>Encargado de Hacienda:<\/p>\n<p>Del 14 al 17 de abril de 1829.<\/p>\n<p>&nbsp;<\/p>\n<p>General mexicano, inici\u00f3 su carrera militar participando en la guerra de independencia. Se distingui\u00f3 en algunos movimientos liberales, especialmente en el que acudill\u00f3 en Tampico en contra del gobierno de Bustamante, apoyando la revoluci\u00f3n de Veracruz. En 1838, durante la segunda administraci\u00f3n de Bustamante, volvi\u00f3 a pronunciarse en contra del centralismo. Muri\u00f3 en 1838 combatiendo al gobierno centralista.<a title=\"\" href=\"http:\/\/memoriasdehacienda.colmex.mx\/index.php\/187#_ftn1\">[1]<\/a><\/p>\n<div>\n<p>&nbsp;<\/p>\n<hr size=\"1\" width=\"33%\" \/>\n<div>\n<p class=\"Textodenotaalpie\">\u00a0\u00a0\u00a0\u00a0[1] L\u00f3pez de Escalera, Juan. 1964. p. 713<\/p>\n<\/div>\n<\/div>\n","protected":false},"excerpt":{"rendered":"<p>Encargado de Hacienda: Del 14 al 17 de abril de 1829. &nbsp; General mexicano, inici\u00f3 su carrera militar participando en la guerra de independencia. Se distingui\u00f3 en algunos movimientos liberales, especialmente en el que acudill\u00f3 en Tampico en contra del gobierno de Bustamante, apoyando la revoluci\u00f3n de Veracruz. En 1838, durante la segunda administraci\u00f3n de<\/p>\n<p><a href=\"https:\/\/memoriasdehacienda.institutomora.edu.mx\/?page_id=7747\" class=\"more-link themebutton\">Read More<\/a><\/p>\n","protected":false},"author":1,"featured_media":0,"parent":0,"menu_order":0,"comment_status":"closed","ping_status":"closed","template":"","meta":[],"_links":{"self":[{"href":"https:\/\/memoriasdehacienda.institutomora.edu.mx\/index.php?rest_route=\/wp\/v2\/pages\/7747"}],"collection":[{"href":"https:\/\/memoriasdehacienda.institutomora.edu.mx\/index.php?rest_route=\/wp\/v2\/pages"}],"about":[{"href":"https:\/\/memoriasdehacienda.institutomora.edu.mx\/index.php?rest_route=\/wp\/v2\/types\/page"}],"author":[{"embeddable":true,"href":"https:\/\/memoriasdehacienda.institutomora.edu.mx\/index.php?rest_route=\/wp\/v2\/users\/1"}],"replies":[{"embeddable":true,"href":"https:\/\/memoriasdehacienda.institutomora.edu.mx\/index.php?rest_route=%2Fwp%2Fv2%2Fcomments&post=7747"}],"version-history":[{"count":2,"href":"https:\/\/memoriasdehacienda.institutomora.edu.mx\/index.php?rest_route=\/wp\/v2\/pages\/7747\/revisions"}],"predecessor-version":[{"id":7749,"href":"https:\/\/memoriasdehacienda.institutomora.edu.mx\/index.php?rest_route=\/wp\/v2\/pages\/7747\/revisions\/7749"}],"wp:attachment":[{"href":"https:\/\/memoriasdehacienda.institutomora.edu.mx\/index.php?rest_route=%2Fwp%2Fv2%2Fmedia&parent=7747"}],"curies":[{"name":"wp","href":"https:\/\/api.w.org\/{rel}","templated":true}]}}

<p>Encargado de Hacienda:</p>
<p>Del 14 al 17 de abril de 1829.</p>
<p>&nbsp;</p>
<p>General mexicano, inició su carrera militar participando en la guerra de independencia. Se distinguió en algunos movimientos liberales, especialmente en el que acudilló en Tampico en contra del gobierno de Bustamante, apoyando la revolución de Veracruz. En 1838, durante la segunda administración de Bustamante, volvió a pronunciarse en contra del centralismo. Murió en 1838 combatiendo al gobierno centralista.<a title="" href="http://memoriasdehacienda.colmex.mx/index.php/187#_ftn1">[1]</a></p>
<div>
<p>&nbsp;</p>
<hr size="1" width="33%" />
<div>
<p class="Textodenotaalpie">    [1] López de Escalera, Juan. 1964. p. 713</p>
</div>
</div>

<p>Encargado de Hacienda: Del 14 al 17 de abril de 1829. &nbsp; General mexicano, inició su carrera militar participando en la guerra de independencia. Se distinguió en algunos movimientos liberales, especialmente en el que acudilló en Tampico en contra del gobierno de Bustamante, apoyando la revolución de Veracruz. En 1838, durante la segunda administración de</p>
<p><a href="https://memoriasdehacienda.institutomora.edu.mx/?page_id=7747" class="more-link themebutton">Read More</a></p>
