{"id":7763,"date":"2017-03-01T11:54:58","date_gmt":"2017-03-01T17:54:58","guid":{"rendered":"http:\/\/memoriasdehacienda.colmex.mx\/mhwp\/?page_id=7763"},"modified":"2017-03-01T11:54:58","modified_gmt":"2017-03-01T17:54:58","slug":"nunez-jose-higinio","status":"publish","type":"page","link":"https:\/\/memoriasdehacienda.institutomora.edu.mx\/?page_id=7763","title":{"rendered":"N\u00fa\u00f1ez, Jos\u00e9 Higinio"},"content":{"rendered":"<div class=\"mainmiddle-wrapper-m\">\n<div class=\"contentleft-bg\">\n<div class=\"contentright-bg\">\n<div id=\"mainmiddle\">\n<div id=\"mainmiddle-expand\">\n<div id=\"content\">\n<div id=\"content-shift\">\n<div class=\"content-wrapper\">\n<div class=\"floatbox\">\n<div id=\"system\" class=\"\">\n<div class=\"item\">\n<div class=\"content\">\n<p>Oficial Mayor encargado de Hacienda:<\/p>\n<p><img loading=\"lazy\" class=\"size-full wp-image-7764 alignright\" src=\"https:\/\/memoriasdehacienda.institutomora.edu.mx\/wp-content\/uploads\/higino.jpg\" alt=\"higino\" width=\"171\" height=\"218\" srcset=\"https:\/\/memoriasdehacienda.institutomora.edu.mx\/wp-content\/uploads\/higino.jpg 171w, https:\/\/memoriasdehacienda.institutomora.edu.mx\/wp-content\/uploads\/higino-118x150.jpg 118w\" sizes=\"(max-width: 171px) 100vw, 171px\" \/>\u00a0\u00a0\u00a0\u00a0\u00a0\u00a0\u00a0\u00a0\u00a0\u00a0\u00a0\u00a0\u00a0\u00a0\u00a0 Del 18 de junio al 15 de julio de 1861.<\/p>\n<p>Ministro de Hacienda:<\/p>\n<p>Del 16 de julio al 12 de noviembre de 1861.<\/p>\n<p>Del 25 de agosto de 1862 al 17 de enero de 1864.<\/p>\n<p>&nbsp;<\/p>\n<p>Ocup\u00f3 su cargo en la primer presidencia de Benito Ju\u00e1rez.<\/p>\n<\/div>\n<\/div>\n<\/div>\n<\/div>\n<\/div>\n<\/div>\n<\/div>\n<\/div>\n<\/div>\n<\/div>\n<\/div>\n<\/div>\n<div class=\"mainmiddle-wrapper-bl\"><\/div>\n","protected":false},"excerpt":{"rendered":"<p>Oficial Mayor encargado de Hacienda: \u00a0\u00a0\u00a0\u00a0\u00a0\u00a0\u00a0\u00a0\u00a0\u00a0\u00a0\u00a0\u00a0\u00a0\u00a0 Del 18 de junio al 15 de julio de 1861. Ministro de Hacienda: Del 16 de julio al 12 de noviembre de 1861. Del 25 de agosto de 1862 al 17 de enero de 1864. &nbsp; Ocup\u00f3 su cargo en la primer presidencia de Benito Ju\u00e1rez.<\/p>\n","protected":false},"author":1,"featured_media":0,"parent":0,"menu_order":0,"comment_status":"closed","ping_status":"closed","template":"","meta":[],"_links":{"self":[{"href":"https:\/\/memoriasdehacienda.institutomora.edu.mx\/index.php?rest_route=\/wp\/v2\/pages\/7763"}],"collection":[{"href":"https:\/\/memoriasdehacienda.institutomora.edu.mx\/index.php?rest_route=\/wp\/v2\/pages"}],"about":[{"href":"https:\/\/memoriasdehacienda.institutomora.edu.mx\/index.php?rest_route=\/wp\/v2\/types\/page"}],"author":[{"embeddable":true,"href":"https:\/\/memoriasdehacienda.institutomora.edu.mx\/index.php?rest_route=\/wp\/v2\/users\/1"}],"replies":[{"embeddable":true,"href":"https:\/\/memoriasdehacienda.institutomora.edu.mx\/index.php?rest_route=%2Fwp%2Fv2%2Fcomments&post=7763"}],"version-history":[{"count":1,"href":"https:\/\/memoriasdehacienda.institutomora.edu.mx\/index.php?rest_route=\/wp\/v2\/pages\/7763\/revisions"}],"predecessor-version":[{"id":7765,"href":"https:\/\/memoriasdehacienda.institutomora.edu.mx\/index.php?rest_route=\/wp\/v2\/pages\/7763\/revisions\/7765"}],"wp:attachment":[{"href":"https:\/\/memoriasdehacienda.institutomora.edu.mx\/index.php?rest_route=%2Fwp%2Fv2%2Fmedia&parent=7763"}],"curies":[{"name":"wp","href":"https:\/\/api.w.org\/{rel}","templated":true}]}}

Núñez, José Higinio

<div class="mainmiddle-wrapper-m">
<div class="contentleft-bg">
<div class="contentright-bg">
<div id="mainmiddle">
<div id="mainmiddle-expand">
<div id="content">
<div id="content-shift">
<div class="content-wrapper">
<div class="floatbox">
<div id="system" class="">
<div class="item">
<div class="content">
<p>Oficial Mayor encargado de Hacienda:</p>
<p><img loading="lazy" class="size-full wp-image-7764 alignright" src="https://memoriasdehacienda.institutomora.edu.mx/wp-content/uploads/higino.jpg" alt="higino" width="171" height="218" srcset="https://memoriasdehacienda.institutomora.edu.mx/wp-content/uploads/higino.jpg 171w, https://memoriasdehacienda.institutomora.edu.mx/wp-content/uploads/higino-118x150.jpg 118w" sizes="(max-width: 171px) 100vw, 171px" />                Del 18 de junio al 15 de julio de 1861.</p>
<p>Ministro de Hacienda:</p>
<p>Del 16 de julio al 12 de noviembre de 1861.</p>
<p>Del 25 de agosto de 1862 al 17 de enero de 1864.</p>
<p>&nbsp;</p>
<p>Ocupó su cargo en la primer presidencia de Benito Juárez.</p>
</div>
</div>
</div>
</div>
</div>
</div>
</div>
</div>
</div>
</div>
</div>
</div>
<div class="mainmiddle-wrapper-bl"></div>

<p>Oficial Mayor encargado de Hacienda:                 Del 18 de junio al 15 de julio de 1861. Ministro de Hacienda: Del 16 de julio al 12 de noviembre de 1861. Del 25 de agosto de 1862 al 17 de enero de 1864. &nbsp; Ocupó su cargo en la primer presidencia de Benito Juárez.</p>
