{"id":7782,"date":"2017-03-01T12:15:53","date_gmt":"2017-03-01T18:15:53","guid":{"rendered":"http:\/\/memoriasdehacienda.colmex.mx\/mhwp\/?page_id=7782"},"modified":"2017-03-01T12:15:53","modified_gmt":"2017-03-01T18:15:53","slug":"perez-maldonado-rafael-1762-1830","status":"publish","type":"page","link":"https:\/\/memoriasdehacienda.institutomora.edu.mx\/?page_id=7782","title":{"rendered":"P\u00e9rez Maldonado, Rafael (1762-1830)"},"content":{"rendered":"<p>Ministro de Hacienda:<\/p>\n<p>Del 5 de octubre de 1821 al 11 de abril de 1822 (Primera Regencia)<\/p>\n<p>Del 11 de abril al 18 de mayo de 1822 (Segunda Regencia)<\/p>\n<p>Del 18 de mayo al 19 de marzo de 1822 (Imperio de Iturbide).<\/p>\n<p>&nbsp;<\/p>\n<p>Naci\u00f3 en Tecaltiche. Estudi\u00f3 en el Colegio de San ildefonso de M\u00e9xico y en el de Santa Mar\u00eda de Todos Santos. Fue abogado de la Real Audiencia, asesor en el Real Tribunal de la Acordada y agente fiscal de la Real Hacienda en el Virreinato y en el primer &#8220;Gobierno de la Independencia&#8221;, en el que desempe\u00f1\u00f3 tambi\u00e9n el cargo de Secretario de Hacienda. Muri\u00f3 en Toluca (Estado de M\u00e9xico) en 1830.<a title=\"\" href=\"http:\/\/memoriasdehacienda.colmex.mx\/index.php\/198#_ftn1\">[1]<\/a>\u00a0Le toc\u00f3 presentar la Memoria 28 de Febrero de 1822.<\/p>\n<div><br clear=\"all\" \/><\/p>\n<hr size=\"1\" width=\"33%\" \/>\n<div>\n<p class=\"Textodenotaalpie\">\u00a0\u00a0\u00a0\u00a0[1].\u00a0\u00a0\u00a0\u00a0\u00a0\u00a0\u00a0M\u00e9xico a trav\u00e9s de los siglos. Diccionario, K-Z, pp.756.<\/p>\n<p class=\"Textodenotaalpie\">\u00a0\u00a0\u00a0\u00a0\u00a0\u00a0\u00a0\u00a0\u00a0\u00a0\u00a0 \u00a0\u00a0\u00a0\u00a0 L\u00f3pez de Escalera, Juan. 1964. pp.847<\/p>\n<p class=\"Textodenotaalpie\">\u00a0\u00a0\u00a0\u00a0\u00a0\u00a0\u00a0\u00a0\u00a0\u00a0\u00a0 \u00a0\u00a0\u00a0\u00a0 Mestre Chigliazza, Manuel. 1945. pp. 19<\/p>\n<\/div>\n<\/div>\n","protected":false},"excerpt":{"rendered":"<p>Ministro de Hacienda: Del 5 de octubre de 1821 al 11 de abril de 1822 (Primera Regencia) Del 11 de abril al 18 de mayo de 1822 (Segunda Regencia) Del 18 de mayo al 19 de marzo de 1822 (Imperio de Iturbide). &nbsp; Naci\u00f3 en Tecaltiche. Estudi\u00f3 en el Colegio de San ildefonso de M\u00e9xico<\/p>\n<p><a href=\"https:\/\/memoriasdehacienda.institutomora.edu.mx\/?page_id=7782\" class=\"more-link themebutton\">Read More<\/a><\/p>\n","protected":false},"author":1,"featured_media":0,"parent":0,"menu_order":0,"comment_status":"closed","ping_status":"closed","template":"","meta":[],"_links":{"self":[{"href":"https:\/\/memoriasdehacienda.institutomora.edu.mx\/index.php?rest_route=\/wp\/v2\/pages\/7782"}],"collection":[{"href":"https:\/\/memoriasdehacienda.institutomora.edu.mx\/index.php?rest_route=\/wp\/v2\/pages"}],"about":[{"href":"https:\/\/memoriasdehacienda.institutomora.edu.mx\/index.php?rest_route=\/wp\/v2\/types\/page"}],"author":[{"embeddable":true,"href":"https:\/\/memoriasdehacienda.institutomora.edu.mx\/index.php?rest_route=\/wp\/v2\/users\/1"}],"replies":[{"embeddable":true,"href":"https:\/\/memoriasdehacienda.institutomora.edu.mx\/index.php?rest_route=%2Fwp%2Fv2%2Fcomments&post=7782"}],"version-history":[{"count":1,"href":"https:\/\/memoriasdehacienda.institutomora.edu.mx\/index.php?rest_route=\/wp\/v2\/pages\/7782\/revisions"}],"predecessor-version":[{"id":7783,"href":"https:\/\/memoriasdehacienda.institutomora.edu.mx\/index.php?rest_route=\/wp\/v2\/pages\/7782\/revisions\/7783"}],"wp:attachment":[{"href":"https:\/\/memoriasdehacienda.institutomora.edu.mx\/index.php?rest_route=%2Fwp%2Fv2%2Fmedia&parent=7782"}],"curies":[{"name":"wp","href":"https:\/\/api.w.org\/{rel}","templated":true}]}}

Pérez Maldonado, Rafael (1762-1830)

<p>Ministro de Hacienda:</p>
<p>Del 5 de octubre de 1821 al 11 de abril de 1822 (Primera Regencia)</p>
<p>Del 11 de abril al 18 de mayo de 1822 (Segunda Regencia)</p>
<p>Del 18 de mayo al 19 de marzo de 1822 (Imperio de Iturbide).</p>
<p>&nbsp;</p>
<p>Nació en Tecaltiche. Estudió en el Colegio de San ildefonso de México y en el de Santa María de Todos Santos. Fue abogado de la Real Audiencia, asesor en el Real Tribunal de la Acordada y agente fiscal de la Real Hacienda en el Virreinato y en el primer &#8220;Gobierno de la Independencia&#8221;, en el que desempeñó también el cargo de Secretario de Hacienda. Murió en Toluca (Estado de México) en 1830.<a title="" href="http://memoriasdehacienda.colmex.mx/index.php/198#_ftn1">[1]</a> Le tocó presentar la Memoria 28 de Febrero de 1822.</p>
<div><br clear="all" /></p>
<hr size="1" width="33%" />
<div>
<p class="Textodenotaalpie">    [1].       México a través de los siglos. Diccionario, K-Z, pp.756.</p>
<p class="Textodenotaalpie">                 López de Escalera, Juan. 1964. pp.847</p>
<p class="Textodenotaalpie">                 Mestre Chigliazza, Manuel. 1945. pp. 19</p>
</div>
</div>

<p>Ministro de Hacienda: Del 5 de octubre de 1821 al 11 de abril de 1822 (Primera Regencia) Del 11 de abril al 18 de mayo de 1822 (Segunda Regencia) Del 18 de mayo al 19 de marzo de 1822 (Imperio de Iturbide). &nbsp; Nació en Tecaltiche. Estudió en el Colegio de San ildefonso de México</p>
<p><a href="https://memoriasdehacienda.institutomora.edu.mx/?page_id=7782" class="more-link themebutton">Read More</a></p>
