{"id":7784,"date":"2017-03-01T12:17:56","date_gmt":"2017-03-01T18:17:56","guid":{"rendered":"http:\/\/memoriasdehacienda.colmex.mx\/mhwp\/?page_id=7784"},"modified":"2017-03-01T12:17:56","modified_gmt":"2017-03-01T18:17:56","slug":"peza-y-peza-carlos-g-de-la","status":"publish","type":"page","link":"https:\/\/memoriasdehacienda.institutomora.edu.mx\/?page_id=7784","title":{"rendered":"Peza y Peza, Carlos G. de la"},"content":{"rendered":"<p>\u00bfEncargado? de Hacienda:<\/p>\n<p>Del 7 de julio al 7 de octubre de 1859.<\/p>\n<p>&nbsp;<\/p>\n<p>Lleg\u00f3 a desempe\u00f1arse como ministro de Hacienda dentro del gabinete del presidente Miguel Miram\u00f3n. Su proyecto de las finanzas p\u00fablicas, denominado &#8220;ley Peza&#8221;, no tuvo los efectos deseados pues derog\u00f3 contribuciones sin antes tratar de obtener recursos que sustituyeran lo que estaban produciendo los depuestos.<a title=\"\" href=\"http:\/\/memoriasdehacienda.colmex.mx\/index.php\/199#_ftn1\">[1]<\/a>\u00a0Para cubrir el d\u00e9ficit emiti\u00f3 bonos del gobierno, m\u00e1s tarde conocidos con el nombre de &#8220;bonos Jecker&#8221;, objeto de reclamaci\u00f3n durante la intervenci\u00f3n francesa. Muri\u00f3 en 1864 de tifo en la capital del pa\u00eds.<a title=\"\" href=\"http:\/\/memoriasdehacienda.colmex.mx\/index.php\/199#_ftn2\">[2]<\/a><\/p>\n<div><br clear=\"all\" \/><\/p>\n<hr size=\"1\" width=\"33%\" \/>\n<div>\n<p class=\"Textodenotaalpie\">\u00a0\u00a0\u00a0\u00a0[1]\u00a0\u00a0\u00a0\u00a0\u00a0\u00a0\u00a0 &#8220;&#8230; derrama un contingente de 30 millones entre el Departamento y Territorios que no pueden cubrir ni los gastos m\u00e1s indispensables, y declara libre el comercio interior\u00bb, con lo que las aduanas pierden su significaci\u00f3n fundamental.&#8221; C\u00e1rdenas de la Pe\u00f1a, vol.3, pp.115.<\/p>\n<\/div>\n<div>\n<p class=\"Textodenotaalpie\">\u00a0\u00a0\u00a0\u00a0[2]\u00a0\u00a0\u00a0\u00a0\u00a0\u00a0\u00a0\u00a0Ibid.<\/p>\n<\/div>\n<\/div>\n","protected":false},"excerpt":{"rendered":"<p>\u00bfEncargado? de Hacienda: Del 7 de julio al 7 de octubre de 1859. &nbsp; Lleg\u00f3 a desempe\u00f1arse como ministro de Hacienda dentro del gabinete del presidente Miguel Miram\u00f3n. Su proyecto de las finanzas p\u00fablicas, denominado &#8220;ley Peza&#8221;, no tuvo los efectos deseados pues derog\u00f3 contribuciones sin antes tratar de obtener recursos que sustituyeran lo que<\/p>\n<p><a href=\"https:\/\/memoriasdehacienda.institutomora.edu.mx\/?page_id=7784\" class=\"more-link themebutton\">Read More<\/a><\/p>\n","protected":false},"author":1,"featured_media":0,"parent":0,"menu_order":0,"comment_status":"closed","ping_status":"closed","template":"","meta":[],"_links":{"self":[{"href":"https:\/\/memoriasdehacienda.institutomora.edu.mx\/index.php?rest_route=\/wp\/v2\/pages\/7784"}],"collection":[{"href":"https:\/\/memoriasdehacienda.institutomora.edu.mx\/index.php?rest_route=\/wp\/v2\/pages"}],"about":[{"href":"https:\/\/memoriasdehacienda.institutomora.edu.mx\/index.php?rest_route=\/wp\/v2\/types\/page"}],"author":[{"embeddable":true,"href":"https:\/\/memoriasdehacienda.institutomora.edu.mx\/index.php?rest_route=\/wp\/v2\/users\/1"}],"replies":[{"embeddable":true,"href":"https:\/\/memoriasdehacienda.institutomora.edu.mx\/index.php?rest_route=%2Fwp%2Fv2%2Fcomments&post=7784"}],"version-history":[{"count":1,"href":"https:\/\/memoriasdehacienda.institutomora.edu.mx\/index.php?rest_route=\/wp\/v2\/pages\/7784\/revisions"}],"predecessor-version":[{"id":7785,"href":"https:\/\/memoriasdehacienda.institutomora.edu.mx\/index.php?rest_route=\/wp\/v2\/pages\/7784\/revisions\/7785"}],"wp:attachment":[{"href":"https:\/\/memoriasdehacienda.institutomora.edu.mx\/index.php?rest_route=%2Fwp%2Fv2%2Fmedia&parent=7784"}],"curies":[{"name":"wp","href":"https:\/\/api.w.org\/{rel}","templated":true}]}}

<p>¿Encargado? de Hacienda:</p>
<p>Del 7 de julio al 7 de octubre de 1859.</p>
<p>&nbsp;</p>
<p>Llegó a desempeñarse como ministro de Hacienda dentro del gabinete del presidente Miguel Miramón. Su proyecto de las finanzas públicas, denominado &#8220;ley Peza&#8221;, no tuvo los efectos deseados pues derogó contribuciones sin antes tratar de obtener recursos que sustituyeran lo que estaban produciendo los depuestos.<a title="" href="http://memoriasdehacienda.colmex.mx/index.php/199#_ftn1">[1]</a> Para cubrir el déficit emitió bonos del gobierno, más tarde conocidos con el nombre de &#8220;bonos Jecker&#8221;, objeto de reclamación durante la intervención francesa. Murió en 1864 de tifo en la capital del país.<a title="" href="http://memoriasdehacienda.colmex.mx/index.php/199#_ftn2">[2]</a></p>
<div><br clear="all" /></p>
<hr size="1" width="33%" />
<div>
<p class="Textodenotaalpie">    [1]        &#8220;&#8230; derrama un contingente de 30 millones entre el Departamento y Territorios que no pueden cubrir ni los gastos más indispensables, y declara libre el comercio interior», con lo que las aduanas pierden su significación fundamental.&#8221; Cárdenas de la Peña, vol.3, pp.115.</p>
</div>
<div>
<p class="Textodenotaalpie">    [2]        Ibid.</p>
</div>
</div>

<p>¿Encargado? de Hacienda: Del 7 de julio al 7 de octubre de 1859. &nbsp; Llegó a desempeñarse como ministro de Hacienda dentro del gabinete del presidente Miguel Miramón. Su proyecto de las finanzas públicas, denominado &#8220;ley Peza&#8221;, no tuvo los efectos deseados pues derogó contribuciones sin antes tratar de obtener recursos que sustituyeran lo que</p>
<p><a href="https://memoriasdehacienda.institutomora.edu.mx/?page_id=7784" class="more-link themebutton">Read More</a></p>
