{"id":7786,"date":"2017-03-01T12:21:47","date_gmt":"2017-03-01T18:21:47","guid":{"rendered":"http:\/\/memoriasdehacienda.colmex.mx\/mhwp\/?page_id=7786"},"modified":"2017-03-01T12:21:47","modified_gmt":"2017-03-01T18:21:47","slug":"pina-y-cuevas-manuel-1804-1877","status":"publish","type":"page","link":"https:\/\/memoriasdehacienda.institutomora.edu.mx\/?page_id=7786","title":{"rendered":"Pi\u00f1a y Cuevas, Manuel (1804-1877)"},"content":{"rendered":"<p>Ministro de Hacienda:<\/p>\n<p><img loading=\"lazy\" class=\"size-full wp-image-7787 alignright\" src=\"https:\/\/memoriasdehacienda.institutomora.edu.mx\/wp-content\/uploads\/pina.jpg\" alt=\"pina\" width=\"171\" height=\"215\" srcset=\"https:\/\/memoriasdehacienda.institutomora.edu.mx\/wp-content\/uploads\/pina.jpg 171w, https:\/\/memoriasdehacienda.institutomora.edu.mx\/wp-content\/uploads\/pina-119x150.jpg 119w\" sizes=\"(max-width: 171px) 100vw, 171px\" \/>\u00a0 Del 11 de septiembre de 1848 al 22 de marzo de 1849.<\/p>\n<p>Del 25 de mayo al 1\u00b0 de septiembre de 1851.<\/p>\n<p>&nbsp;<\/p>\n<p>Naci\u00f3 en la ciudad de M\u00e9xico; estudi\u00f3 la carrera de leyes y se titul\u00f3 en el Colegio de Abogados (1833). Uno de sus primeros empleos dentro del gobierno fue el de administrador de la aduana mar\u00edtima de Matamoros (1839); tiempo despu\u00e9s present\u00f3 una iniciativa para la fundaci\u00f3n de un banco nacional que manejase la deuda exterior e interior (22 de septiembre de 1844). Particip\u00f3, junto con Jos\u00e9 de la Fuente y Manuel Payno y Bustamante, como miembro de la Junta Superior de Hacienda (1846). Estuvo encargado de la Administraci\u00f3n de Rentas de la Ciudad de M\u00e9xico, y, m\u00e1s adelante, fue administrador principal de contribuciones directas del Distrito Federal (1847). Jos\u00e9 Joaqu\u00edn de Herrera le conf\u00eda la Secretar\u00eda de Hacienda (11 de septiembre de 1848), la cual atravesaba por una situaci\u00f3n de bancarrota. La C\u00e1mara de Diputados aprob\u00f3 su proyecto de ley para establecer una banco nacional (octubre de 1848). A pesar de que su proceder estuvo encaminado para mejorar las finanzas p\u00fablicas fue atacado por la prensa y por miembros del Congreso; por ello renunci\u00f3 a su puesto (22 de marzo de 1849).<a title=\"\" href=\"http:\/\/memoriasdehacienda.colmex.mx\/index.php\/200#_ftn1\">[1]<\/a>\u00a0Fue electo senador suplente por el Estado de Yucat\u00e1n (1849). Durante el gobierno de Mariano Arista se le nombr\u00f3 nuevamente ministro de Hacienda (26 de mayo de 1851). Entonces su gesti\u00f3n se dirigi\u00f3, de acuerdo con el plan general del partido conservador, a la centralizaci\u00f3n de las rentas, lo que impidieron los gobiernos de estatales. Con la idea de buscar una soluci\u00f3n a la crisis financiera del gobierno nacional organiz\u00f3 una reuni\u00f3n junto con gobernadores de algunos Estados, pero el evento concluy\u00f3 sin resultado positivo alguno (en agosto de 1851). Ante esta situaci\u00f3n abandon\u00f3 el Ministerio (1\u00ba de septiembre de 1851). Lleg\u00f3 a ser miembro de la c\u00e1mara de diputados representando al Estado de Guerrero (octubre de 1851); durante el Segundo Imperio de Maximiliano particip\u00f3 en la Junta de Notables y perteneci\u00f3 a la Junta de Colonizaci\u00f3n. Despu\u00e9s de la restauraci\u00f3n de la Rep\u00fablica dedic\u00f3 su tiempo a asuntos personales. Muri\u00f3 en la ciudad de M\u00e9xico.<a title=\"\" href=\"http:\/\/memoriasdehacienda.colmex.mx\/index.php\/200#_ftn2\">[2]<\/a><\/p>\n<div><br clear=\"all\" \/><\/p>\n<hr size=\"1\" width=\"33%\" \/>\n<div>\n<p class=\"Textodenotaalpie\">\u00a0\u00a0\u00a0\u00a0[1]\u00a0\u00a0\u00a0\u00a0\u00a0\u00a0\u00a0 &#8220;El 21 de abril inmediato se produce un altercado entre Francisco de P. Arrangoiz, su sucesor en el ministerio, y Luis G. Cuevas, por diferencias de criterio con respecto a su actuaci\u00f3n en Hacienda. Poco despu\u00e9s, por los ataques que se dirigen en los peri\u00f3dicos, es acusado, junto con Cuevas, ante el gran jurado de la C\u00e1mara de Diputados.&#8221; C\u00e1rdenas de la Pe\u00f1a, vol.2, pp.133.<\/p>\n<\/div>\n<div>\n<p class=\"Textodenotaalpie\">\u00a0\u00a0\u00a0\u00a0[2]\u00a0\u00a0\u00a0\u00a0\u00a0\u00a0\u00a0\u00a0Ibid.<\/p>\n<\/div>\n<\/div>\n","protected":false},"excerpt":{"rendered":"<p>Ministro de Hacienda: \u00a0 Del 11 de septiembre de 1848 al 22 de marzo de 1849. Del 25 de mayo al 1\u00b0 de septiembre de 1851. &nbsp; Naci\u00f3 en la ciudad de M\u00e9xico; estudi\u00f3 la carrera de leyes y se titul\u00f3 en el Colegio de Abogados (1833). Uno de sus primeros empleos dentro del gobierno<\/p>\n<p><a href=\"https:\/\/memoriasdehacienda.institutomora.edu.mx\/?page_id=7786\" class=\"more-link themebutton\">Read More<\/a><\/p>\n","protected":false},"author":1,"featured_media":0,"parent":0,"menu_order":0,"comment_status":"closed","ping_status":"closed","template":"","meta":[],"_links":{"self":[{"href":"https:\/\/memoriasdehacienda.institutomora.edu.mx\/index.php?rest_route=\/wp\/v2\/pages\/7786"}],"collection":[{"href":"https:\/\/memoriasdehacienda.institutomora.edu.mx\/index.php?rest_route=\/wp\/v2\/pages"}],"about":[{"href":"https:\/\/memoriasdehacienda.institutomora.edu.mx\/index.php?rest_route=\/wp\/v2\/types\/page"}],"author":[{"embeddable":true,"href":"https:\/\/memoriasdehacienda.institutomora.edu.mx\/index.php?rest_route=\/wp\/v2\/users\/1"}],"replies":[{"embeddable":true,"href":"https:\/\/memoriasdehacienda.institutomora.edu.mx\/index.php?rest_route=%2Fwp%2Fv2%2Fcomments&post=7786"}],"version-history":[{"count":1,"href":"https:\/\/memoriasdehacienda.institutomora.edu.mx\/index.php?rest_route=\/wp\/v2\/pages\/7786\/revisions"}],"predecessor-version":[{"id":7788,"href":"https:\/\/memoriasdehacienda.institutomora.edu.mx\/index.php?rest_route=\/wp\/v2\/pages\/7786\/revisions\/7788"}],"wp:attachment":[{"href":"https:\/\/memoriasdehacienda.institutomora.edu.mx\/index.php?rest_route=%2Fwp%2Fv2%2Fmedia&parent=7786"}],"curies":[{"name":"wp","href":"https:\/\/api.w.org\/{rel}","templated":true}]}}

Piña y Cuevas, Manuel (1804-1877)

<p>Ministro de Hacienda:</p>
<p><img loading="lazy" class="size-full wp-image-7787 alignright" src="https://memoriasdehacienda.institutomora.edu.mx/wp-content/uploads/pina.jpg" alt="pina" width="171" height="215" srcset="https://memoriasdehacienda.institutomora.edu.mx/wp-content/uploads/pina.jpg 171w, https://memoriasdehacienda.institutomora.edu.mx/wp-content/uploads/pina-119x150.jpg 119w" sizes="(max-width: 171px) 100vw, 171px" />  Del 11 de septiembre de 1848 al 22 de marzo de 1849.</p>
<p>Del 25 de mayo al 1° de septiembre de 1851.</p>
<p>&nbsp;</p>
<p>Nació en la ciudad de México; estudió la carrera de leyes y se tituló en el Colegio de Abogados (1833). Uno de sus primeros empleos dentro del gobierno fue el de administrador de la aduana marítima de Matamoros (1839); tiempo después presentó una iniciativa para la fundación de un banco nacional que manejase la deuda exterior e interior (22 de septiembre de 1844). Participó, junto con José de la Fuente y Manuel Payno y Bustamante, como miembro de la Junta Superior de Hacienda (1846). Estuvo encargado de la Administración de Rentas de la Ciudad de México, y, más adelante, fue administrador principal de contribuciones directas del Distrito Federal (1847). José Joaquín de Herrera le confía la Secretaría de Hacienda (11 de septiembre de 1848), la cual atravesaba por una situación de bancarrota. La Cámara de Diputados aprobó su proyecto de ley para establecer una banco nacional (octubre de 1848). A pesar de que su proceder estuvo encaminado para mejorar las finanzas públicas fue atacado por la prensa y por miembros del Congreso; por ello renunció a su puesto (22 de marzo de 1849).<a title="" href="http://memoriasdehacienda.colmex.mx/index.php/200#_ftn1">[1]</a> Fue electo senador suplente por el Estado de Yucatán (1849). Durante el gobierno de Mariano Arista se le nombró nuevamente ministro de Hacienda (26 de mayo de 1851). Entonces su gestión se dirigió, de acuerdo con el plan general del partido conservador, a la centralización de las rentas, lo que impidieron los gobiernos de estatales. Con la idea de buscar una solución a la crisis financiera del gobierno nacional organizó una reunión junto con gobernadores de algunos Estados, pero el evento concluyó sin resultado positivo alguno (en agosto de 1851). Ante esta situación abandonó el Ministerio (1º de septiembre de 1851). Llegó a ser miembro de la cámara de diputados representando al Estado de Guerrero (octubre de 1851); durante el Segundo Imperio de Maximiliano participó en la Junta de Notables y perteneció a la Junta de Colonización. Después de la restauración de la República dedicó su tiempo a asuntos personales. Murió en la ciudad de México.<a title="" href="http://memoriasdehacienda.colmex.mx/index.php/200#_ftn2">[2]</a></p>
<div><br clear="all" /></p>
<hr size="1" width="33%" />
<div>
<p class="Textodenotaalpie">    [1]        &#8220;El 21 de abril inmediato se produce un altercado entre Francisco de P. Arrangoiz, su sucesor en el ministerio, y Luis G. Cuevas, por diferencias de criterio con respecto a su actuación en Hacienda. Poco después, por los ataques que se dirigen en los periódicos, es acusado, junto con Cuevas, ante el gran jurado de la Cámara de Diputados.&#8221; Cárdenas de la Peña, vol.2, pp.133.</p>
</div>
<div>
<p class="Textodenotaalpie">    [2]        Ibid.</p>
</div>
</div>

<p>Ministro de Hacienda:   Del 11 de septiembre de 1848 al 22 de marzo de 1849. Del 25 de mayo al 1° de septiembre de 1851. &nbsp; Nació en la ciudad de México; estudió la carrera de leyes y se tituló en el Colegio de Abogados (1833). Uno de sus primeros empleos dentro del gobierno</p>
<p><a href="https://memoriasdehacienda.institutomora.edu.mx/?page_id=7786" class="more-link themebutton">Read More</a></p>
