{"id":7854,"date":"2017-03-01T14:41:31","date_gmt":"2017-03-01T20:41:31","guid":{"rendered":"http:\/\/memoriasdehacienda.colmex.mx\/mhwp\/?page_id=7854"},"modified":"2017-03-01T14:41:31","modified_gmt":"2017-03-01T20:41:31","slug":"zamacona-manuel-maria-de","status":"publish","type":"page","link":"https:\/\/memoriasdehacienda.institutomora.edu.mx\/?page_id=7854","title":{"rendered":"Zamacona, Manuel Mar\u00eda de"},"content":{"rendered":"<div class=\"mainmiddle-wrapper-m\">\n<div class=\"contentleft-bg\">\n<div class=\"contentright-bg\">\n<div id=\"mainmiddle\">\n<div id=\"mainmiddle-expand\">\n<div id=\"content\">\n<div id=\"content-shift\">\n<div class=\"content-wrapper\">\n<div class=\"floatbox\">\n<div id=\"system\" class=\"\">\n<div class=\"item\">\n<div class=\"content\">\n<p>Encargado de Hacienda:<\/p>\n<p>Del 12 al 13 de noviembre.<\/p>\n<p>&nbsp;<\/p>\n<p>El cargo lo ejerci\u00f3 cuando Benito Ju\u00e1rez fue presidente por primera ocasi\u00f3n.<\/p>\n<\/div>\n<\/div>\n<\/div>\n<\/div>\n<\/div>\n<\/div>\n<\/div>\n<\/div>\n<\/div>\n<\/div>\n<\/div>\n<\/div>\n<div class=\"mainmiddle-wrapper-bl\"><\/div>\n","protected":false},"excerpt":{"rendered":"<p>Encargado de Hacienda: Del 12 al 13 de noviembre. &nbsp; El cargo lo ejerci\u00f3 cuando Benito Ju\u00e1rez fue presidente por primera ocasi\u00f3n.<\/p>\n","protected":false},"author":1,"featured_media":0,"parent":0,"menu_order":0,"comment_status":"closed","ping_status":"closed","template":"","meta":[],"_links":{"self":[{"href":"https:\/\/memoriasdehacienda.institutomora.edu.mx\/index.php?rest_route=\/wp\/v2\/pages\/7854"}],"collection":[{"href":"https:\/\/memoriasdehacienda.institutomora.edu.mx\/index.php?rest_route=\/wp\/v2\/pages"}],"about":[{"href":"https:\/\/memoriasdehacienda.institutomora.edu.mx\/index.php?rest_route=\/wp\/v2\/types\/page"}],"author":[{"embeddable":true,"href":"https:\/\/memoriasdehacienda.institutomora.edu.mx\/index.php?rest_route=\/wp\/v2\/users\/1"}],"replies":[{"embeddable":true,"href":"https:\/\/memoriasdehacienda.institutomora.edu.mx\/index.php?rest_route=%2Fwp%2Fv2%2Fcomments&post=7854"}],"version-history":[{"count":1,"href":"https:\/\/memoriasdehacienda.institutomora.edu.mx\/index.php?rest_route=\/wp\/v2\/pages\/7854\/revisions"}],"predecessor-version":[{"id":7855,"href":"https:\/\/memoriasdehacienda.institutomora.edu.mx\/index.php?rest_route=\/wp\/v2\/pages\/7854\/revisions\/7855"}],"wp:attachment":[{"href":"https:\/\/memoriasdehacienda.institutomora.edu.mx\/index.php?rest_route=%2Fwp%2Fv2%2Fmedia&parent=7854"}],"curies":[{"name":"wp","href":"https:\/\/api.w.org\/{rel}","templated":true}]}}

Zamacona, Manuel María de

<div class="mainmiddle-wrapper-m">
<div class="contentleft-bg">
<div class="contentright-bg">
<div id="mainmiddle">
<div id="mainmiddle-expand">
<div id="content">
<div id="content-shift">
<div class="content-wrapper">
<div class="floatbox">
<div id="system" class="">
<div class="item">
<div class="content">
<p>Encargado de Hacienda:</p>
<p>Del 12 al 13 de noviembre.</p>
<p>&nbsp;</p>
<p>El cargo lo ejerció cuando Benito Juárez fue presidente por primera ocasión.</p>
</div>
</div>
</div>
</div>
</div>
</div>
</div>
</div>
</div>
</div>
</div>
</div>
<div class="mainmiddle-wrapper-bl"></div>

<p>Encargado de Hacienda: Del 12 al 13 de noviembre. &nbsp; El cargo lo ejerció cuando Benito Juárez fue presidente por primera ocasión.</p>
